{"version":"1.0","provider_name":"Festival du Livre de Jeunesse Occitanie","provider_url":"https:\/\/festival-livre-jeunesse.fr\/2021","author_name":"festival","author_url":"https:\/\/festival-livre-jeunesse.fr\/2021\/author\/festival\/","title":"Laura Fanelli - Festival du Livre de Jeunesse Occitanie","type":"rich","width":600,"height":338,"html":"<blockquote class=\"wp-embedded-content\" data-secret=\"KsT85EgZQo\"><a href=\"https:\/\/festival-livre-jeunesse.fr\/2021\/laura-fanelli\/\">Laura Fanelli<\/a><\/blockquote><iframe sandbox=\"allow-scripts\" security=\"restricted\" src=\"https:\/\/festival-livre-jeunesse.fr\/2021\/laura-fanelli\/embed\/#?secret=KsT85EgZQo\" width=\"600\" height=\"338\" title=\"\u00ab\u00a0Laura Fanelli\u00a0\u00bb &#8212; Festival du Livre de Jeunesse Occitanie\" data-secret=\"KsT85EgZQo\" frameborder=\"0\" marginwidth=\"0\" marginheight=\"0\" scrolling=\"no\" class=\"wp-embedded-content\"><\/iframe><script>\n\/*! This file is auto-generated *\/\n!function(d,l){\"use strict\";l.querySelector&&d.addEventListener&&\"undefined\"!=typeof URL&&(d.wp=d.wp||{},d.wp.receiveEmbedMessage||(d.wp.receiveEmbedMessage=function(e){var t=e.data;if((t||t.secret||t.message||t.value)&&!\/[^a-zA-Z0-9]\/.test(t.secret)){for(var s,r,n,a=l.querySelectorAll('iframe[data-secret=\"'+t.secret+'\"]'),o=l.querySelectorAll('blockquote[data-secret=\"'+t.secret+'\"]'),c=new RegExp(\"^https?:$\",\"i\"),i=0;i<o.length;i++)o[i].style.display=\"none\";for(i=0;i<a.length;i++)s=a[i],e.source===s.contentWindow&&(s.removeAttribute(\"style\"),\"height\"===t.message?(1e3<(r=parseInt(t.value,10))?r=1e3:~~r<200&&(r=200),s.height=r):\"link\"===t.message&&(r=new URL(s.getAttribute(\"src\")),n=new URL(t.value),c.test(n.protocol))&&n.host===r.host&&l.activeElement===s&&(d.top.location.href=t.value))}},d.addEventListener(\"message\",d.wp.receiveEmbedMessage,!1),l.addEventListener(\"DOMContentLoaded\",function(){for(var e,t,s=l.querySelectorAll(\"iframe.wp-embedded-content\"),r=0;r<s.length;r++)(t=(e=s[r]).getAttribute(\"data-secret\"))||(t=Math.random().toString(36).substring(2,12),e.src+=\"#?secret=\"+t,e.setAttribute(\"data-secret\",t)),e.contentWindow.postMessage({message:\"ready\",secret:t},\"*\")},!1)))}(window,document);\n\/\/# sourceURL=https:\/\/festival-livre-jeunesse.fr\/2021\/wp-includes\/js\/wp-embed.min.js\n<\/script>\n","description":"\u00a0\u00a0\u00a0\u00a0\u00a0\u00a0Graphiste et illustratrice italienne bas\u00e9e \u00e0 Toulouse,\u00a0Laura Fanelli\u00a0a \u00e9tudi\u00e9 la communication visuelle \u00e0 l\u2019ISIA, Urbino en Italie et \u00e0 l\u2019ESA Institut Saint Luc \u00e0 Bruxelles.Apr\u00e8s avoir travaill\u00e9 comme graphiste dans des agences de Bruxelles, Rome, La Corogne ou Bergame, elle travaille actuellement \u00e0 Toulouse au sein du collectif de l\u2019Atelier du canap\u00e9\u00a0o\u00f9 sont organis\u00e9s des &hellip;  Lire la suite\u00a0\u00bb","thumbnail_url":"http:\/\/festival-livre-jeunesse.fr\/2021\/wp-content\/uploads\/2020\/08\/Laura-Fanelli.png"}

Graphiste et illustratrice italienne basée à Toulouse, Laura Fanelli a étudié la communication visuelle à l’ISIA, Urbino en Italie et à l’ESA Institut Saint Luc à Bruxelles.Après avoir travaillé comme graphiste dans des agences de Bruxelles, Rome, La Corogne ou Bergame, elle travaille actuellement à Toulouse au sein du collectif de l’Atelier du canapé où sont organisés des &hellip;  Lire la suite »
