{"version":"1.0","provider_name":"Festival du Livre de Jeunesse Occitanie","provider_url":"https:\/\/festival-livre-jeunesse.fr\/2021","author_name":"festival","author_url":"https:\/\/festival-livre-jeunesse.fr\/2021\/author\/festival\/","title":"Sophie Van der Linden - Festival du Livre de Jeunesse Occitanie","type":"rich","width":600,"height":338,"html":"<blockquote class=\"wp-embedded-content\" data-secret=\"ILHtFa0vZe\"><a href=\"https:\/\/festival-livre-jeunesse.fr\/2021\/sophie-van-der-linden\/\">Sophie Van der Linden<\/a><\/blockquote><iframe sandbox=\"allow-scripts\" security=\"restricted\" src=\"https:\/\/festival-livre-jeunesse.fr\/2021\/sophie-van-der-linden\/embed\/#?secret=ILHtFa0vZe\" width=\"600\" height=\"338\" title=\"\u00ab\u00a0Sophie Van der Linden\u00a0\u00bb &#8212; Festival du Livre de Jeunesse Occitanie\" data-secret=\"ILHtFa0vZe\" frameborder=\"0\" marginwidth=\"0\" marginheight=\"0\" scrolling=\"no\" class=\"wp-embedded-content\"><\/iframe><script>\n\/*! This file is auto-generated *\/\n!function(d,l){\"use strict\";l.querySelector&&d.addEventListener&&\"undefined\"!=typeof URL&&(d.wp=d.wp||{},d.wp.receiveEmbedMessage||(d.wp.receiveEmbedMessage=function(e){var t=e.data;if((t||t.secret||t.message||t.value)&&!\/[^a-zA-Z0-9]\/.test(t.secret)){for(var s,r,n,a=l.querySelectorAll('iframe[data-secret=\"'+t.secret+'\"]'),o=l.querySelectorAll('blockquote[data-secret=\"'+t.secret+'\"]'),c=new RegExp(\"^https?:$\",\"i\"),i=0;i<o.length;i++)o[i].style.display=\"none\";for(i=0;i<a.length;i++)s=a[i],e.source===s.contentWindow&&(s.removeAttribute(\"style\"),\"height\"===t.message?(1e3<(r=parseInt(t.value,10))?r=1e3:~~r<200&&(r=200),s.height=r):\"link\"===t.message&&(r=new URL(s.getAttribute(\"src\")),n=new URL(t.value),c.test(n.protocol))&&n.host===r.host&&l.activeElement===s&&(d.top.location.href=t.value))}},d.addEventListener(\"message\",d.wp.receiveEmbedMessage,!1),l.addEventListener(\"DOMContentLoaded\",function(){for(var e,t,s=l.querySelectorAll(\"iframe.wp-embedded-content\"),r=0;r<s.length;r++)(t=(e=s[r]).getAttribute(\"data-secret\"))||(t=Math.random().toString(36).substring(2,12),e.src+=\"#?secret=\"+t,e.setAttribute(\"data-secret\",t)),e.contentWindow.postMessage({message:\"ready\",secret:t},\"*\")},!1)))}(window,document);\n\/\/# sourceURL=https:\/\/festival-livre-jeunesse.fr\/2021\/wp-includes\/js\/wp-embed.min.js\n<\/script>\n","description":"Sophie Van der Linden Sophie Van der Linden est une romanci\u00e8re et critique. Son travail critique se sp\u00e9cialise dans la litt\u00e9rature pour la jeunesse, depuis la publication de son premier ouvrage critique en 2000 \u00ab\u00a0Claude Ponti\u00ab\u00a0, \u00e9ditions \u00catre, Prix de la critique en litt\u00e9rature pour la jeunesse. Sophie Van der Linden a depuis publi\u00e9 d&rsquo;autres &hellip;  Lire la suite\u00a0\u00bb","thumbnail_url":"http:\/\/festival-livre-jeunesse.fr\/2021\/wp-content\/uploads\/2020\/11\/Sophie-Van-der-Linden.jpg"}

Sophie Van der Linden Sophie Van der Linden est une romancière et critique. Son travail critique se spécialise dans la littérature pour la jeunesse, depuis la publication de son premier ouvrage critique en 2000 « Claude Ponti« , éditions Être, Prix de la critique en littérature pour la jeunesse. Sophie Van der Linden a depuis publié d&rsquo;autres &hellip;  Lire la suite »
