{"id":1033,"date":"2020-09-13T18:28:59","date_gmt":"2020-09-13T16:28:59","guid":{"rendered":"http:\/\/festival-livre-jeunesse.fr\/2021\/?page_id=1033"},"modified":"2020-09-24T22:17:12","modified_gmt":"2020-09-24T20:17:12","slug":"sylvie-deshors-2","status":"publish","type":"page","link":"https:\/\/festival-livre-jeunesse.fr\/2021\/sylvie-deshors-2\/","title":{"rendered":"Sylvie Deshors"},"content":{"rendered":"\t\t<div data-elementor-type=\"wp-page\" data-elementor-id=\"1033\" class=\"elementor elementor-1033\">\n\t\t\t\t\t\t<section class=\"elementor-section elementor-top-section elementor-element elementor-element-fcd1218 elementor-section-boxed elementor-section-height-default elementor-section-height-default\" data-id=\"fcd1218\" data-element_type=\"section\" data-e-type=\"section\">\n\t\t\t\t\t\t<div class=\"elementor-container elementor-column-gap-default\">\n\t\t\t\t\t<div class=\"elementor-column elementor-col-50 elementor-top-column elementor-element elementor-element-6589453\" data-id=\"6589453\" data-element_type=\"column\" data-e-type=\"column\">\n\t\t\t<div class=\"elementor-widget-wrap elementor-element-populated\">\n\t\t\t\t\t\t<div class=\"elementor-element elementor-element-c2d4680 elementor-widget elementor-widget-image\" data-id=\"c2d4680\" data-element_type=\"widget\" data-e-type=\"widget\" data-widget_type=\"image.default\">\n\t\t\t\t<div class=\"elementor-widget-container\">\n\t\t\t\t\t\t\t\t\t\t\t\t\t\t\t\t<a href=\"https:\/\/www.ricochet-jeunes.org\/auteurs\/sylvie-deshors\">\n\t\t\t\t\t\t\t<img fetchpriority=\"high\" decoding=\"async\" width=\"280\" height=\"350\" src=\"https:\/\/festival-livre-jeunesse.fr\/2021\/wp-content\/uploads\/2020\/09\/Sylvie-Deshors.png\" class=\"attachment-medium size-medium wp-image-984\" alt=\"\" \/>\t\t\t\t\t\t\t\t<\/a>\n\t\t\t\t\t\t\t\t\t\t\t\t\t\t\t<\/div>\n\t\t\t\t<\/div>\n\t\t\t\t\t<\/div>\n\t\t<\/div>\n\t\t\t\t<div class=\"elementor-column elementor-col-50 elementor-top-column elementor-element elementor-element-a314f87\" data-id=\"a314f87\" data-element_type=\"column\" data-e-type=\"column\">\n\t\t\t<div class=\"elementor-widget-wrap elementor-element-populated\">\n\t\t\t\t\t\t<div class=\"elementor-element elementor-element-e05f2db elementor-widget elementor-widget-heading\" data-id=\"e05f2db\" data-element_type=\"widget\" data-e-type=\"widget\" data-widget_type=\"heading.default\">\n\t\t\t\t<div class=\"elementor-widget-container\">\n\t\t\t\t\t<h1 class=\"elementor-heading-title elementor-size-xl\">Sylvie Deshors<\/h1>\t\t\t\t<\/div>\n\t\t\t\t<\/div>\n\t\t\t\t<div class=\"elementor-element elementor-element-00cea0c elementor-widget elementor-widget-text-editor\" data-id=\"00cea0c\" data-element_type=\"widget\" data-e-type=\"widget\" data-widget_type=\"text-editor.default\">\n\t\t\t\t<div class=\"elementor-widget-container\">\n\t\t\t\t\t\t\t\t\t<p>N\u00e9e en 1957, Sylvie Deshors est une autrice jeunesse reconnue. Observatrice minutieuse du monde contemporain, Sylvie Deshors saisit avec justesse la complexit\u00e9 du r\u00e9el. Dans ses romans, les jeunes lecteurs sont imm\u00e9diatement plong\u00e9s dans des ambiances de roman noir o\u00f9 les meurtres et les disparitions myst\u00e9rieuses sont monnaie courante. Elle ne se limite cependant pas au polar et d\u00e9veloppe aussi des histoires plus personnelles et intimes, en employant des voix \u00e0 la premi\u00e8re personne qui r\u00e9v\u00e8lent les affres de l\u2019adolescence et la po\u00e9sie parfois rude de l\u2019enfance.<o:p><\/o:p><\/p>\n<p>Son premier roman publi\u00e9 en doado, Anges de Berlin (2007) a re\u00e7u le prix du Polar jeunesse au Festival de Cognac. Depuis, elle a publi\u00e9 de nombreux romans pour les ados au Rouergue.<o:p><\/o:p><\/p>\n<p><o:p>&nbsp;<\/o:p><\/p>\n<h1><u>Les derni\u00e8res parutions<\/u><\/h1>\n<ul>\n<li><span style=\"font-size: 12px; text-indent: -18pt;\"><b>La vall\u00e9e des merveilles<\/b>, Editions du Rouergue, 2020<\/span><\/li>\n<li><b style=\"font-style: inherit;\"><a href=\"https:\/\/www.ricochet-jeunes.org\/livres\/mes-nuits-la-caravane\"><span style=\"color: windowtext;\">Mes nuits \u00e0 la caravane<\/span><\/a><\/b><span style=\"font-size: 12px;\">, Editions du Rouergue, 2018<\/span><\/li>\n<li><b style=\"font-style: inherit; text-indent: -18pt;\">La maison en haut du monde,<\/b><span style=\"font-size: 12px; text-indent: -18pt;\"> Editions Rue du Monde, 2019<\/span><\/li>\n<\/ul>\n<h1 style=\"margin: 0cm 0cm 6.4pt 36pt; text-indent: -18pt; background-image: initial; background-position: initial; background-size: initial; background-repeat: initial; background-attachment: initial; background-origin: initial; background-clip: initial;\"><br><\/h1>\t\t\t\t\t\t\t\t<\/div>\n\t\t\t\t<\/div>\n\t\t\t\t\t<\/div>\n\t\t<\/div>\n\t\t\t\t\t<\/div>\n\t\t<\/section>\n\t\t\t\t<\/div>\n\t\t","protected":false},"excerpt":{"rendered":"<p>Sylvie Deshors N\u00e9e en 1957, Sylvie Deshors est une autrice jeunesse reconnue. Observatrice minutieuse du monde contemporain, Sylvie Deshors saisit avec justesse la complexit\u00e9 du r\u00e9el. Dans ses romans, les jeunes lecteurs sont imm\u00e9diatement plong\u00e9s dans des ambiances de roman noir o\u00f9 les meurtres et les disparitions myst\u00e9rieuses sont monnaie courante. Elle ne se limite &hellip;<\/p>\n<p class=\"read-more\"> <a class=\"\" href=\"https:\/\/festival-livre-jeunesse.fr\/2021\/sylvie-deshors-2\/\"> <span class=\"screen-reader-text\">Sylvie Deshors<\/span> Lire la suite\u00a0\u00bb<\/a><\/p>\n","protected":false},"author":1,"featured_media":0,"parent":0,"menu_order":0,"comment_status":"closed","ping_status":"closed","template":"","meta":{"_uag_custom_page_level_css":"","footnotes":""},"class_list":["post-1033","page","type-page","status-publish","hentry"],"yoast_head":"<!-- This site is optimized with the Yoast SEO plugin v25.3.1 - https:\/\/yoast.com\/wordpress\/plugins\/seo\/ -->\n<title>Sylvie Deshors - Festival du Livre de Jeunesse Occitanie<\/title>\n<meta name=\"robots\" content=\"index, follow, max-snippet:-1, max-image-preview:large, max-video-preview:-1\" \/>\n<link rel=\"canonical\" href=\"https:\/\/festival-livre-jeunesse.fr\/2021\/sylvie-deshors-2\/\" \/>\n<meta property=\"og:locale\" content=\"fr_FR\" \/>\n<meta property=\"og:type\" content=\"article\" \/>\n<meta property=\"og:title\" content=\"Sylvie Deshors - Festival du Livre de Jeunesse Occitanie\" \/>\n<meta property=\"og:description\" content=\"Sylvie Deshors N\u00e9e en 1957, Sylvie Deshors est une autrice jeunesse reconnue. Observatrice minutieuse du monde contemporain, Sylvie Deshors saisit avec justesse la complexit\u00e9 du r\u00e9el. Dans ses romans, les jeunes lecteurs sont imm\u00e9diatement plong\u00e9s dans des ambiances de roman noir o\u00f9 les meurtres et les disparitions myst\u00e9rieuses sont monnaie courante. Elle ne se limite &hellip; Sylvie Deshors Lire la suite\u00a0\u00bb\" \/>\n<meta property=\"og:url\" content=\"https:\/\/festival-livre-jeunesse.fr\/2021\/sylvie-deshors-2\/\" \/>\n<meta property=\"og:site_name\" content=\"Festival du Livre de Jeunesse Occitanie\" \/>\n<meta property=\"article:modified_time\" content=\"2020-09-24T20:17:12+00:00\" \/>\n<meta property=\"og:image\" content=\"http:\/\/festival-livre-jeunesse.fr\/2021\/wp-content\/uploads\/2020\/09\/Sylvie-Deshors.png\" \/>\n<meta name=\"twitter:card\" content=\"summary_large_image\" \/>\n<meta name=\"twitter:label1\" content=\"Dur\u00e9e de lecture estim\u00e9e\" \/>\n\t<meta name=\"twitter:data1\" content=\"1 minute\" \/>\n<script type=\"application\/ld+json\" class=\"yoast-schema-graph\">{\"@context\":\"https:\/\/schema.org\",\"@graph\":[{\"@type\":\"WebPage\",\"@id\":\"https:\/\/festival-livre-jeunesse.fr\/2021\/sylvie-deshors-2\/\",\"url\":\"https:\/\/festival-livre-jeunesse.fr\/2021\/sylvie-deshors-2\/\",\"name\":\"Sylvie Deshors - Festival du Livre de Jeunesse Occitanie\",\"isPartOf\":{\"@id\":\"https:\/\/festival-livre-jeunesse.fr\/2021\/#website\"},\"primaryImageOfPage\":{\"@id\":\"https:\/\/festival-livre-jeunesse.fr\/2021\/sylvie-deshors-2\/#primaryimage\"},\"image\":{\"@id\":\"https:\/\/festival-livre-jeunesse.fr\/2021\/sylvie-deshors-2\/#primaryimage\"},\"thumbnailUrl\":\"http:\/\/festival-livre-jeunesse.fr\/2021\/wp-content\/uploads\/2020\/09\/Sylvie-Deshors.png\",\"datePublished\":\"2020-09-13T16:28:59+00:00\",\"dateModified\":\"2020-09-24T20:17:12+00:00\",\"breadcrumb\":{\"@id\":\"https:\/\/festival-livre-jeunesse.fr\/2021\/sylvie-deshors-2\/#breadcrumb\"},\"inLanguage\":\"fr-FR\",\"potentialAction\":[{\"@type\":\"ReadAction\",\"target\":[\"https:\/\/festival-livre-jeunesse.fr\/2021\/sylvie-deshors-2\/\"]}]},{\"@type\":\"ImageObject\",\"inLanguage\":\"fr-FR\",\"@id\":\"https:\/\/festival-livre-jeunesse.fr\/2021\/sylvie-deshors-2\/#primaryimage\",\"url\":\"http:\/\/festival-livre-jeunesse.fr\/2021\/wp-content\/uploads\/2020\/09\/Sylvie-Deshors.png\",\"contentUrl\":\"http:\/\/festival-livre-jeunesse.fr\/2021\/wp-content\/uploads\/2020\/09\/Sylvie-Deshors.png\"},{\"@type\":\"BreadcrumbList\",\"@id\":\"https:\/\/festival-livre-jeunesse.fr\/2021\/sylvie-deshors-2\/#breadcrumb\",\"itemListElement\":[{\"@type\":\"ListItem\",\"position\":1,\"name\":\"Accueil\",\"item\":\"https:\/\/festival-livre-jeunesse.fr\/2021\/\"},{\"@type\":\"ListItem\",\"position\":2,\"name\":\"Sylvie Deshors\"}]},{\"@type\":\"WebSite\",\"@id\":\"https:\/\/festival-livre-jeunesse.fr\/2021\/#website\",\"url\":\"https:\/\/festival-livre-jeunesse.fr\/2021\/\",\"name\":\"Festival du Livre de Jeunesse Occitanie\",\"description\":\"19\u00e8me \u00e9dition\",\"potentialAction\":[{\"@type\":\"SearchAction\",\"target\":{\"@type\":\"EntryPoint\",\"urlTemplate\":\"https:\/\/festival-livre-jeunesse.fr\/2021\/?s={search_term_string}\"},\"query-input\":{\"@type\":\"PropertyValueSpecification\",\"valueRequired\":true,\"valueName\":\"search_term_string\"}}],\"inLanguage\":\"fr-FR\"}]}<\/script>\n<!-- \/ Yoast SEO plugin. -->","yoast_head_json":{"title":"Sylvie Deshors - Festival du Livre de Jeunesse Occitanie","robots":{"index":"index","follow":"follow","max-snippet":"max-snippet:-1","max-image-preview":"max-image-preview:large","max-video-preview":"max-video-preview:-1"},"canonical":"https:\/\/festival-livre-jeunesse.fr\/2021\/sylvie-deshors-2\/","og_locale":"fr_FR","og_type":"article","og_title":"Sylvie Deshors - Festival du Livre de Jeunesse Occitanie","og_description":"Sylvie Deshors N\u00e9e en 1957, Sylvie Deshors est une autrice jeunesse reconnue. Observatrice minutieuse du monde contemporain, Sylvie Deshors saisit avec justesse la complexit\u00e9 du r\u00e9el. Dans ses romans, les jeunes lecteurs sont imm\u00e9diatement plong\u00e9s dans des ambiances de roman noir o\u00f9 les meurtres et les disparitions myst\u00e9rieuses sont monnaie courante. Elle ne se limite &hellip; Sylvie Deshors Lire la suite\u00a0\u00bb","og_url":"https:\/\/festival-livre-jeunesse.fr\/2021\/sylvie-deshors-2\/","og_site_name":"Festival du Livre de Jeunesse Occitanie","article_modified_time":"2020-09-24T20:17:12+00:00","og_image":[{"url":"http:\/\/festival-livre-jeunesse.fr\/2021\/wp-content\/uploads\/2020\/09\/Sylvie-Deshors.png","type":"","width":"","height":""}],"twitter_card":"summary_large_image","twitter_misc":{"Dur\u00e9e de lecture estim\u00e9e":"1 minute"},"schema":{"@context":"https:\/\/schema.org","@graph":[{"@type":"WebPage","@id":"https:\/\/festival-livre-jeunesse.fr\/2021\/sylvie-deshors-2\/","url":"https:\/\/festival-livre-jeunesse.fr\/2021\/sylvie-deshors-2\/","name":"Sylvie Deshors - Festival du Livre de Jeunesse Occitanie","isPartOf":{"@id":"https:\/\/festival-livre-jeunesse.fr\/2021\/#website"},"primaryImageOfPage":{"@id":"https:\/\/festival-livre-jeunesse.fr\/2021\/sylvie-deshors-2\/#primaryimage"},"image":{"@id":"https:\/\/festival-livre-jeunesse.fr\/2021\/sylvie-deshors-2\/#primaryimage"},"thumbnailUrl":"http:\/\/festival-livre-jeunesse.fr\/2021\/wp-content\/uploads\/2020\/09\/Sylvie-Deshors.png","datePublished":"2020-09-13T16:28:59+00:00","dateModified":"2020-09-24T20:17:12+00:00","breadcrumb":{"@id":"https:\/\/festival-livre-jeunesse.fr\/2021\/sylvie-deshors-2\/#breadcrumb"},"inLanguage":"fr-FR","potentialAction":[{"@type":"ReadAction","target":["https:\/\/festival-livre-jeunesse.fr\/2021\/sylvie-deshors-2\/"]}]},{"@type":"ImageObject","inLanguage":"fr-FR","@id":"https:\/\/festival-livre-jeunesse.fr\/2021\/sylvie-deshors-2\/#primaryimage","url":"http:\/\/festival-livre-jeunesse.fr\/2021\/wp-content\/uploads\/2020\/09\/Sylvie-Deshors.png","contentUrl":"http:\/\/festival-livre-jeunesse.fr\/2021\/wp-content\/uploads\/2020\/09\/Sylvie-Deshors.png"},{"@type":"BreadcrumbList","@id":"https:\/\/festival-livre-jeunesse.fr\/2021\/sylvie-deshors-2\/#breadcrumb","itemListElement":[{"@type":"ListItem","position":1,"name":"Accueil","item":"https:\/\/festival-livre-jeunesse.fr\/2021\/"},{"@type":"ListItem","position":2,"name":"Sylvie Deshors"}]},{"@type":"WebSite","@id":"https:\/\/festival-livre-jeunesse.fr\/2021\/#website","url":"https:\/\/festival-livre-jeunesse.fr\/2021\/","name":"Festival du Livre de Jeunesse Occitanie","description":"19\u00e8me \u00e9dition","potentialAction":[{"@type":"SearchAction","target":{"@type":"EntryPoint","urlTemplate":"https:\/\/festival-livre-jeunesse.fr\/2021\/?s={search_term_string}"},"query-input":{"@type":"PropertyValueSpecification","valueRequired":true,"valueName":"search_term_string"}}],"inLanguage":"fr-FR"}]}},"uagb_featured_image_src":{"full":false,"thumbnail":false,"medium":false,"medium_large":false,"large":false,"1536x1536":false,"2048x2048":false},"uagb_author_info":{"display_name":"festival","author_link":"https:\/\/festival-livre-jeunesse.fr\/2021\/author\/festival\/"},"uagb_comment_info":0,"uagb_excerpt":"Sylvie Deshors N\u00e9e en 1957, Sylvie Deshors est une autrice jeunesse reconnue. Observatrice minutieuse du monde contemporain, Sylvie Deshors saisit avec justesse la complexit\u00e9 du r\u00e9el. Dans ses romans, les jeunes lecteurs sont imm\u00e9diatement plong\u00e9s dans des ambiances de roman noir o\u00f9 les meurtres et les disparitions myst\u00e9rieuses sont monnaie courante. Elle ne se limite\u2026","_links":{"self":[{"href":"https:\/\/festival-livre-jeunesse.fr\/2021\/wp-json\/wp\/v2\/pages\/1033","targetHints":{"allow":["GET"]}}],"collection":[{"href":"https:\/\/festival-livre-jeunesse.fr\/2021\/wp-json\/wp\/v2\/pages"}],"about":[{"href":"https:\/\/festival-livre-jeunesse.fr\/2021\/wp-json\/wp\/v2\/types\/page"}],"author":[{"embeddable":true,"href":"https:\/\/festival-livre-jeunesse.fr\/2021\/wp-json\/wp\/v2\/users\/1"}],"replies":[{"embeddable":true,"href":"https:\/\/festival-livre-jeunesse.fr\/2021\/wp-json\/wp\/v2\/comments?post=1033"}],"version-history":[{"count":7,"href":"https:\/\/festival-livre-jeunesse.fr\/2021\/wp-json\/wp\/v2\/pages\/1033\/revisions"}],"predecessor-version":[{"id":2168,"href":"https:\/\/festival-livre-jeunesse.fr\/2021\/wp-json\/wp\/v2\/pages\/1033\/revisions\/2168"}],"wp:attachment":[{"href":"https:\/\/festival-livre-jeunesse.fr\/2021\/wp-json\/wp\/v2\/media?parent=1033"}],"curies":[{"name":"wp","href":"https:\/\/api.w.org\/{rel}","templated":true}]}}