{"id":1650,"date":"2020-09-17T18:00:22","date_gmt":"2020-09-17T16:00:22","guid":{"rendered":"http:\/\/festival-livre-jeunesse.fr\/2021\/?page_id=1650"},"modified":"2020-12-13T23:59:26","modified_gmt":"2020-12-13T22:59:26","slug":"passeport_pour_art","status":"publish","type":"page","link":"https:\/\/festival-livre-jeunesse.fr\/2021\/19eme-edition\/passeport_pour_art\/","title":{"rendered":"passeport pour l\u00a0\u00bbart"},"content":{"rendered":"\t\t<div data-elementor-type=\"wp-page\" data-elementor-id=\"1650\" class=\"elementor elementor-1650\">\n\t\t\t\t\t\t<section class=\"elementor-section elementor-top-section elementor-element elementor-element-233c916 elementor-section-boxed elementor-section-height-default elementor-section-height-default\" data-id=\"233c916\" data-element_type=\"section\" data-e-type=\"section\">\n\t\t\t\t\t\t<div class=\"elementor-container elementor-column-gap-no\">\n\t\t\t\t\t<div class=\"elementor-column elementor-col-16 elementor-top-column elementor-element elementor-element-bd0b652\" data-id=\"bd0b652\" data-element_type=\"column\" data-e-type=\"column\">\n\t\t\t<div class=\"elementor-widget-wrap\">\n\t\t\t\t\t\t\t<\/div>\n\t\t<\/div>\n\t\t\t\t<div class=\"elementor-column elementor-col-66 elementor-top-column elementor-element elementor-element-ff4896c\" data-id=\"ff4896c\" data-element_type=\"column\" data-e-type=\"column\">\n\t\t\t<div class=\"elementor-widget-wrap elementor-element-populated\">\n\t\t\t\t\t\t<div class=\"elementor-element elementor-element-871311d elementor-widget elementor-widget-heading\" data-id=\"871311d\" data-element_type=\"widget\" data-e-type=\"widget\" data-widget_type=\"heading.default\">\n\t\t\t\t<div class=\"elementor-widget-container\">\n\t\t\t\t\t<h2 class=\"elementor-heading-title elementor-size-default\">Passeport pour l'art<\/h2>\t\t\t\t<\/div>\n\t\t\t\t<\/div>\n\t\t\t\t<div class=\"elementor-element elementor-element-6020e64 elementor-widget elementor-widget-heading\" data-id=\"6020e64\" data-element_type=\"widget\" data-e-type=\"widget\" data-widget_type=\"heading.default\">\n\t\t\t\t<div class=\"elementor-widget-container\">\n\t\t\t\t\t<h1 class=\"elementor-heading-title elementor-size-medium\"><h5 class=\"elementor-heading-title elementor-size-default elementor-inline-editing pen\" data-elementor-setting-key=\"title\" data-pen-placeholder=\"\u00c9crivez ici...\" style=\"font-size: 1.38462rem;font-style: normal\">PROJET 2020\/2021<\/h5><\/h1>\t\t\t\t<\/div>\n\t\t\t\t<\/div>\n\t\t\t\t<div class=\"elementor-element elementor-element-3a3c984 elementor-widget elementor-widget-text-editor\" data-id=\"3a3c984\" data-element_type=\"widget\" data-e-type=\"widget\" data-widget_type=\"text-editor.default\">\n\t\t\t\t<div class=\"elementor-widget-container\">\n\t\t\t\t\t\t\t\t\t<p>Ce parcours propose de prendre de la distance avec un conte traditionnel pour cr\u00e9er de nouvelles interpr\u00e9tations.<\/p><p>L&rsquo;illustratrice, <strong>Laura Fanelli<\/strong>, expliquera aux enfants qu\u2019il n\u2019existe pas une seule fa\u00e7on de raconter la m\u00eame histoire \u00e0 partir\u00a0 d&rsquo;exemples et leur proposera de se l\u2019approprier pour la modifier, la moderniser, la tordre \u00e0 leur go\u00fbt. Le r\u00e9cit sera d\u00e9coup\u00e9 en \u00e9pisodes qui constitueront chacun une planche, illustr\u00e9e de mani\u00e8re individuelle par les enfants avec la technique propos\u00e9e par Laura Fanelli. Les planches seront assembl\u00e9es pour une pr\u00e9sentation sous forme de kamishibai, un petit th\u00e9\u00e2tre d\u2019images ambulant, d\u2019origine japonaise. La finalisation du projet passera par une\u00a0 mise en voix : les \u00e9l\u00e8ves deviendront conteurs et liront le conte \u00e0 leurs camarades.<\/p>\t\t\t\t\t\t\t\t<\/div>\n\t\t\t\t<\/div>\n\t\t\t\t\t<\/div>\n\t\t<\/div>\n\t\t\t\t<div class=\"elementor-column elementor-col-16 elementor-top-column elementor-element elementor-element-e7b4714\" data-id=\"e7b4714\" data-element_type=\"column\" data-e-type=\"column\">\n\t\t\t<div class=\"elementor-widget-wrap\">\n\t\t\t\t\t\t\t<\/div>\n\t\t<\/div>\n\t\t\t\t\t<\/div>\n\t\t<\/section>\n\t\t\t\t<section class=\"elementor-section elementor-top-section elementor-element elementor-element-08e76a0 elementor-section-boxed elementor-section-height-default elementor-section-height-default\" data-id=\"08e76a0\" data-element_type=\"section\" data-e-type=\"section\">\n\t\t\t\t\t\t<div class=\"elementor-container elementor-column-gap-no\">\n\t\t\t\t\t<div class=\"elementor-column elementor-col-16 elementor-top-column elementor-element elementor-element-be12f20\" data-id=\"be12f20\" data-element_type=\"column\" data-e-type=\"column\">\n\t\t\t<div class=\"elementor-widget-wrap\">\n\t\t\t\t\t\t\t<\/div>\n\t\t<\/div>\n\t\t\t\t<div class=\"elementor-column elementor-col-66 elementor-top-column elementor-element elementor-element-80fffe6\" data-id=\"80fffe6\" data-element_type=\"column\" data-e-type=\"column\">\n\t\t\t<div class=\"elementor-widget-wrap elementor-element-populated\">\n\t\t\t\t\t\t<div class=\"elementor-element elementor-element-daebd62 elementor-widget elementor-widget-heading\" data-id=\"daebd62\" data-element_type=\"widget\" data-e-type=\"widget\" data-widget_type=\"heading.default\">\n\t\t\t\t<div class=\"elementor-widget-container\">\n\t\t\t\t\t<h1 class=\"elementor-heading-title elementor-size-default\">LAURA FANELLI<\/h1>\t\t\t\t<\/div>\n\t\t\t\t<\/div>\n\t\t\t\t\t<\/div>\n\t\t<\/div>\n\t\t\t\t<div class=\"elementor-column elementor-col-16 elementor-top-column elementor-element elementor-element-48b2f29\" data-id=\"48b2f29\" data-element_type=\"column\" data-e-type=\"column\">\n\t\t\t<div class=\"elementor-widget-wrap elementor-element-populated\">\n\t\t\t\t\t\t\t<\/div>\n\t\t<\/div>\n\t\t\t\t\t<\/div>\n\t\t<\/section>\n\t\t\t\t<section class=\"elementor-section elementor-top-section elementor-element elementor-element-011cc33 elementor-section-boxed elementor-section-height-default elementor-section-height-default\" data-id=\"011cc33\" data-element_type=\"section\" data-e-type=\"section\">\n\t\t\t\t\t\t<div class=\"elementor-container elementor-column-gap-default\">\n\t\t\t\t\t<div class=\"elementor-column elementor-col-25 elementor-top-column elementor-element elementor-element-de11e33\" data-id=\"de11e33\" data-element_type=\"column\" data-e-type=\"column\">\n\t\t\t<div class=\"elementor-widget-wrap\">\n\t\t\t\t\t\t\t<\/div>\n\t\t<\/div>\n\t\t\t\t<div class=\"elementor-column elementor-col-25 elementor-top-column elementor-element elementor-element-0a8cbba\" data-id=\"0a8cbba\" data-element_type=\"column\" data-e-type=\"column\">\n\t\t\t<div class=\"elementor-widget-wrap elementor-element-populated\">\n\t\t\t\t\t\t<div class=\"elementor-element elementor-element-bbeaa73 elementor-widget elementor-widget-image\" data-id=\"bbeaa73\" data-element_type=\"widget\" data-e-type=\"widget\" data-widget_type=\"image.default\">\n\t\t\t\t<div class=\"elementor-widget-container\">\n\t\t\t\t\t\t\t\t\t\t\t\t\t\t\t<img fetchpriority=\"high\" decoding=\"async\" width=\"280\" height=\"350\" src=\"https:\/\/festival-livre-jeunesse.fr\/2021\/wp-content\/uploads\/2020\/09\/Laura-Fanelli.png\" class=\"attachment-large size-large wp-image-985\" alt=\"\" \/>\t\t\t\t\t\t\t\t\t\t\t\t\t\t\t<\/div>\n\t\t\t\t<\/div>\n\t\t\t\t\t<\/div>\n\t\t<\/div>\n\t\t\t\t<div class=\"elementor-column elementor-col-25 elementor-top-column elementor-element elementor-element-e31563f\" data-id=\"e31563f\" data-element_type=\"column\" data-e-type=\"column\">\n\t\t\t<div class=\"elementor-widget-wrap elementor-element-populated\">\n\t\t\t\t\t\t<div class=\"elementor-element elementor-element-72064a8 elementor-widget elementor-widget-toggle\" data-id=\"72064a8\" data-element_type=\"widget\" data-e-type=\"widget\" data-settings=\"{&quot;_animation_mobile&quot;:&quot;fadeIn&quot;}\" data-widget_type=\"toggle.default\">\n\t\t\t\t<div class=\"elementor-widget-container\">\n\t\t\t\t\t\t\t<div class=\"elementor-toggle\">\n\t\t\t\t\t\t\t<div class=\"elementor-toggle-item\">\n\t\t\t\t\t<div id=\"elementor-tab-title-1191\" class=\"elementor-tab-title\" data-tab=\"1\" role=\"button\" aria-controls=\"elementor-tab-content-1191\" aria-expanded=\"false\">\n\t\t\t\t\t\t\t\t\t\t\t\t<span class=\"elementor-toggle-icon elementor-toggle-icon-left\" aria-hidden=\"true\">\n\t\t\t\t\t\t\t\t\t\t\t\t\t\t\t<span class=\"elementor-toggle-icon-closed\"><i class=\"far fa-caret-square-down\"><\/i><\/span>\n\t\t\t\t\t\t\t\t<span class=\"elementor-toggle-icon-opened\"><i class=\"elementor-toggle-icon-opened fas fa-caret-up\"><\/i><\/span>\n\t\t\t\t\t\t\t\t\t\t\t\t\t<\/span>\n\t\t\t\t\t\t\t\t\t\t\t\t<a class=\"elementor-toggle-title\" tabindex=\"0\">Graphiste et illustratrice italienne bas\u00e9e \u00e0 Toulouse, Laura Fanelli a \u00e9tudi\u00e9 la communication visuelle \u00e0 l\u2019ISIA, Urbino en Italie et \u00e0 l\u2019ESA Institut Saint Luc \u00e0 Bruxelles.<\/a>\n\t\t\t\t\t<\/div>\n\n\t\t\t\t\t<div id=\"elementor-tab-content-1191\" class=\"elementor-tab-content elementor-clearfix\" data-tab=\"1\" role=\"region\" aria-labelledby=\"elementor-tab-title-1191\"><p>Apr\u00e8s avoir travaill\u00e9 durant plusieurs ann\u00e9es comme graphiste dans des agences de Bruxelles, Rome, La Corogne ou Bergame, elle travaille actuellement \u00e0 Toulouse au sein du collectif de l\u2019Atelier du canap\u00e9 o\u00f9 sont organis\u00e9s des expositions et ateliers.\u00a0Laura Fanelli\u00a0illustre des livres pour plusieurs \u00e9diteurs, en Italie et en France.<\/p><h1><u>LES DERNI\u00c8RES PARUTIONS<\/u><\/h1><ul><li><b>Vassilia et l\u2019ours<\/b>, texte de Fran\u00e7oise Guibert, Seuil Jeunesse, 2019<\/li><li><b>Le secret du renard<\/b>, \u00e9d. Ecole des loisirs, 2019<\/li><li><b>Ribambelle<\/b>, \u00e9d. Lirabelle, 2018<\/li><li><b>Pinna morsicata<\/b>, Ed. Marcos y Marcos, 2016<\/li><li><b>Le cheval, mythologie et l\u00e9gendes<\/b>, Ed. Bulles de savon, 2016<\/li><li><b>La grande battaglia musicale<\/b>, Ed. Marcos y Marcos, 2015<\/li><li><b>La grande histoire du monde arabe<\/b>, texte de Fran\u00e7ois Reynaert. Ed Bulles de savon, 201<\/li><\/ul><\/div>\n\t\t\t\t<\/div>\n\t\t\t\t\t\t\t\t<\/div>\n\t\t\t\t\t\t<\/div>\n\t\t\t\t<\/div>\n\t\t\t\t\t<\/div>\n\t\t<\/div>\n\t\t\t\t<div class=\"elementor-column elementor-col-25 elementor-top-column elementor-element elementor-element-d2cda25\" data-id=\"d2cda25\" data-element_type=\"column\" data-e-type=\"column\">\n\t\t\t<div class=\"elementor-widget-wrap\">\n\t\t\t\t\t\t\t<\/div>\n\t\t<\/div>\n\t\t\t\t\t<\/div>\n\t\t<\/section>\n\t\t\t\t<section class=\"elementor-section elementor-top-section elementor-element elementor-element-36f9028 elementor-section-boxed elementor-section-height-default elementor-section-height-default\" data-id=\"36f9028\" data-element_type=\"section\" data-e-type=\"section\">\n\t\t\t\t\t\t<div class=\"elementor-container elementor-column-gap-default\">\n\t\t\t\t\t<div class=\"elementor-column elementor-col-100 elementor-top-column elementor-element elementor-element-8e39439\" data-id=\"8e39439\" data-element_type=\"column\" data-e-type=\"column\">\n\t\t\t<div class=\"elementor-widget-wrap\">\n\t\t\t\t\t\t\t<\/div>\n\t\t<\/div>\n\t\t\t\t\t<\/div>\n\t\t<\/section>\n\t\t\t\t<\/div>\n\t\t","protected":false},"excerpt":{"rendered":"<p>Passeport pour l&rsquo;art PROJET 2020\/2021 Ce parcours propose de prendre de la distance avec un conte traditionnel pour cr\u00e9er de nouvelles interpr\u00e9tations. L&rsquo;illustratrice, Laura Fanelli, expliquera aux enfants qu\u2019il n\u2019existe pas une seule fa\u00e7on de raconter la m\u00eame histoire \u00e0 partir\u00a0 d&rsquo;exemples et leur proposera de se l\u2019approprier pour la modifier, la moderniser, la tordre &hellip;<\/p>\n<p class=\"read-more\"> <a class=\"\" href=\"https:\/\/festival-livre-jeunesse.fr\/2021\/19eme-edition\/passeport_pour_art\/\"> <span class=\"screen-reader-text\">passeport pour l\u00a0\u00bbart<\/span> Lire la suite\u00a0\u00bb<\/a><\/p>\n","protected":false},"author":1,"featured_media":0,"parent":732,"menu_order":0,"comment_status":"closed","ping_status":"closed","template":"","meta":{"_uag_custom_page_level_css":"","footnotes":""},"class_list":["post-1650","page","type-page","status-publish","hentry"],"yoast_head":"<!-- This site is optimized with the Yoast SEO plugin v25.3.1 - https:\/\/yoast.com\/wordpress\/plugins\/seo\/ -->\n<title>passeport pour l&quot;art - Festival du Livre de Jeunesse Occitanie<\/title>\n<meta name=\"robots\" content=\"index, follow, max-snippet:-1, max-image-preview:large, max-video-preview:-1\" \/>\n<link rel=\"canonical\" href=\"https:\/\/festival-livre-jeunesse.fr\/2021\/19eme-edition\/passeport_pour_art\/\" \/>\n<meta property=\"og:locale\" content=\"fr_FR\" \/>\n<meta property=\"og:type\" content=\"article\" \/>\n<meta property=\"og:title\" content=\"passeport pour l&quot;art - Festival du Livre de Jeunesse Occitanie\" \/>\n<meta property=\"og:description\" content=\"Passeport pour l&rsquo;art PROJET 2020\/2021 Ce parcours propose de prendre de la distance avec un conte traditionnel pour cr\u00e9er de nouvelles interpr\u00e9tations. L&rsquo;illustratrice, Laura Fanelli, expliquera aux enfants qu\u2019il n\u2019existe pas une seule fa\u00e7on de raconter la m\u00eame histoire \u00e0 partir\u00a0 d&rsquo;exemples et leur proposera de se l\u2019approprier pour la modifier, la moderniser, la tordre &hellip; passeport pour l\u00a0\u00bbart Lire la suite\u00a0\u00bb\" \/>\n<meta property=\"og:url\" content=\"https:\/\/festival-livre-jeunesse.fr\/2021\/19eme-edition\/passeport_pour_art\/\" \/>\n<meta property=\"og:site_name\" content=\"Festival du Livre de Jeunesse Occitanie\" \/>\n<meta property=\"article:modified_time\" content=\"2020-12-13T22:59:26+00:00\" \/>\n<meta property=\"og:image\" content=\"http:\/\/festival-livre-jeunesse.fr\/2021\/wp-content\/uploads\/2020\/09\/Laura-Fanelli.png\" \/>\n<meta name=\"twitter:card\" content=\"summary_large_image\" \/>\n<meta name=\"twitter:label1\" content=\"Dur\u00e9e de lecture estim\u00e9e\" \/>\n\t<meta name=\"twitter:data1\" content=\"1 minute\" \/>\n<script type=\"application\/ld+json\" class=\"yoast-schema-graph\">{\"@context\":\"https:\/\/schema.org\",\"@graph\":[{\"@type\":\"WebPage\",\"@id\":\"https:\/\/festival-livre-jeunesse.fr\/2021\/19eme-edition\/passeport_pour_art\/\",\"url\":\"https:\/\/festival-livre-jeunesse.fr\/2021\/19eme-edition\/passeport_pour_art\/\",\"name\":\"passeport pour l\\\"art - Festival du Livre de Jeunesse Occitanie\",\"isPartOf\":{\"@id\":\"https:\/\/festival-livre-jeunesse.fr\/2021\/#website\"},\"primaryImageOfPage\":{\"@id\":\"https:\/\/festival-livre-jeunesse.fr\/2021\/19eme-edition\/passeport_pour_art\/#primaryimage\"},\"image\":{\"@id\":\"https:\/\/festival-livre-jeunesse.fr\/2021\/19eme-edition\/passeport_pour_art\/#primaryimage\"},\"thumbnailUrl\":\"http:\/\/festival-livre-jeunesse.fr\/2021\/wp-content\/uploads\/2020\/09\/Laura-Fanelli.png\",\"datePublished\":\"2020-09-17T16:00:22+00:00\",\"dateModified\":\"2020-12-13T22:59:26+00:00\",\"breadcrumb\":{\"@id\":\"https:\/\/festival-livre-jeunesse.fr\/2021\/19eme-edition\/passeport_pour_art\/#breadcrumb\"},\"inLanguage\":\"fr-FR\",\"potentialAction\":[{\"@type\":\"ReadAction\",\"target\":[\"https:\/\/festival-livre-jeunesse.fr\/2021\/19eme-edition\/passeport_pour_art\/\"]}]},{\"@type\":\"ImageObject\",\"inLanguage\":\"fr-FR\",\"@id\":\"https:\/\/festival-livre-jeunesse.fr\/2021\/19eme-edition\/passeport_pour_art\/#primaryimage\",\"url\":\"http:\/\/festival-livre-jeunesse.fr\/2021\/wp-content\/uploads\/2020\/09\/Laura-Fanelli.png\",\"contentUrl\":\"http:\/\/festival-livre-jeunesse.fr\/2021\/wp-content\/uploads\/2020\/09\/Laura-Fanelli.png\"},{\"@type\":\"BreadcrumbList\",\"@id\":\"https:\/\/festival-livre-jeunesse.fr\/2021\/19eme-edition\/passeport_pour_art\/#breadcrumb\",\"itemListElement\":[{\"@type\":\"ListItem\",\"position\":1,\"name\":\"Accueil\",\"item\":\"https:\/\/festival-livre-jeunesse.fr\/2021\/\"},{\"@type\":\"ListItem\",\"position\":2,\"name\":\"19\u00e8me \u00e9dition\",\"item\":\"https:\/\/festival-livre-jeunesse.fr\/2021\/19eme-edition\/\"},{\"@type\":\"ListItem\",\"position\":3,\"name\":\"passeport pour l&#8221;art\"}]},{\"@type\":\"WebSite\",\"@id\":\"https:\/\/festival-livre-jeunesse.fr\/2021\/#website\",\"url\":\"https:\/\/festival-livre-jeunesse.fr\/2021\/\",\"name\":\"Festival du Livre de Jeunesse Occitanie\",\"description\":\"19\u00e8me \u00e9dition\",\"potentialAction\":[{\"@type\":\"SearchAction\",\"target\":{\"@type\":\"EntryPoint\",\"urlTemplate\":\"https:\/\/festival-livre-jeunesse.fr\/2021\/?s={search_term_string}\"},\"query-input\":{\"@type\":\"PropertyValueSpecification\",\"valueRequired\":true,\"valueName\":\"search_term_string\"}}],\"inLanguage\":\"fr-FR\"}]}<\/script>\n<!-- \/ Yoast SEO plugin. -->","yoast_head_json":{"title":"passeport pour l\"art - Festival du Livre de Jeunesse Occitanie","robots":{"index":"index","follow":"follow","max-snippet":"max-snippet:-1","max-image-preview":"max-image-preview:large","max-video-preview":"max-video-preview:-1"},"canonical":"https:\/\/festival-livre-jeunesse.fr\/2021\/19eme-edition\/passeport_pour_art\/","og_locale":"fr_FR","og_type":"article","og_title":"passeport pour l\"art - Festival du Livre de Jeunesse Occitanie","og_description":"Passeport pour l&rsquo;art PROJET 2020\/2021 Ce parcours propose de prendre de la distance avec un conte traditionnel pour cr\u00e9er de nouvelles interpr\u00e9tations. L&rsquo;illustratrice, Laura Fanelli, expliquera aux enfants qu\u2019il n\u2019existe pas une seule fa\u00e7on de raconter la m\u00eame histoire \u00e0 partir\u00a0 d&rsquo;exemples et leur proposera de se l\u2019approprier pour la modifier, la moderniser, la tordre &hellip; passeport pour l\u00a0\u00bbart Lire la suite\u00a0\u00bb","og_url":"https:\/\/festival-livre-jeunesse.fr\/2021\/19eme-edition\/passeport_pour_art\/","og_site_name":"Festival du Livre de Jeunesse Occitanie","article_modified_time":"2020-12-13T22:59:26+00:00","og_image":[{"url":"http:\/\/festival-livre-jeunesse.fr\/2021\/wp-content\/uploads\/2020\/09\/Laura-Fanelli.png","type":"","width":"","height":""}],"twitter_card":"summary_large_image","twitter_misc":{"Dur\u00e9e de lecture estim\u00e9e":"1 minute"},"schema":{"@context":"https:\/\/schema.org","@graph":[{"@type":"WebPage","@id":"https:\/\/festival-livre-jeunesse.fr\/2021\/19eme-edition\/passeport_pour_art\/","url":"https:\/\/festival-livre-jeunesse.fr\/2021\/19eme-edition\/passeport_pour_art\/","name":"passeport pour l\"art - Festival du Livre de Jeunesse Occitanie","isPartOf":{"@id":"https:\/\/festival-livre-jeunesse.fr\/2021\/#website"},"primaryImageOfPage":{"@id":"https:\/\/festival-livre-jeunesse.fr\/2021\/19eme-edition\/passeport_pour_art\/#primaryimage"},"image":{"@id":"https:\/\/festival-livre-jeunesse.fr\/2021\/19eme-edition\/passeport_pour_art\/#primaryimage"},"thumbnailUrl":"http:\/\/festival-livre-jeunesse.fr\/2021\/wp-content\/uploads\/2020\/09\/Laura-Fanelli.png","datePublished":"2020-09-17T16:00:22+00:00","dateModified":"2020-12-13T22:59:26+00:00","breadcrumb":{"@id":"https:\/\/festival-livre-jeunesse.fr\/2021\/19eme-edition\/passeport_pour_art\/#breadcrumb"},"inLanguage":"fr-FR","potentialAction":[{"@type":"ReadAction","target":["https:\/\/festival-livre-jeunesse.fr\/2021\/19eme-edition\/passeport_pour_art\/"]}]},{"@type":"ImageObject","inLanguage":"fr-FR","@id":"https:\/\/festival-livre-jeunesse.fr\/2021\/19eme-edition\/passeport_pour_art\/#primaryimage","url":"http:\/\/festival-livre-jeunesse.fr\/2021\/wp-content\/uploads\/2020\/09\/Laura-Fanelli.png","contentUrl":"http:\/\/festival-livre-jeunesse.fr\/2021\/wp-content\/uploads\/2020\/09\/Laura-Fanelli.png"},{"@type":"BreadcrumbList","@id":"https:\/\/festival-livre-jeunesse.fr\/2021\/19eme-edition\/passeport_pour_art\/#breadcrumb","itemListElement":[{"@type":"ListItem","position":1,"name":"Accueil","item":"https:\/\/festival-livre-jeunesse.fr\/2021\/"},{"@type":"ListItem","position":2,"name":"19\u00e8me \u00e9dition","item":"https:\/\/festival-livre-jeunesse.fr\/2021\/19eme-edition\/"},{"@type":"ListItem","position":3,"name":"passeport pour l&#8221;art"}]},{"@type":"WebSite","@id":"https:\/\/festival-livre-jeunesse.fr\/2021\/#website","url":"https:\/\/festival-livre-jeunesse.fr\/2021\/","name":"Festival du Livre de Jeunesse Occitanie","description":"19\u00e8me \u00e9dition","potentialAction":[{"@type":"SearchAction","target":{"@type":"EntryPoint","urlTemplate":"https:\/\/festival-livre-jeunesse.fr\/2021\/?s={search_term_string}"},"query-input":{"@type":"PropertyValueSpecification","valueRequired":true,"valueName":"search_term_string"}}],"inLanguage":"fr-FR"}]}},"uagb_featured_image_src":{"full":false,"thumbnail":false,"medium":false,"medium_large":false,"large":false,"1536x1536":false,"2048x2048":false},"uagb_author_info":{"display_name":"festival","author_link":"https:\/\/festival-livre-jeunesse.fr\/2021\/author\/festival\/"},"uagb_comment_info":0,"uagb_excerpt":"Passeport pour l&rsquo;art PROJET 2020\/2021 Ce parcours propose de prendre de la distance avec un conte traditionnel pour cr\u00e9er de nouvelles interpr\u00e9tations. L&rsquo;illustratrice, Laura Fanelli, expliquera aux enfants qu\u2019il n\u2019existe pas une seule fa\u00e7on de raconter la m\u00eame histoire \u00e0 partir\u00a0 d&rsquo;exemples et leur proposera de se l\u2019approprier pour la modifier, la moderniser, la tordre\u2026","_links":{"self":[{"href":"https:\/\/festival-livre-jeunesse.fr\/2021\/wp-json\/wp\/v2\/pages\/1650","targetHints":{"allow":["GET"]}}],"collection":[{"href":"https:\/\/festival-livre-jeunesse.fr\/2021\/wp-json\/wp\/v2\/pages"}],"about":[{"href":"https:\/\/festival-livre-jeunesse.fr\/2021\/wp-json\/wp\/v2\/types\/page"}],"author":[{"embeddable":true,"href":"https:\/\/festival-livre-jeunesse.fr\/2021\/wp-json\/wp\/v2\/users\/1"}],"replies":[{"embeddable":true,"href":"https:\/\/festival-livre-jeunesse.fr\/2021\/wp-json\/wp\/v2\/comments?post=1650"}],"version-history":[{"count":84,"href":"https:\/\/festival-livre-jeunesse.fr\/2021\/wp-json\/wp\/v2\/pages\/1650\/revisions"}],"predecessor-version":[{"id":4190,"href":"https:\/\/festival-livre-jeunesse.fr\/2021\/wp-json\/wp\/v2\/pages\/1650\/revisions\/4190"}],"up":[{"embeddable":true,"href":"https:\/\/festival-livre-jeunesse.fr\/2021\/wp-json\/wp\/v2\/pages\/732"}],"wp:attachment":[{"href":"https:\/\/festival-livre-jeunesse.fr\/2021\/wp-json\/wp\/v2\/media?parent=1650"}],"curies":[{"name":"wp","href":"https:\/\/api.w.org\/{rel}","templated":true}]}}