{"id":307,"date":"2020-09-02T21:25:40","date_gmt":"2020-09-02T19:25:40","guid":{"rendered":"http:\/\/festival-livre-jeunesse.fr\/2021\/?page_id=307"},"modified":"2020-09-24T22:20:55","modified_gmt":"2020-09-24T20:20:55","slug":"florence-hinckel-2","status":"publish","type":"page","link":"https:\/\/festival-livre-jeunesse.fr\/2021\/auteurs\/florence-hinckel-2\/","title":{"rendered":"Florence Hinckel"},"content":{"rendered":"\t\t<div data-elementor-type=\"wp-page\" data-elementor-id=\"307\" class=\"elementor elementor-307\">\n\t\t\t\t\t\t<section class=\"elementor-section elementor-top-section elementor-element elementor-element-e22bfa0 elementor-section-boxed elementor-section-height-default elementor-section-height-default\" data-id=\"e22bfa0\" data-element_type=\"section\" data-e-type=\"section\">\n\t\t\t\t\t\t<div class=\"elementor-container elementor-column-gap-default\">\n\t\t\t\t\t<div class=\"elementor-column elementor-col-100 elementor-top-column elementor-element elementor-element-361e55e\" data-id=\"361e55e\" data-element_type=\"column\" data-e-type=\"column\">\n\t\t\t<div class=\"elementor-widget-wrap elementor-element-populated\">\n\t\t\t\t\t\t<div class=\"elementor-element elementor-element-3fde65d elementor-widget elementor-widget-spacer\" data-id=\"3fde65d\" data-element_type=\"widget\" data-e-type=\"widget\" data-widget_type=\"spacer.default\">\n\t\t\t\t<div class=\"elementor-widget-container\">\n\t\t\t\t\t\t\t<div class=\"elementor-spacer\">\n\t\t\t<div class=\"elementor-spacer-inner\"><\/div>\n\t\t<\/div>\n\t\t\t\t\t\t<\/div>\n\t\t\t\t<\/div>\n\t\t\t\t\t<\/div>\n\t\t<\/div>\n\t\t\t\t\t<\/div>\n\t\t<\/section>\n\t\t\t\t<section class=\"elementor-section elementor-top-section elementor-element elementor-element-aec494c elementor-section-boxed elementor-section-height-default elementor-section-height-default\" data-id=\"aec494c\" data-element_type=\"section\" data-e-type=\"section\">\n\t\t\t\t\t\t<div class=\"elementor-container elementor-column-gap-default\">\n\t\t\t\t\t<div class=\"elementor-column elementor-col-50 elementor-top-column elementor-element elementor-element-b9e6ef6\" data-id=\"b9e6ef6\" data-element_type=\"column\" data-e-type=\"column\">\n\t\t\t<div class=\"elementor-widget-wrap elementor-element-populated\">\n\t\t\t\t\t\t<div class=\"elementor-element elementor-element-0280aa6 elementor-widget elementor-widget-image\" data-id=\"0280aa6\" data-element_type=\"widget\" data-e-type=\"widget\" data-widget_type=\"image.default\">\n\t\t\t\t<div class=\"elementor-widget-container\">\n\t\t\t\t\t\t\t\t\t\t\t\t\t\t\t<img fetchpriority=\"high\" decoding=\"async\" width=\"400\" height=\"528\" src=\"https:\/\/festival-livre-jeunesse.fr\/2021\/wp-content\/uploads\/2020\/08\/Florence-Hinckel.png\" class=\"attachment-large size-large wp-image-115\" alt=\"\" srcset=\"https:\/\/festival-livre-jeunesse.fr\/2021\/wp-content\/uploads\/2020\/08\/Florence-Hinckel.png 400w, https:\/\/festival-livre-jeunesse.fr\/2021\/wp-content\/uploads\/2020\/08\/Florence-Hinckel-227x300.png 227w\" sizes=\"(max-width: 400px) 100vw, 400px\" \/>\t\t\t\t\t\t\t\t\t\t\t\t\t\t\t<\/div>\n\t\t\t\t<\/div>\n\t\t\t\t\t<\/div>\n\t\t<\/div>\n\t\t\t\t<div class=\"elementor-column elementor-col-50 elementor-top-column elementor-element elementor-element-8fcbdf3\" data-id=\"8fcbdf3\" data-element_type=\"column\" data-e-type=\"column\">\n\t\t\t<div class=\"elementor-widget-wrap elementor-element-populated\">\n\t\t\t\t\t\t<div class=\"elementor-element elementor-element-17abd83 elementor-widget elementor-widget-heading\" data-id=\"17abd83\" data-element_type=\"widget\" data-e-type=\"widget\" data-widget_type=\"heading.default\">\n\t\t\t\t<div class=\"elementor-widget-container\">\n\t\t\t\t\t<h1 class=\"elementor-heading-title elementor-size-xl\">Florence Hinckel<\/h1>\t\t\t\t<\/div>\n\t\t\t\t<\/div>\n\t\t\t\t<div class=\"elementor-element elementor-element-dc40588 elementor-widget elementor-widget-text-editor\" data-id=\"dc40588\" data-element_type=\"widget\" data-e-type=\"widget\" data-widget_type=\"text-editor.default\">\n\t\t\t\t<div class=\"elementor-widget-container\">\n\t\t\t\t\t\t\t\t\t<p><a href=\"https:\/\/florencehinckel.com\/\">Florence Hinckel<\/a> est n\u00e9e le 13 d\u00e9cembre 1973. Apr\u00e8s une licence de programmation analytique, elle devient finalement professeuse des \u00e9coles, m\u00e9tier qu\u2019elle exerce \u00e0 Marseille, en Guyane ou en Guadeloupe, avant de se consacrer enti\u00e8rement \u00e0 l\u2019\u00e9criture, sa passion depuis l\u2019enfance. S\u2019adressant aux enfants comme aux plus grands, elle aime varier les genres, qu\u2019ils soient humoristiques (<a href=\"https:\/\/florencehinckel.com\/pour-enfants\/chat-pitre-serie\/\"><em>Le Chat Pitre<\/em><\/a>,\u00a0<a href=\"https:\/\/florencehinckel.com\/pour-enfants\/super-kids-serie\/super-vanessa-crique-aux-fantomes\/\"><em>Super-Vanessa<\/em><\/a>), intimistes (<em><a href=\"https:\/\/florencehinckel.com\/nos-eclats-de-miroir\/\">Nos \u00e9clats de miroir<\/a><\/em>,\u00a0<a href=\"https:\/\/florencehinckel.com\/pour-ados\/lete-ou-je-suis-ne\/\"><em>L\u2019\u00e9t\u00e9 o\u00f9 je suis n\u00e9<\/em><\/a>,\u00a0<a href=\"https:\/\/florencehinckel.com\/pour-ados\/hors-de-moi\/\"><em>Hors de moi<\/em><\/a>), loufoques (<em><a href=\"https:\/\/florencehinckel.com\/les-faits-et-gestes-de-la-famille-papillon\/\">Les faits et gestes de la famille Papillon<\/a><\/em>), engag\u00e9s (<em><a href=\"https:\/\/florencehinckel.com\/renversante\/\">Renversante<\/a><\/em>), ou en demi-teintes (<em><a href=\"https:\/\/florencehinckel.com\/pour-enfants\/les-copains-le-soleil-et-nabila\/\">Les copains le soleil et Nabila<\/a>,\u00a0<a href=\"https:\/\/florencehinckel.com\/pour-enfants\/vanilles-et-chocolats\/\">Vanilles et Chocolats<\/a><\/em>). Elle poursuit avec\u00a0<a href=\"https:\/\/florencehinckel.com\/pour-ados\/grand-saut-serie\/\"><em>Le Grand Saut<\/em><\/a>\u00a0sa r\u00e9flexion sur l\u2019in\u00e9galit\u00e9 des chances amorc\u00e9e dans sa carri\u00e8re d\u2019enseignante, d\u00e9j\u00e0 racont\u00e9e dans\u00a0<a href=\"https:\/\/florencehinckel.com\/pour-ados\/quatre-filles-et-quatre-garcons\/\"><em>Quatre filles et quatre gar\u00e7ons<\/em><\/a>, et ce toujours sous le prisme de l\u2019amiti\u00e9. En parall\u00e8le, elle exploite sa formation initiale pour affiner dans ses ouvrages une r\u00e9flexion critique sur l\u2019Intelligence Artificielle (<a href=\"https:\/\/florencehinckel.com\/pour-ados\/recits-danticipation\/traces\/\"><em>Traces<\/em><\/a>) et\/ou les r\u00e9seaux sociaux, ainsi que sur le transhumanisme (<em><a href=\"https:\/\/florencehinckel.com\/pour-ados\/recits-danticipation\/ce-qui-fait-battre-nos-coeurs\/\">Ce qui fait battre nos coeurs<\/a><\/em>\u00a0sur l\u2019\u00eatre humain augment\u00e9,\u00a0<a href=\"https:\/\/florencehinckel.com\/pour-ados\/recits-danticipation\/bleue\/\"><em>#Bleue<\/em><\/a>, qui explore l\u2019id\u00e9e de suppression de la douleur \u00e9motionnelle, ou\u00a0<a href=\"https:\/\/florencehinckel.com\/pour-ados\/recits-danticipation\/thea-pour-leternite\/\"><em>Th\u00e9a pour l\u2019\u00e9ternit\u00e9<\/em><\/a>, sur le refus de vieillir). Cette critique d\u2019une soci\u00e9t\u00e9 d\u00e9shumanisante peut \u00eatre aussi faite par le biais d\u2019un monde soudain priv\u00e9 de technologie (<a href=\"https:\/\/florencehinckel.com\/pour-ados\/u4\/u4-yannis\/\"><em>U4.Yannis<\/em><\/a>,\u00a0<a href=\"https:\/\/florencehinckel.com\/pour-ados\/u4\/u4-contagion\/\"><em>U4. Contagion<\/em><\/a>)\u2026 Elle compte une quarantaine de romans \u00e0 son actif, qui totalisent 35\u00a0<a href=\"https:\/\/florencehinckel.com\/categorie\/autour-de-mes-livres\/prix\/\">prix litt\u00e9raires<\/a>.<\/p><h5><u>Les derni\u00e8res parutions<\/u><\/h5><ul><li><b>Ce qui fait battre nos coeurs<\/b><i>, Editions Syros, 2020<\/i><\/li><li><b>Les faits et gestes de la famille papillon<\/b><i>, Editions Casterman, 2020<\/i><\/li><li><b>Comme un homme,<\/b><i> Editions Nathan, 2020<\/i><\/li><\/ul>\t\t\t\t\t\t\t\t<\/div>\n\t\t\t\t<\/div>\n\t\t\t\t\t<\/div>\n\t\t<\/div>\n\t\t\t\t\t<\/div>\n\t\t<\/section>\n\t\t\t\t<\/div>\n\t\t","protected":false},"excerpt":{"rendered":"<p>Florence Hinckel Florence Hinckel est n\u00e9e le 13 d\u00e9cembre 1973. Apr\u00e8s une licence de programmation analytique, elle devient finalement professeuse des \u00e9coles, m\u00e9tier qu\u2019elle exerce \u00e0 Marseille, en Guyane ou en Guadeloupe, avant de se consacrer enti\u00e8rement \u00e0 l\u2019\u00e9criture, sa passion depuis l\u2019enfance. S\u2019adressant aux enfants comme aux plus grands, elle aime varier les genres, &hellip;<\/p>\n<p class=\"read-more\"> <a class=\"\" href=\"https:\/\/festival-livre-jeunesse.fr\/2021\/auteurs\/florence-hinckel-2\/\"> <span class=\"screen-reader-text\">Florence Hinckel<\/span> Lire la suite\u00a0\u00bb<\/a><\/p>\n","protected":false},"author":1,"featured_media":0,"parent":377,"menu_order":0,"comment_status":"closed","ping_status":"closed","template":"","meta":{"_uag_custom_page_level_css":"","footnotes":""},"class_list":["post-307","page","type-page","status-publish","hentry"],"yoast_head":"<!-- This site is optimized with the Yoast SEO plugin v25.3.1 - https:\/\/yoast.com\/wordpress\/plugins\/seo\/ -->\n<title>Florence Hinckel - Festival du Livre de Jeunesse Occitanie<\/title>\n<meta name=\"robots\" content=\"index, follow, max-snippet:-1, max-image-preview:large, max-video-preview:-1\" \/>\n<link rel=\"canonical\" href=\"https:\/\/festival-livre-jeunesse.fr\/2021\/auteurs\/florence-hinckel-2\/\" \/>\n<meta property=\"og:locale\" content=\"fr_FR\" \/>\n<meta property=\"og:type\" content=\"article\" \/>\n<meta property=\"og:title\" content=\"Florence Hinckel - Festival du Livre de Jeunesse Occitanie\" \/>\n<meta property=\"og:description\" content=\"Florence Hinckel Florence Hinckel est n\u00e9e le 13 d\u00e9cembre 1973. Apr\u00e8s une licence de programmation analytique, elle devient finalement professeuse des \u00e9coles, m\u00e9tier qu\u2019elle exerce \u00e0 Marseille, en Guyane ou en Guadeloupe, avant de se consacrer enti\u00e8rement \u00e0 l\u2019\u00e9criture, sa passion depuis l\u2019enfance. S\u2019adressant aux enfants comme aux plus grands, elle aime varier les genres, &hellip; Florence Hinckel Lire la suite\u00a0\u00bb\" \/>\n<meta property=\"og:url\" content=\"https:\/\/festival-livre-jeunesse.fr\/2021\/auteurs\/florence-hinckel-2\/\" \/>\n<meta property=\"og:site_name\" content=\"Festival du Livre de Jeunesse Occitanie\" \/>\n<meta property=\"article:modified_time\" content=\"2020-09-24T20:20:55+00:00\" \/>\n<meta property=\"og:image\" content=\"http:\/\/festival-livre-jeunesse.fr\/2021\/wp-content\/uploads\/2020\/08\/Florence-Hinckel.png\" \/>\n<meta name=\"twitter:card\" content=\"summary_large_image\" \/>\n<meta name=\"twitter:label1\" content=\"Dur\u00e9e de lecture estim\u00e9e\" \/>\n\t<meta name=\"twitter:data1\" content=\"1 minute\" \/>\n<script type=\"application\/ld+json\" class=\"yoast-schema-graph\">{\"@context\":\"https:\/\/schema.org\",\"@graph\":[{\"@type\":\"WebPage\",\"@id\":\"https:\/\/festival-livre-jeunesse.fr\/2021\/auteurs\/florence-hinckel-2\/\",\"url\":\"https:\/\/festival-livre-jeunesse.fr\/2021\/auteurs\/florence-hinckel-2\/\",\"name\":\"Florence Hinckel - Festival du Livre de Jeunesse Occitanie\",\"isPartOf\":{\"@id\":\"https:\/\/festival-livre-jeunesse.fr\/2021\/#website\"},\"primaryImageOfPage\":{\"@id\":\"https:\/\/festival-livre-jeunesse.fr\/2021\/auteurs\/florence-hinckel-2\/#primaryimage\"},\"image\":{\"@id\":\"https:\/\/festival-livre-jeunesse.fr\/2021\/auteurs\/florence-hinckel-2\/#primaryimage\"},\"thumbnailUrl\":\"http:\/\/festival-livre-jeunesse.fr\/2021\/wp-content\/uploads\/2020\/08\/Florence-Hinckel.png\",\"datePublished\":\"2020-09-02T19:25:40+00:00\",\"dateModified\":\"2020-09-24T20:20:55+00:00\",\"breadcrumb\":{\"@id\":\"https:\/\/festival-livre-jeunesse.fr\/2021\/auteurs\/florence-hinckel-2\/#breadcrumb\"},\"inLanguage\":\"fr-FR\",\"potentialAction\":[{\"@type\":\"ReadAction\",\"target\":[\"https:\/\/festival-livre-jeunesse.fr\/2021\/auteurs\/florence-hinckel-2\/\"]}]},{\"@type\":\"ImageObject\",\"inLanguage\":\"fr-FR\",\"@id\":\"https:\/\/festival-livre-jeunesse.fr\/2021\/auteurs\/florence-hinckel-2\/#primaryimage\",\"url\":\"http:\/\/festival-livre-jeunesse.fr\/2021\/wp-content\/uploads\/2020\/08\/Florence-Hinckel.png\",\"contentUrl\":\"http:\/\/festival-livre-jeunesse.fr\/2021\/wp-content\/uploads\/2020\/08\/Florence-Hinckel.png\"},{\"@type\":\"BreadcrumbList\",\"@id\":\"https:\/\/festival-livre-jeunesse.fr\/2021\/auteurs\/florence-hinckel-2\/#breadcrumb\",\"itemListElement\":[{\"@type\":\"ListItem\",\"position\":1,\"name\":\"Accueil\",\"item\":\"https:\/\/festival-livre-jeunesse.fr\/2021\/\"},{\"@type\":\"ListItem\",\"position\":2,\"name\":\"Auteurs\",\"item\":\"https:\/\/festival-livre-jeunesse.fr\/2021\/auteurs\/\"},{\"@type\":\"ListItem\",\"position\":3,\"name\":\"Florence Hinckel\"}]},{\"@type\":\"WebSite\",\"@id\":\"https:\/\/festival-livre-jeunesse.fr\/2021\/#website\",\"url\":\"https:\/\/festival-livre-jeunesse.fr\/2021\/\",\"name\":\"Festival du Livre de Jeunesse Occitanie\",\"description\":\"19\u00e8me \u00e9dition\",\"potentialAction\":[{\"@type\":\"SearchAction\",\"target\":{\"@type\":\"EntryPoint\",\"urlTemplate\":\"https:\/\/festival-livre-jeunesse.fr\/2021\/?s={search_term_string}\"},\"query-input\":{\"@type\":\"PropertyValueSpecification\",\"valueRequired\":true,\"valueName\":\"search_term_string\"}}],\"inLanguage\":\"fr-FR\"}]}<\/script>\n<!-- \/ Yoast SEO plugin. -->","yoast_head_json":{"title":"Florence Hinckel - Festival du Livre de Jeunesse Occitanie","robots":{"index":"index","follow":"follow","max-snippet":"max-snippet:-1","max-image-preview":"max-image-preview:large","max-video-preview":"max-video-preview:-1"},"canonical":"https:\/\/festival-livre-jeunesse.fr\/2021\/auteurs\/florence-hinckel-2\/","og_locale":"fr_FR","og_type":"article","og_title":"Florence Hinckel - Festival du Livre de Jeunesse Occitanie","og_description":"Florence Hinckel Florence Hinckel est n\u00e9e le 13 d\u00e9cembre 1973. Apr\u00e8s une licence de programmation analytique, elle devient finalement professeuse des \u00e9coles, m\u00e9tier qu\u2019elle exerce \u00e0 Marseille, en Guyane ou en Guadeloupe, avant de se consacrer enti\u00e8rement \u00e0 l\u2019\u00e9criture, sa passion depuis l\u2019enfance. S\u2019adressant aux enfants comme aux plus grands, elle aime varier les genres, &hellip; Florence Hinckel Lire la suite\u00a0\u00bb","og_url":"https:\/\/festival-livre-jeunesse.fr\/2021\/auteurs\/florence-hinckel-2\/","og_site_name":"Festival du Livre de Jeunesse Occitanie","article_modified_time":"2020-09-24T20:20:55+00:00","og_image":[{"url":"http:\/\/festival-livre-jeunesse.fr\/2021\/wp-content\/uploads\/2020\/08\/Florence-Hinckel.png","type":"","width":"","height":""}],"twitter_card":"summary_large_image","twitter_misc":{"Dur\u00e9e de lecture estim\u00e9e":"1 minute"},"schema":{"@context":"https:\/\/schema.org","@graph":[{"@type":"WebPage","@id":"https:\/\/festival-livre-jeunesse.fr\/2021\/auteurs\/florence-hinckel-2\/","url":"https:\/\/festival-livre-jeunesse.fr\/2021\/auteurs\/florence-hinckel-2\/","name":"Florence Hinckel - Festival du Livre de Jeunesse Occitanie","isPartOf":{"@id":"https:\/\/festival-livre-jeunesse.fr\/2021\/#website"},"primaryImageOfPage":{"@id":"https:\/\/festival-livre-jeunesse.fr\/2021\/auteurs\/florence-hinckel-2\/#primaryimage"},"image":{"@id":"https:\/\/festival-livre-jeunesse.fr\/2021\/auteurs\/florence-hinckel-2\/#primaryimage"},"thumbnailUrl":"http:\/\/festival-livre-jeunesse.fr\/2021\/wp-content\/uploads\/2020\/08\/Florence-Hinckel.png","datePublished":"2020-09-02T19:25:40+00:00","dateModified":"2020-09-24T20:20:55+00:00","breadcrumb":{"@id":"https:\/\/festival-livre-jeunesse.fr\/2021\/auteurs\/florence-hinckel-2\/#breadcrumb"},"inLanguage":"fr-FR","potentialAction":[{"@type":"ReadAction","target":["https:\/\/festival-livre-jeunesse.fr\/2021\/auteurs\/florence-hinckel-2\/"]}]},{"@type":"ImageObject","inLanguage":"fr-FR","@id":"https:\/\/festival-livre-jeunesse.fr\/2021\/auteurs\/florence-hinckel-2\/#primaryimage","url":"http:\/\/festival-livre-jeunesse.fr\/2021\/wp-content\/uploads\/2020\/08\/Florence-Hinckel.png","contentUrl":"http:\/\/festival-livre-jeunesse.fr\/2021\/wp-content\/uploads\/2020\/08\/Florence-Hinckel.png"},{"@type":"BreadcrumbList","@id":"https:\/\/festival-livre-jeunesse.fr\/2021\/auteurs\/florence-hinckel-2\/#breadcrumb","itemListElement":[{"@type":"ListItem","position":1,"name":"Accueil","item":"https:\/\/festival-livre-jeunesse.fr\/2021\/"},{"@type":"ListItem","position":2,"name":"Auteurs","item":"https:\/\/festival-livre-jeunesse.fr\/2021\/auteurs\/"},{"@type":"ListItem","position":3,"name":"Florence Hinckel"}]},{"@type":"WebSite","@id":"https:\/\/festival-livre-jeunesse.fr\/2021\/#website","url":"https:\/\/festival-livre-jeunesse.fr\/2021\/","name":"Festival du Livre de Jeunesse Occitanie","description":"19\u00e8me \u00e9dition","potentialAction":[{"@type":"SearchAction","target":{"@type":"EntryPoint","urlTemplate":"https:\/\/festival-livre-jeunesse.fr\/2021\/?s={search_term_string}"},"query-input":{"@type":"PropertyValueSpecification","valueRequired":true,"valueName":"search_term_string"}}],"inLanguage":"fr-FR"}]}},"uagb_featured_image_src":{"full":false,"thumbnail":false,"medium":false,"medium_large":false,"large":false,"1536x1536":false,"2048x2048":false},"uagb_author_info":{"display_name":"festival","author_link":"https:\/\/festival-livre-jeunesse.fr\/2021\/author\/festival\/"},"uagb_comment_info":0,"uagb_excerpt":"Florence Hinckel Florence Hinckel est n\u00e9e le 13 d\u00e9cembre 1973. Apr\u00e8s une licence de programmation analytique, elle devient finalement professeuse des \u00e9coles, m\u00e9tier qu\u2019elle exerce \u00e0 Marseille, en Guyane ou en Guadeloupe, avant de se consacrer enti\u00e8rement \u00e0 l\u2019\u00e9criture, sa passion depuis l\u2019enfance. S\u2019adressant aux enfants comme aux plus grands, elle aime varier les genres,\u2026","_links":{"self":[{"href":"https:\/\/festival-livre-jeunesse.fr\/2021\/wp-json\/wp\/v2\/pages\/307","targetHints":{"allow":["GET"]}}],"collection":[{"href":"https:\/\/festival-livre-jeunesse.fr\/2021\/wp-json\/wp\/v2\/pages"}],"about":[{"href":"https:\/\/festival-livre-jeunesse.fr\/2021\/wp-json\/wp\/v2\/types\/page"}],"author":[{"embeddable":true,"href":"https:\/\/festival-livre-jeunesse.fr\/2021\/wp-json\/wp\/v2\/users\/1"}],"replies":[{"embeddable":true,"href":"https:\/\/festival-livre-jeunesse.fr\/2021\/wp-json\/wp\/v2\/comments?post=307"}],"version-history":[{"count":15,"href":"https:\/\/festival-livre-jeunesse.fr\/2021\/wp-json\/wp\/v2\/pages\/307\/revisions"}],"predecessor-version":[{"id":2173,"href":"https:\/\/festival-livre-jeunesse.fr\/2021\/wp-json\/wp\/v2\/pages\/307\/revisions\/2173"}],"up":[{"embeddable":true,"href":"https:\/\/festival-livre-jeunesse.fr\/2021\/wp-json\/wp\/v2\/pages\/377"}],"wp:attachment":[{"href":"https:\/\/festival-livre-jeunesse.fr\/2021\/wp-json\/wp\/v2\/media?parent=307"}],"curies":[{"name":"wp","href":"https:\/\/api.w.org\/{rel}","templated":true}]}}