{"id":5303,"date":"2021-01-14T09:24:38","date_gmt":"2021-01-14T08:24:38","guid":{"rendered":"https:\/\/festival-livre-jeunesse.fr\/2021\/?page_id=5303"},"modified":"2021-02-09T08:07:11","modified_gmt":"2021-02-09T07:07:11","slug":"la-riviere-a-la-place-du-fleuve","status":"publish","type":"page","link":"https:\/\/festival-livre-jeunesse.fr\/2021\/la-riviere-a-la-place-du-fleuve\/","title":{"rendered":"La rivi\u00e8re \u00e0 la place du fleuve"},"content":{"rendered":"\t\t<div data-elementor-type=\"wp-page\" data-elementor-id=\"5303\" class=\"elementor elementor-5303\">\n\t\t\t\t\t\t<section class=\"elementor-section elementor-top-section elementor-element elementor-element-33f69553 elementor-section-boxed elementor-section-height-default elementor-section-height-default\" data-id=\"33f69553\" data-element_type=\"section\" data-e-type=\"section\">\n\t\t\t\t\t\t<div class=\"elementor-container elementor-column-gap-default\">\n\t\t\t\t\t<div class=\"elementor-column elementor-col-100 elementor-top-column elementor-element elementor-element-7492db01\" data-id=\"7492db01\" data-element_type=\"column\" data-e-type=\"column\">\n\t\t\t<div class=\"elementor-widget-wrap\">\n\t\t\t\t\t\t\t<\/div>\n\t\t<\/div>\n\t\t\t\t\t<\/div>\n\t\t<\/section>\n\t\t\t\t<section class=\"elementor-section elementor-top-section elementor-element elementor-element-5815376a elementor-section-boxed elementor-section-height-default elementor-section-height-default\" data-id=\"5815376a\" data-element_type=\"section\" data-e-type=\"section\">\n\t\t\t\t\t\t<div class=\"elementor-container elementor-column-gap-default\">\n\t\t\t\t\t<div class=\"elementor-column elementor-col-100 elementor-top-column elementor-element elementor-element-4d11a28b\" data-id=\"4d11a28b\" data-element_type=\"column\" data-e-type=\"column\">\n\t\t\t<div class=\"elementor-widget-wrap elementor-element-populated\">\n\t\t\t\t\t\t<div class=\"elementor-element elementor-element-23956679 elementor-widget elementor-widget-image\" data-id=\"23956679\" data-element_type=\"widget\" data-e-type=\"widget\" data-widget_type=\"image.default\">\n\t\t\t\t<div class=\"elementor-widget-container\">\n\t\t\t\t\t\t\t\t\t\t\t\t\t\t\t<img fetchpriority=\"high\" decoding=\"async\" width=\"1190\" height=\"452\" src=\"https:\/\/festival-livre-jeunesse.fr\/2021\/wp-content\/uploads\/2021\/01\/FOND-SPECTACLE-bourse-2020.png\" class=\"attachment-large size-large wp-image-5308\" alt=\"\" srcset=\"https:\/\/festival-livre-jeunesse.fr\/2021\/wp-content\/uploads\/2021\/01\/FOND-SPECTACLE-bourse-2020.png 1190w, https:\/\/festival-livre-jeunesse.fr\/2021\/wp-content\/uploads\/2021\/01\/FOND-SPECTACLE-bourse-2020-1024x389.png 1024w, https:\/\/festival-livre-jeunesse.fr\/2021\/wp-content\/uploads\/2021\/01\/FOND-SPECTACLE-bourse-2020-768x292.png 768w\" sizes=\"(max-width: 1190px) 100vw, 1190px\" \/>\t\t\t\t\t\t\t\t\t\t\t\t\t\t\t<\/div>\n\t\t\t\t<\/div>\n\t\t\t\t\t<\/div>\n\t\t<\/div>\n\t\t\t\t\t<\/div>\n\t\t<\/section>\n\t\t\t\t<section class=\"elementor-section elementor-top-section elementor-element elementor-element-156b3332 elementor-section-boxed elementor-section-height-default elementor-section-height-default\" data-id=\"156b3332\" data-element_type=\"section\" data-e-type=\"section\">\n\t\t\t\t\t\t<div class=\"elementor-container elementor-column-gap-default\">\n\t\t\t\t\t<div class=\"elementor-column elementor-col-33 elementor-top-column elementor-element elementor-element-233736b4\" data-id=\"233736b4\" data-element_type=\"column\" data-e-type=\"column\">\n\t\t\t<div class=\"elementor-widget-wrap\">\n\t\t\t\t\t\t\t<\/div>\n\t\t<\/div>\n\t\t\t\t<div class=\"elementor-column elementor-col-33 elementor-top-column elementor-element elementor-element-663e76f0\" data-id=\"663e76f0\" data-element_type=\"column\" data-e-type=\"column\">\n\t\t\t<div class=\"elementor-widget-wrap elementor-element-populated\">\n\t\t\t\t\t\t<section class=\"elementor-section elementor-inner-section elementor-element elementor-element-422503a0 elementor-section-boxed elementor-section-height-default elementor-section-height-default\" data-id=\"422503a0\" data-element_type=\"section\" data-e-type=\"section\">\n\t\t\t\t\t\t<div class=\"elementor-container elementor-column-gap-default\">\n\t\t\t\t\t<div class=\"elementor-column elementor-col-50 elementor-inner-column elementor-element elementor-element-1919dea2\" data-id=\"1919dea2\" data-element_type=\"column\" data-e-type=\"column\">\n\t\t\t<div class=\"elementor-widget-wrap elementor-element-populated\">\n\t\t\t\t\t\t<div class=\"elementor-element elementor-element-6941d320 elementor-widget elementor-widget-image\" data-id=\"6941d320\" data-element_type=\"widget\" data-e-type=\"widget\" data-widget_type=\"image.default\">\n\t\t\t\t<div class=\"elementor-widget-container\">\n\t\t\t\t\t\t\t\t\t\t\t\t\t\t\t<img decoding=\"async\" width=\"1200\" height=\"800\" src=\"https:\/\/festival-livre-jeunesse.fr\/2021\/wp-content\/uploads\/2020\/12\/Silvia-Cabaco-1-1200x800.jpg\" class=\"attachment-large size-large wp-image-3340\" alt=\"\" srcset=\"https:\/\/festival-livre-jeunesse.fr\/2021\/wp-content\/uploads\/2020\/12\/Silvia-Cabaco-1-1200x800.jpg 1200w, https:\/\/festival-livre-jeunesse.fr\/2021\/wp-content\/uploads\/2020\/12\/Silvia-Cabaco-1-1024x683.jpg 1024w, https:\/\/festival-livre-jeunesse.fr\/2021\/wp-content\/uploads\/2020\/12\/Silvia-Cabaco-1-768x512.jpg 768w, https:\/\/festival-livre-jeunesse.fr\/2021\/wp-content\/uploads\/2020\/12\/Silvia-Cabaco-1-1536x1024.jpg 1536w, https:\/\/festival-livre-jeunesse.fr\/2021\/wp-content\/uploads\/2020\/12\/Silvia-Cabaco-1-2048x1365.jpg 2048w\" sizes=\"(max-width: 1200px) 100vw, 1200px\" \/>\t\t\t\t\t\t\t\t\t\t\t\t\t\t\t<\/div>\n\t\t\t\t<\/div>\n\t\t\t\t<div class=\"elementor-element elementor-element-7f49b67 elementor-widget elementor-widget-image\" data-id=\"7f49b67\" data-element_type=\"widget\" data-e-type=\"widget\" data-widget_type=\"image.default\">\n\t\t\t\t<div class=\"elementor-widget-container\">\n\t\t\t\t\t\t\t\t\t\t\t\t\t\t\t<img decoding=\"async\" width=\"230\" height=\"173\" src=\"https:\/\/festival-livre-jeunesse.fr\/2021\/wp-content\/uploads\/2020\/12\/Gabriel-Galeoti.jpg\" class=\"attachment-large size-large wp-image-2913\" alt=\"\" \/>\t\t\t\t\t\t\t\t\t\t\t\t\t\t\t<\/div>\n\t\t\t\t<\/div>\n\t\t\t\t\t<\/div>\n\t\t<\/div>\n\t\t\t\t<div class=\"elementor-column elementor-col-50 elementor-inner-column elementor-element elementor-element-4ed9a21a\" data-id=\"4ed9a21a\" data-element_type=\"column\" data-e-type=\"column\">\n\t\t\t<div class=\"elementor-widget-wrap elementor-element-populated\">\n\t\t\t\t\t\t<div class=\"elementor-element elementor-element-1049f3c elementor-widget elementor-widget-heading\" data-id=\"1049f3c\" data-element_type=\"widget\" data-e-type=\"widget\" data-widget_type=\"heading.default\">\n\t\t\t\t<div class=\"elementor-widget-container\">\n\t\t\t\t\t<h1 class=\"elementor-heading-title elementor-size-default\"><b>LA S\u0152UR CAPRICIEUSE DE L\u2019EAU DE RIVI\u00c8RE<\/b> <br>\n\n<i>Lecture dans\u00e9e et th\u00e9\u00e2tre d\u2019objet avec Silvia Cabaco et Gabriel Galotti<\/i>\n\n&nbsp;<\/h1>\t\t\t\t<\/div>\n\t\t\t\t<\/div>\n\t\t\t\t<div class=\"elementor-element elementor-element-49f58979 elementor-widget elementor-widget-text-editor\" data-id=\"49f58979\" data-element_type=\"widget\" data-e-type=\"widget\" data-widget_type=\"text-editor.default\">\n\t\t\t\t<div class=\"elementor-widget-container\">\n\t\t\t\t\t\t\t\t\t<p>\u00a0<\/p><p>L\u2019eau de mer, c\u2019est la s\u0153ur capricieuse de l\u2019eau douce. Elle est la jumelle rebelle et r\u00e9volt\u00e9e, turbulente et espi\u00e8gle. C\u2019\u00e9tait pr\u00e9cis\u00e9ment\u00a0 pour vouloir contrarier sa s\u0153ur que l\u2019eau de mer a le go\u00fbt sal\u00e9 que nous connaissons. Mais cela n\u2019a pas toujours \u00e9t\u00e9 le cas, avant d\u2019\u00eatre sal\u00e9e, l\u2019eau de mer \u00e9tait identique \u00e0 l\u2019eau de fleuve&#8230;<\/p><p>\u00a0<\/p><p>A partir de 6 ans<\/p><p>\u00a0<\/p><p>[BOURSE DE CREATION 2020]<\/p><p>En partenariat avec Toulouse M\u00e9tropole<\/p>\t\t\t\t\t\t\t\t<\/div>\n\t\t\t\t<\/div>\n\t\t\t\t<div class=\"elementor-element elementor-element-5fd5b702 elementor-position-inline-start elementor-view-default elementor-mobile-position-block-start elementor-widget elementor-widget-icon-box\" data-id=\"5fd5b702\" data-element_type=\"widget\" data-e-type=\"widget\" data-widget_type=\"icon-box.default\">\n\t\t\t\t<div class=\"elementor-widget-container\">\n\t\t\t\t\t\t\t<div class=\"elementor-icon-box-wrapper\">\n\n\t\t\t\t\t\t<div class=\"elementor-icon-box-icon\">\n\t\t\t\t<span  class=\"elementor-icon\">\n\t\t\t\t<i aria-hidden=\"true\" class=\"far fa-clock\"><\/i>\t\t\t\t<\/span>\n\t\t\t<\/div>\n\t\t\t\n\t\t\t\t\t\t<div class=\"elementor-icon-box-content\">\n\n\t\t\t\t\t\t\t\t\t<h1 class=\"elementor-icon-box-title\">\n\t\t\t\t\t\t<span  >\n\t\t\t\t\t\t\tFenouillet -  \u00e0 venir en  2021\t\t\t\t\t\t<\/span>\n\t\t\t\t\t<\/h1>\n\t\t\t\t\n\t\t\t\t\t\t\t\t\t<p class=\"elementor-icon-box-description\">\n\t\t\t\t\t\tHoraires : \u00e0 d\u00e9finir\t\t\t\t\t<\/p>\n\t\t\t\t\n\t\t\t<\/div>\n\t\t\t\n\t\t<\/div>\n\t\t\t\t\t\t<\/div>\n\t\t\t\t<\/div>\n\t\t\t\t\t<\/div>\n\t\t<\/div>\n\t\t\t\t\t<\/div>\n\t\t<\/section>\n\t\t\t\t\t<\/div>\n\t\t<\/div>\n\t\t\t\t<div class=\"elementor-column elementor-col-33 elementor-top-column elementor-element elementor-element-5fe2e4fc\" data-id=\"5fe2e4fc\" data-element_type=\"column\" data-e-type=\"column\">\n\t\t\t<div class=\"elementor-widget-wrap\">\n\t\t\t\t\t\t\t<\/div>\n\t\t<\/div>\n\t\t\t\t\t<\/div>\n\t\t<\/section>\n\t\t\t\t<section class=\"elementor-section elementor-top-section elementor-element elementor-element-9795916 elementor-section-boxed elementor-section-height-default elementor-section-height-default\" data-id=\"9795916\" data-element_type=\"section\" data-e-type=\"section\">\n\t\t\t\t\t\t<div class=\"elementor-container elementor-column-gap-default\">\n\t\t\t\t\t<div class=\"elementor-column elementor-col-25 elementor-top-column elementor-element elementor-element-201b225c\" data-id=\"201b225c\" data-element_type=\"column\" data-e-type=\"column\">\n\t\t\t<div class=\"elementor-widget-wrap\">\n\t\t\t\t\t\t\t<\/div>\n\t\t<\/div>\n\t\t\t\t<div class=\"elementor-column elementor-col-25 elementor-top-column elementor-element elementor-element-46011059\" data-id=\"46011059\" data-element_type=\"column\" data-e-type=\"column\">\n\t\t\t<div class=\"elementor-widget-wrap\">\n\t\t\t\t\t\t\t<\/div>\n\t\t<\/div>\n\t\t\t\t<div class=\"elementor-column elementor-col-25 elementor-top-column elementor-element elementor-element-2ec86e31\" data-id=\"2ec86e31\" data-element_type=\"column\" data-e-type=\"column\">\n\t\t\t<div class=\"elementor-widget-wrap\">\n\t\t\t\t\t\t\t<\/div>\n\t\t<\/div>\n\t\t\t\t<div class=\"elementor-column elementor-col-25 elementor-top-column elementor-element elementor-element-8f8f93c\" data-id=\"8f8f93c\" data-element_type=\"column\" data-e-type=\"column\">\n\t\t\t<div class=\"elementor-widget-wrap\">\n\t\t\t\t\t\t\t<\/div>\n\t\t<\/div>\n\t\t\t\t\t<\/div>\n\t\t<\/section>\n\t\t\t\t<\/div>\n\t\t","protected":false},"excerpt":{"rendered":"<p>LA S\u0152UR CAPRICIEUSE DE L\u2019EAU DE RIVI\u00c8RE Lecture dans\u00e9e et th\u00e9\u00e2tre d\u2019objet avec Silvia Cabaco et Gabriel Galotti &nbsp; \u00a0 L\u2019eau de mer, c\u2019est la s\u0153ur capricieuse de l\u2019eau douce. Elle est la jumelle rebelle et r\u00e9volt\u00e9e, turbulente et espi\u00e8gle. C\u2019\u00e9tait pr\u00e9cis\u00e9ment\u00a0 pour vouloir contrarier sa s\u0153ur que l\u2019eau de mer a le go\u00fbt sal\u00e9 &hellip;<\/p>\n<p class=\"read-more\"> <a class=\"\" href=\"https:\/\/festival-livre-jeunesse.fr\/2021\/la-riviere-a-la-place-du-fleuve\/\"> <span class=\"screen-reader-text\">La rivi\u00e8re \u00e0 la place du fleuve<\/span> Lire la suite\u00a0\u00bb<\/a><\/p>\n","protected":false},"author":2,"featured_media":0,"parent":0,"menu_order":0,"comment_status":"closed","ping_status":"closed","template":"","meta":{"_uag_custom_page_level_css":"","footnotes":""},"class_list":["post-5303","page","type-page","status-publish","hentry"],"yoast_head":"<!-- This site is optimized with the Yoast SEO plugin v25.3.1 - https:\/\/yoast.com\/wordpress\/plugins\/seo\/ -->\n<title>La rivi\u00e8re \u00e0 la place du fleuve - Festival du Livre de Jeunesse Occitanie<\/title>\n<meta name=\"robots\" content=\"index, follow, max-snippet:-1, max-image-preview:large, max-video-preview:-1\" \/>\n<link rel=\"canonical\" href=\"https:\/\/festival-livre-jeunesse.fr\/2021\/la-riviere-a-la-place-du-fleuve\/\" \/>\n<meta property=\"og:locale\" content=\"fr_FR\" \/>\n<meta property=\"og:type\" content=\"article\" \/>\n<meta property=\"og:title\" content=\"La rivi\u00e8re \u00e0 la place du fleuve - Festival du Livre de Jeunesse Occitanie\" \/>\n<meta property=\"og:description\" content=\"LA S\u0152UR CAPRICIEUSE DE L\u2019EAU DE RIVI\u00c8RE Lecture dans\u00e9e et th\u00e9\u00e2tre d\u2019objet avec Silvia Cabaco et Gabriel Galotti &nbsp; \u00a0 L\u2019eau de mer, c\u2019est la s\u0153ur capricieuse de l\u2019eau douce. Elle est la jumelle rebelle et r\u00e9volt\u00e9e, turbulente et espi\u00e8gle. C\u2019\u00e9tait pr\u00e9cis\u00e9ment\u00a0 pour vouloir contrarier sa s\u0153ur que l\u2019eau de mer a le go\u00fbt sal\u00e9 &hellip; La rivi\u00e8re \u00e0 la place du fleuve Lire la suite\u00a0\u00bb\" \/>\n<meta property=\"og:url\" content=\"https:\/\/festival-livre-jeunesse.fr\/2021\/la-riviere-a-la-place-du-fleuve\/\" \/>\n<meta property=\"og:site_name\" content=\"Festival du Livre de Jeunesse Occitanie\" \/>\n<meta property=\"article:modified_time\" content=\"2021-02-09T07:07:11+00:00\" \/>\n<meta property=\"og:image\" content=\"http:\/\/festival-livre-jeunesse.fr\/2021\/wp-content\/uploads\/2021\/01\/FOND-SPECTACLE-bourse-2020.png\" \/>\n<meta name=\"twitter:card\" content=\"summary_large_image\" \/>\n<meta name=\"twitter:label1\" content=\"Dur\u00e9e de lecture estim\u00e9e\" \/>\n\t<meta name=\"twitter:data1\" content=\"1 minute\" \/>\n<script type=\"application\/ld+json\" class=\"yoast-schema-graph\">{\"@context\":\"https:\/\/schema.org\",\"@graph\":[{\"@type\":\"WebPage\",\"@id\":\"https:\/\/festival-livre-jeunesse.fr\/2021\/la-riviere-a-la-place-du-fleuve\/\",\"url\":\"https:\/\/festival-livre-jeunesse.fr\/2021\/la-riviere-a-la-place-du-fleuve\/\",\"name\":\"La rivi\u00e8re \u00e0 la place du fleuve - Festival du Livre de Jeunesse Occitanie\",\"isPartOf\":{\"@id\":\"https:\/\/festival-livre-jeunesse.fr\/2021\/#website\"},\"primaryImageOfPage\":{\"@id\":\"https:\/\/festival-livre-jeunesse.fr\/2021\/la-riviere-a-la-place-du-fleuve\/#primaryimage\"},\"image\":{\"@id\":\"https:\/\/festival-livre-jeunesse.fr\/2021\/la-riviere-a-la-place-du-fleuve\/#primaryimage\"},\"thumbnailUrl\":\"http:\/\/festival-livre-jeunesse.fr\/2021\/wp-content\/uploads\/2021\/01\/FOND-SPECTACLE-bourse-2020.png\",\"datePublished\":\"2021-01-14T08:24:38+00:00\",\"dateModified\":\"2021-02-09T07:07:11+00:00\",\"breadcrumb\":{\"@id\":\"https:\/\/festival-livre-jeunesse.fr\/2021\/la-riviere-a-la-place-du-fleuve\/#breadcrumb\"},\"inLanguage\":\"fr-FR\",\"potentialAction\":[{\"@type\":\"ReadAction\",\"target\":[\"https:\/\/festival-livre-jeunesse.fr\/2021\/la-riviere-a-la-place-du-fleuve\/\"]}]},{\"@type\":\"ImageObject\",\"inLanguage\":\"fr-FR\",\"@id\":\"https:\/\/festival-livre-jeunesse.fr\/2021\/la-riviere-a-la-place-du-fleuve\/#primaryimage\",\"url\":\"http:\/\/festival-livre-jeunesse.fr\/2021\/wp-content\/uploads\/2021\/01\/FOND-SPECTACLE-bourse-2020.png\",\"contentUrl\":\"http:\/\/festival-livre-jeunesse.fr\/2021\/wp-content\/uploads\/2021\/01\/FOND-SPECTACLE-bourse-2020.png\"},{\"@type\":\"BreadcrumbList\",\"@id\":\"https:\/\/festival-livre-jeunesse.fr\/2021\/la-riviere-a-la-place-du-fleuve\/#breadcrumb\",\"itemListElement\":[{\"@type\":\"ListItem\",\"position\":1,\"name\":\"Accueil\",\"item\":\"https:\/\/festival-livre-jeunesse.fr\/2021\/\"},{\"@type\":\"ListItem\",\"position\":2,\"name\":\"La rivi\u00e8re \u00e0 la place du fleuve\"}]},{\"@type\":\"WebSite\",\"@id\":\"https:\/\/festival-livre-jeunesse.fr\/2021\/#website\",\"url\":\"https:\/\/festival-livre-jeunesse.fr\/2021\/\",\"name\":\"Festival du Livre de Jeunesse Occitanie\",\"description\":\"19\u00e8me \u00e9dition\",\"potentialAction\":[{\"@type\":\"SearchAction\",\"target\":{\"@type\":\"EntryPoint\",\"urlTemplate\":\"https:\/\/festival-livre-jeunesse.fr\/2021\/?s={search_term_string}\"},\"query-input\":{\"@type\":\"PropertyValueSpecification\",\"valueRequired\":true,\"valueName\":\"search_term_string\"}}],\"inLanguage\":\"fr-FR\"}]}<\/script>\n<!-- \/ Yoast SEO plugin. -->","yoast_head_json":{"title":"La rivi\u00e8re \u00e0 la place du fleuve - Festival du Livre de Jeunesse Occitanie","robots":{"index":"index","follow":"follow","max-snippet":"max-snippet:-1","max-image-preview":"max-image-preview:large","max-video-preview":"max-video-preview:-1"},"canonical":"https:\/\/festival-livre-jeunesse.fr\/2021\/la-riviere-a-la-place-du-fleuve\/","og_locale":"fr_FR","og_type":"article","og_title":"La rivi\u00e8re \u00e0 la place du fleuve - Festival du Livre de Jeunesse Occitanie","og_description":"LA S\u0152UR CAPRICIEUSE DE L\u2019EAU DE RIVI\u00c8RE Lecture dans\u00e9e et th\u00e9\u00e2tre d\u2019objet avec Silvia Cabaco et Gabriel Galotti &nbsp; \u00a0 L\u2019eau de mer, c\u2019est la s\u0153ur capricieuse de l\u2019eau douce. Elle est la jumelle rebelle et r\u00e9volt\u00e9e, turbulente et espi\u00e8gle. C\u2019\u00e9tait pr\u00e9cis\u00e9ment\u00a0 pour vouloir contrarier sa s\u0153ur que l\u2019eau de mer a le go\u00fbt sal\u00e9 &hellip; La rivi\u00e8re \u00e0 la place du fleuve Lire la suite\u00a0\u00bb","og_url":"https:\/\/festival-livre-jeunesse.fr\/2021\/la-riviere-a-la-place-du-fleuve\/","og_site_name":"Festival du Livre de Jeunesse Occitanie","article_modified_time":"2021-02-09T07:07:11+00:00","og_image":[{"url":"http:\/\/festival-livre-jeunesse.fr\/2021\/wp-content\/uploads\/2021\/01\/FOND-SPECTACLE-bourse-2020.png","type":"","width":"","height":""}],"twitter_card":"summary_large_image","twitter_misc":{"Dur\u00e9e de lecture estim\u00e9e":"1 minute"},"schema":{"@context":"https:\/\/schema.org","@graph":[{"@type":"WebPage","@id":"https:\/\/festival-livre-jeunesse.fr\/2021\/la-riviere-a-la-place-du-fleuve\/","url":"https:\/\/festival-livre-jeunesse.fr\/2021\/la-riviere-a-la-place-du-fleuve\/","name":"La rivi\u00e8re \u00e0 la place du fleuve - Festival du Livre de Jeunesse Occitanie","isPartOf":{"@id":"https:\/\/festival-livre-jeunesse.fr\/2021\/#website"},"primaryImageOfPage":{"@id":"https:\/\/festival-livre-jeunesse.fr\/2021\/la-riviere-a-la-place-du-fleuve\/#primaryimage"},"image":{"@id":"https:\/\/festival-livre-jeunesse.fr\/2021\/la-riviere-a-la-place-du-fleuve\/#primaryimage"},"thumbnailUrl":"http:\/\/festival-livre-jeunesse.fr\/2021\/wp-content\/uploads\/2021\/01\/FOND-SPECTACLE-bourse-2020.png","datePublished":"2021-01-14T08:24:38+00:00","dateModified":"2021-02-09T07:07:11+00:00","breadcrumb":{"@id":"https:\/\/festival-livre-jeunesse.fr\/2021\/la-riviere-a-la-place-du-fleuve\/#breadcrumb"},"inLanguage":"fr-FR","potentialAction":[{"@type":"ReadAction","target":["https:\/\/festival-livre-jeunesse.fr\/2021\/la-riviere-a-la-place-du-fleuve\/"]}]},{"@type":"ImageObject","inLanguage":"fr-FR","@id":"https:\/\/festival-livre-jeunesse.fr\/2021\/la-riviere-a-la-place-du-fleuve\/#primaryimage","url":"http:\/\/festival-livre-jeunesse.fr\/2021\/wp-content\/uploads\/2021\/01\/FOND-SPECTACLE-bourse-2020.png","contentUrl":"http:\/\/festival-livre-jeunesse.fr\/2021\/wp-content\/uploads\/2021\/01\/FOND-SPECTACLE-bourse-2020.png"},{"@type":"BreadcrumbList","@id":"https:\/\/festival-livre-jeunesse.fr\/2021\/la-riviere-a-la-place-du-fleuve\/#breadcrumb","itemListElement":[{"@type":"ListItem","position":1,"name":"Accueil","item":"https:\/\/festival-livre-jeunesse.fr\/2021\/"},{"@type":"ListItem","position":2,"name":"La rivi\u00e8re \u00e0 la place du fleuve"}]},{"@type":"WebSite","@id":"https:\/\/festival-livre-jeunesse.fr\/2021\/#website","url":"https:\/\/festival-livre-jeunesse.fr\/2021\/","name":"Festival du Livre de Jeunesse Occitanie","description":"19\u00e8me \u00e9dition","potentialAction":[{"@type":"SearchAction","target":{"@type":"EntryPoint","urlTemplate":"https:\/\/festival-livre-jeunesse.fr\/2021\/?s={search_term_string}"},"query-input":{"@type":"PropertyValueSpecification","valueRequired":true,"valueName":"search_term_string"}}],"inLanguage":"fr-FR"}]}},"uagb_featured_image_src":{"full":false,"thumbnail":false,"medium":false,"medium_large":false,"large":false,"1536x1536":false,"2048x2048":false},"uagb_author_info":{"display_name":"Katell Abgrall","author_link":"https:\/\/festival-livre-jeunesse.fr\/2021\/author\/coordinatrice\/"},"uagb_comment_info":0,"uagb_excerpt":"LA S\u0152UR CAPRICIEUSE DE L\u2019EAU DE RIVI\u00c8RE Lecture dans\u00e9e et th\u00e9\u00e2tre d\u2019objet avec Silvia Cabaco et Gabriel Galotti &nbsp; \u00a0 L\u2019eau de mer, c\u2019est la s\u0153ur capricieuse de l\u2019eau douce. Elle est la jumelle rebelle et r\u00e9volt\u00e9e, turbulente et espi\u00e8gle. C\u2019\u00e9tait pr\u00e9cis\u00e9ment\u00a0 pour vouloir contrarier sa s\u0153ur que l\u2019eau de mer a le go\u00fbt sal\u00e9\u2026","_links":{"self":[{"href":"https:\/\/festival-livre-jeunesse.fr\/2021\/wp-json\/wp\/v2\/pages\/5303","targetHints":{"allow":["GET"]}}],"collection":[{"href":"https:\/\/festival-livre-jeunesse.fr\/2021\/wp-json\/wp\/v2\/pages"}],"about":[{"href":"https:\/\/festival-livre-jeunesse.fr\/2021\/wp-json\/wp\/v2\/types\/page"}],"author":[{"embeddable":true,"href":"https:\/\/festival-livre-jeunesse.fr\/2021\/wp-json\/wp\/v2\/users\/2"}],"replies":[{"embeddable":true,"href":"https:\/\/festival-livre-jeunesse.fr\/2021\/wp-json\/wp\/v2\/comments?post=5303"}],"version-history":[{"count":7,"href":"https:\/\/festival-livre-jeunesse.fr\/2021\/wp-json\/wp\/v2\/pages\/5303\/revisions"}],"predecessor-version":[{"id":9519,"href":"https:\/\/festival-livre-jeunesse.fr\/2021\/wp-json\/wp\/v2\/pages\/5303\/revisions\/9519"}],"wp:attachment":[{"href":"https:\/\/festival-livre-jeunesse.fr\/2021\/wp-json\/wp\/v2\/media?parent=5303"}],"curies":[{"name":"wp","href":"https:\/\/api.w.org\/{rel}","templated":true}]}}