{"id":6514,"date":"2021-01-17T22:37:39","date_gmt":"2021-01-17T21:37:39","guid":{"rendered":"https:\/\/festival-livre-jeunesse.fr\/2021\/?page_id=6514"},"modified":"2021-01-25T13:59:31","modified_gmt":"2021-01-25T12:59:31","slug":"sophie-van-der-linden","status":"publish","type":"page","link":"https:\/\/festival-livre-jeunesse.fr\/2021\/sophie-van-der-linden\/","title":{"rendered":"Sophie Van der Linden"},"content":{"rendered":"\t\t<div data-elementor-type=\"wp-page\" data-elementor-id=\"6514\" class=\"elementor elementor-6514\">\n\t\t\t\t\t\t<section class=\"elementor-section elementor-top-section elementor-element elementor-element-fc57e8d elementor-section-boxed elementor-section-height-default elementor-section-height-default\" data-id=\"fc57e8d\" data-element_type=\"section\" data-e-type=\"section\">\n\t\t\t\t\t\t<div class=\"elementor-container elementor-column-gap-default\">\n\t\t\t\t\t<div class=\"elementor-column elementor-col-100 elementor-top-column elementor-element elementor-element-c30ca6b\" data-id=\"c30ca6b\" data-element_type=\"column\" data-e-type=\"column\">\n\t\t\t<div class=\"elementor-widget-wrap elementor-element-populated\">\n\t\t\t\t\t\t<div class=\"elementor-element elementor-element-52063d3 elementor-widget elementor-widget-heading\" data-id=\"52063d3\" data-element_type=\"widget\" data-e-type=\"widget\" data-widget_type=\"heading.default\">\n\t\t\t\t<div class=\"elementor-widget-container\">\n\t\t\t\t\t<h2 class=\"elementor-heading-title elementor-size-default\">Sophie Van der Linden<\/h2>\t\t\t\t<\/div>\n\t\t\t\t<\/div>\n\t\t\t\t<section class=\"elementor-section elementor-inner-section elementor-element elementor-element-b477cb0 elementor-section-boxed elementor-section-height-default elementor-section-height-default\" data-id=\"b477cb0\" data-element_type=\"section\" data-e-type=\"section\">\n\t\t\t\t\t\t<div class=\"elementor-container elementor-column-gap-default\">\n\t\t\t\t\t<div class=\"elementor-column elementor-col-50 elementor-inner-column elementor-element elementor-element-1f2cf1d\" data-id=\"1f2cf1d\" data-element_type=\"column\" data-e-type=\"column\">\n\t\t\t<div class=\"elementor-widget-wrap elementor-element-populated\">\n\t\t\t\t\t\t<div class=\"elementor-element elementor-element-e39c28c elementor-widget elementor-widget-image\" data-id=\"e39c28c\" data-element_type=\"widget\" data-e-type=\"widget\" data-widget_type=\"image.default\">\n\t\t\t\t<div class=\"elementor-widget-container\">\n\t\t\t\t\t\t\t\t\t\t\t\t\t\t\t\t<a href=\"http:\/\/www.svdl.fr\/svdl\/\">\n\t\t\t\t\t\t\t<img fetchpriority=\"high\" decoding=\"async\" width=\"259\" height=\"194\" src=\"https:\/\/festival-livre-jeunesse.fr\/2021\/wp-content\/uploads\/2020\/11\/Sophie-Van-der-Linden.jpg\" class=\"attachment-large size-large wp-image-2637\" alt=\"VanderLinden_Sophie\u00a9Heloise_Jouanard\" \/>\t\t\t\t\t\t\t\t<\/a>\n\t\t\t\t\t\t\t\t\t\t\t\t\t\t\t<\/div>\n\t\t\t\t<\/div>\n\t\t\t\t\t<\/div>\n\t\t<\/div>\n\t\t\t\t<div class=\"elementor-column elementor-col-50 elementor-inner-column elementor-element elementor-element-9e61f46\" data-id=\"9e61f46\" data-element_type=\"column\" data-e-type=\"column\">\n\t\t\t<div class=\"elementor-widget-wrap elementor-element-populated\">\n\t\t\t\t\t\t<div class=\"elementor-element elementor-element-7f018dd elementor-widget elementor-widget-text-editor\" data-id=\"7f018dd\" data-element_type=\"widget\" data-e-type=\"widget\" data-widget_type=\"text-editor.default\">\n\t\t\t\t<div class=\"elementor-widget-container\">\n\t\t\t\t\t\t\t\t\t<p>Sophie Van der Linden est une <strong>romanci\u00e8re et critique<\/strong>.<\/p><p>Son travail critique se sp\u00e9cialise dans la litt\u00e9rature pour la jeunesse, depuis la publication de son premier ouvrage critique en 2000 \u00ab\u00a0<strong><em>Claude Ponti<\/em><\/strong>\u00ab\u00a0, \u00e9ditions \u00catre, Prix de la critique en litt\u00e9rature pour la jeunesse.<\/p><p>Sophie Van der Linden a depuis publi\u00e9 d&rsquo;autres ouvrages critiques d\u00e9di\u00e9s \u00e0 l&rsquo;illustration pour la jeunesse, parmi lesquels les livres de r\u00e9f\u00e9rence<\/p><ul><li>\u00ab\u00a0<em>Lire l&rsquo;album<\/em>\u00a0\u00bb (L&rsquo;Atelier du Poisson Soluble, 2006)<\/li><li>\u00ab\u00a0<em>Album[s]<\/em>\u00ab\u00a0, (Actes Sud &#8211; De Facto).<\/li><\/ul><p>Elle est \u00e9galement l&rsquo;<strong>\u00e9ditrice de guides<\/strong> sur la litt\u00e9rature pour la jeunesse publi\u00e9s par Gallimard Jeunesse \u00ab\u00a0<em>Je cherche un livre pour un enfant<\/em>\u00ab\u00a0.<\/p><p>Depuis 2013, elle publie \u00e9galement des romans en litt\u00e9rature g\u00e9n\u00e9rale, d&rsquo;abord aux \u00e9ditions Buchet-Chastel puis chez Gallimard (Collection Sygne). Son premier roman, \u00ab\u00a0<em>La Fabrique du monde<\/em>\u00ab\u00a0, a \u00e9t\u00e9 publi\u00e9 en ao\u00fbt 2013 (Folio, 2014), s\u00e9lectionn\u00e9 pour le Prix du premier roman et pour le Prix des libraires, il a re\u00e7u les prix Palissy, Livre Pourpre, Jeunes Mousquetaires, La Passerelle, Lilly in the Vall\u00e9e et L&rsquo;esprit Large.<\/p><p>Elle interviendra pendant la journ\u00e9e professionnelle et analysera l&rsquo;oeuvre d&rsquo;<a href=\"http:\/\/festival-livre-jeunesse.fr\/2021\/anne-brouillard-2\">Anne Brouillard.<\/a><\/p>\t\t\t\t\t\t\t\t<\/div>\n\t\t\t\t<\/div>\n\t\t\t\t\t<\/div>\n\t\t<\/div>\n\t\t\t\t\t<\/div>\n\t\t<\/section>\n\t\t\t\t<div class=\"elementor-element elementor-element-0e9ed26 elementor-widget elementor-widget-text-editor\" data-id=\"0e9ed26\" data-element_type=\"widget\" data-e-type=\"widget\" data-widget_type=\"text-editor.default\">\n\t\t\t\t<div class=\"elementor-widget-container\">\n\t\t\t\t\t\t\t\t\t<h3>Bibliographie<\/h3><p><em>Apr\u00e8s Constantinople<\/em>, Gallimard Sygne, janvier 2019<br \/><em>De Terre et de mer<\/em>, Buchet-Chastel, ao\u00fbt 2016 (Folio n\u00b06578)<br \/><em>L\u2019Incertitude de l\u2019aube<\/em>, Buchet-Chastel, ao\u00fbt 2014<br \/><em>La Fabrique du monde<\/em>, Buchet-Chastel, ao\u00fbt 2013 (Folio n\u00b0 5817)<\/p>\t\t\t\t\t\t\t\t<\/div>\n\t\t\t\t<\/div>\n\t\t\t\t\t<\/div>\n\t\t<\/div>\n\t\t\t\t\t<\/div>\n\t\t<\/section>\n\t\t\t\t<section class=\"elementor-section elementor-top-section elementor-element elementor-element-ddc12b0 elementor-section-boxed elementor-section-height-default elementor-section-height-default\" data-id=\"ddc12b0\" data-element_type=\"section\" data-e-type=\"section\">\n\t\t\t\t\t\t<div class=\"elementor-container elementor-column-gap-default\">\n\t\t\t\t\t<div class=\"elementor-column elementor-col-100 elementor-top-column elementor-element elementor-element-73070bf\" data-id=\"73070bf\" data-element_type=\"column\" data-e-type=\"column\">\n\t\t\t<div class=\"elementor-widget-wrap elementor-element-populated\">\n\t\t\t\t\t\t<div class=\"elementor-element elementor-element-410fc7d elementor-widget elementor-widget-spacer\" data-id=\"410fc7d\" data-element_type=\"widget\" data-e-type=\"widget\" data-widget_type=\"spacer.default\">\n\t\t\t\t<div class=\"elementor-widget-container\">\n\t\t\t\t\t\t\t<div class=\"elementor-spacer\">\n\t\t\t<div class=\"elementor-spacer-inner\"><\/div>\n\t\t<\/div>\n\t\t\t\t\t\t<\/div>\n\t\t\t\t<\/div>\n\t\t\t\t\t<\/div>\n\t\t<\/div>\n\t\t\t\t\t<\/div>\n\t\t<\/section>\n\t\t\t\t<\/div>\n\t\t","protected":false},"excerpt":{"rendered":"<p>Sophie Van der Linden Sophie Van der Linden est une romanci\u00e8re et critique. Son travail critique se sp\u00e9cialise dans la litt\u00e9rature pour la jeunesse, depuis la publication de son premier ouvrage critique en 2000 \u00ab\u00a0Claude Ponti\u00ab\u00a0, \u00e9ditions \u00catre, Prix de la critique en litt\u00e9rature pour la jeunesse. Sophie Van der Linden a depuis publi\u00e9 d&rsquo;autres &hellip;<\/p>\n<p class=\"read-more\"> <a class=\"\" href=\"https:\/\/festival-livre-jeunesse.fr\/2021\/sophie-van-der-linden\/\"> <span class=\"screen-reader-text\">Sophie Van der Linden<\/span> Lire la suite\u00a0\u00bb<\/a><\/p>\n","protected":false},"author":1,"featured_media":0,"parent":0,"menu_order":0,"comment_status":"closed","ping_status":"closed","template":"","meta":{"_uag_custom_page_level_css":"","footnotes":""},"class_list":["post-6514","page","type-page","status-publish","hentry"],"yoast_head":"<!-- This site is optimized with the Yoast SEO plugin v25.3.1 - https:\/\/yoast.com\/wordpress\/plugins\/seo\/ -->\n<title>Sophie Van der Linden - Festival du Livre de Jeunesse Occitanie<\/title>\n<meta name=\"robots\" content=\"index, follow, max-snippet:-1, max-image-preview:large, max-video-preview:-1\" \/>\n<link rel=\"canonical\" href=\"https:\/\/festival-livre-jeunesse.fr\/2021\/sophie-van-der-linden\/\" \/>\n<meta property=\"og:locale\" content=\"fr_FR\" \/>\n<meta property=\"og:type\" content=\"article\" \/>\n<meta property=\"og:title\" content=\"Sophie Van der Linden - Festival du Livre de Jeunesse Occitanie\" \/>\n<meta property=\"og:description\" content=\"Sophie Van der Linden Sophie Van der Linden est une romanci\u00e8re et critique. Son travail critique se sp\u00e9cialise dans la litt\u00e9rature pour la jeunesse, depuis la publication de son premier ouvrage critique en 2000 \u00ab\u00a0Claude Ponti\u00ab\u00a0, \u00e9ditions \u00catre, Prix de la critique en litt\u00e9rature pour la jeunesse. Sophie Van der Linden a depuis publi\u00e9 d&rsquo;autres &hellip; Sophie Van der Linden Lire la suite\u00a0\u00bb\" \/>\n<meta property=\"og:url\" content=\"https:\/\/festival-livre-jeunesse.fr\/2021\/sophie-van-der-linden\/\" \/>\n<meta property=\"og:site_name\" content=\"Festival du Livre de Jeunesse Occitanie\" \/>\n<meta property=\"article:modified_time\" content=\"2021-01-25T12:59:31+00:00\" \/>\n<meta property=\"og:image\" content=\"http:\/\/festival-livre-jeunesse.fr\/2021\/wp-content\/uploads\/2020\/11\/Sophie-Van-der-Linden.jpg\" \/>\n<meta name=\"twitter:card\" content=\"summary_large_image\" \/>\n<meta name=\"twitter:label1\" content=\"Dur\u00e9e de lecture estim\u00e9e\" \/>\n\t<meta name=\"twitter:data1\" content=\"1 minute\" \/>\n<script type=\"application\/ld+json\" class=\"yoast-schema-graph\">{\"@context\":\"https:\/\/schema.org\",\"@graph\":[{\"@type\":\"WebPage\",\"@id\":\"https:\/\/festival-livre-jeunesse.fr\/2021\/sophie-van-der-linden\/\",\"url\":\"https:\/\/festival-livre-jeunesse.fr\/2021\/sophie-van-der-linden\/\",\"name\":\"Sophie Van der Linden - Festival du Livre de Jeunesse Occitanie\",\"isPartOf\":{\"@id\":\"https:\/\/festival-livre-jeunesse.fr\/2021\/#website\"},\"primaryImageOfPage\":{\"@id\":\"https:\/\/festival-livre-jeunesse.fr\/2021\/sophie-van-der-linden\/#primaryimage\"},\"image\":{\"@id\":\"https:\/\/festival-livre-jeunesse.fr\/2021\/sophie-van-der-linden\/#primaryimage\"},\"thumbnailUrl\":\"http:\/\/festival-livre-jeunesse.fr\/2021\/wp-content\/uploads\/2020\/11\/Sophie-Van-der-Linden.jpg\",\"datePublished\":\"2021-01-17T21:37:39+00:00\",\"dateModified\":\"2021-01-25T12:59:31+00:00\",\"breadcrumb\":{\"@id\":\"https:\/\/festival-livre-jeunesse.fr\/2021\/sophie-van-der-linden\/#breadcrumb\"},\"inLanguage\":\"fr-FR\",\"potentialAction\":[{\"@type\":\"ReadAction\",\"target\":[\"https:\/\/festival-livre-jeunesse.fr\/2021\/sophie-van-der-linden\/\"]}]},{\"@type\":\"ImageObject\",\"inLanguage\":\"fr-FR\",\"@id\":\"https:\/\/festival-livre-jeunesse.fr\/2021\/sophie-van-der-linden\/#primaryimage\",\"url\":\"http:\/\/festival-livre-jeunesse.fr\/2021\/wp-content\/uploads\/2020\/11\/Sophie-Van-der-Linden.jpg\",\"contentUrl\":\"http:\/\/festival-livre-jeunesse.fr\/2021\/wp-content\/uploads\/2020\/11\/Sophie-Van-der-Linden.jpg\"},{\"@type\":\"BreadcrumbList\",\"@id\":\"https:\/\/festival-livre-jeunesse.fr\/2021\/sophie-van-der-linden\/#breadcrumb\",\"itemListElement\":[{\"@type\":\"ListItem\",\"position\":1,\"name\":\"Accueil\",\"item\":\"https:\/\/festival-livre-jeunesse.fr\/2021\/\"},{\"@type\":\"ListItem\",\"position\":2,\"name\":\"Sophie Van der Linden\"}]},{\"@type\":\"WebSite\",\"@id\":\"https:\/\/festival-livre-jeunesse.fr\/2021\/#website\",\"url\":\"https:\/\/festival-livre-jeunesse.fr\/2021\/\",\"name\":\"Festival du Livre de Jeunesse Occitanie\",\"description\":\"19\u00e8me \u00e9dition\",\"potentialAction\":[{\"@type\":\"SearchAction\",\"target\":{\"@type\":\"EntryPoint\",\"urlTemplate\":\"https:\/\/festival-livre-jeunesse.fr\/2021\/?s={search_term_string}\"},\"query-input\":{\"@type\":\"PropertyValueSpecification\",\"valueRequired\":true,\"valueName\":\"search_term_string\"}}],\"inLanguage\":\"fr-FR\"}]}<\/script>\n<!-- \/ Yoast SEO plugin. -->","yoast_head_json":{"title":"Sophie Van der Linden - Festival du Livre de Jeunesse Occitanie","robots":{"index":"index","follow":"follow","max-snippet":"max-snippet:-1","max-image-preview":"max-image-preview:large","max-video-preview":"max-video-preview:-1"},"canonical":"https:\/\/festival-livre-jeunesse.fr\/2021\/sophie-van-der-linden\/","og_locale":"fr_FR","og_type":"article","og_title":"Sophie Van der Linden - Festival du Livre de Jeunesse Occitanie","og_description":"Sophie Van der Linden Sophie Van der Linden est une romanci\u00e8re et critique. Son travail critique se sp\u00e9cialise dans la litt\u00e9rature pour la jeunesse, depuis la publication de son premier ouvrage critique en 2000 \u00ab\u00a0Claude Ponti\u00ab\u00a0, \u00e9ditions \u00catre, Prix de la critique en litt\u00e9rature pour la jeunesse. Sophie Van der Linden a depuis publi\u00e9 d&rsquo;autres &hellip; Sophie Van der Linden Lire la suite\u00a0\u00bb","og_url":"https:\/\/festival-livre-jeunesse.fr\/2021\/sophie-van-der-linden\/","og_site_name":"Festival du Livre de Jeunesse Occitanie","article_modified_time":"2021-01-25T12:59:31+00:00","og_image":[{"url":"http:\/\/festival-livre-jeunesse.fr\/2021\/wp-content\/uploads\/2020\/11\/Sophie-Van-der-Linden.jpg","type":"","width":"","height":""}],"twitter_card":"summary_large_image","twitter_misc":{"Dur\u00e9e de lecture estim\u00e9e":"1 minute"},"schema":{"@context":"https:\/\/schema.org","@graph":[{"@type":"WebPage","@id":"https:\/\/festival-livre-jeunesse.fr\/2021\/sophie-van-der-linden\/","url":"https:\/\/festival-livre-jeunesse.fr\/2021\/sophie-van-der-linden\/","name":"Sophie Van der Linden - Festival du Livre de Jeunesse Occitanie","isPartOf":{"@id":"https:\/\/festival-livre-jeunesse.fr\/2021\/#website"},"primaryImageOfPage":{"@id":"https:\/\/festival-livre-jeunesse.fr\/2021\/sophie-van-der-linden\/#primaryimage"},"image":{"@id":"https:\/\/festival-livre-jeunesse.fr\/2021\/sophie-van-der-linden\/#primaryimage"},"thumbnailUrl":"http:\/\/festival-livre-jeunesse.fr\/2021\/wp-content\/uploads\/2020\/11\/Sophie-Van-der-Linden.jpg","datePublished":"2021-01-17T21:37:39+00:00","dateModified":"2021-01-25T12:59:31+00:00","breadcrumb":{"@id":"https:\/\/festival-livre-jeunesse.fr\/2021\/sophie-van-der-linden\/#breadcrumb"},"inLanguage":"fr-FR","potentialAction":[{"@type":"ReadAction","target":["https:\/\/festival-livre-jeunesse.fr\/2021\/sophie-van-der-linden\/"]}]},{"@type":"ImageObject","inLanguage":"fr-FR","@id":"https:\/\/festival-livre-jeunesse.fr\/2021\/sophie-van-der-linden\/#primaryimage","url":"http:\/\/festival-livre-jeunesse.fr\/2021\/wp-content\/uploads\/2020\/11\/Sophie-Van-der-Linden.jpg","contentUrl":"http:\/\/festival-livre-jeunesse.fr\/2021\/wp-content\/uploads\/2020\/11\/Sophie-Van-der-Linden.jpg"},{"@type":"BreadcrumbList","@id":"https:\/\/festival-livre-jeunesse.fr\/2021\/sophie-van-der-linden\/#breadcrumb","itemListElement":[{"@type":"ListItem","position":1,"name":"Accueil","item":"https:\/\/festival-livre-jeunesse.fr\/2021\/"},{"@type":"ListItem","position":2,"name":"Sophie Van der Linden"}]},{"@type":"WebSite","@id":"https:\/\/festival-livre-jeunesse.fr\/2021\/#website","url":"https:\/\/festival-livre-jeunesse.fr\/2021\/","name":"Festival du Livre de Jeunesse Occitanie","description":"19\u00e8me \u00e9dition","potentialAction":[{"@type":"SearchAction","target":{"@type":"EntryPoint","urlTemplate":"https:\/\/festival-livre-jeunesse.fr\/2021\/?s={search_term_string}"},"query-input":{"@type":"PropertyValueSpecification","valueRequired":true,"valueName":"search_term_string"}}],"inLanguage":"fr-FR"}]}},"uagb_featured_image_src":{"full":false,"thumbnail":false,"medium":false,"medium_large":false,"large":false,"1536x1536":false,"2048x2048":false},"uagb_author_info":{"display_name":"festival","author_link":"https:\/\/festival-livre-jeunesse.fr\/2021\/author\/festival\/"},"uagb_comment_info":0,"uagb_excerpt":"Sophie Van der Linden Sophie Van der Linden est une romanci\u00e8re et critique. Son travail critique se sp\u00e9cialise dans la litt\u00e9rature pour la jeunesse, depuis la publication de son premier ouvrage critique en 2000 \u00ab\u00a0Claude Ponti\u00ab\u00a0, \u00e9ditions \u00catre, Prix de la critique en litt\u00e9rature pour la jeunesse. Sophie Van der Linden a depuis publi\u00e9 d&rsquo;autres\u2026","_links":{"self":[{"href":"https:\/\/festival-livre-jeunesse.fr\/2021\/wp-json\/wp\/v2\/pages\/6514","targetHints":{"allow":["GET"]}}],"collection":[{"href":"https:\/\/festival-livre-jeunesse.fr\/2021\/wp-json\/wp\/v2\/pages"}],"about":[{"href":"https:\/\/festival-livre-jeunesse.fr\/2021\/wp-json\/wp\/v2\/types\/page"}],"author":[{"embeddable":true,"href":"https:\/\/festival-livre-jeunesse.fr\/2021\/wp-json\/wp\/v2\/users\/1"}],"replies":[{"embeddable":true,"href":"https:\/\/festival-livre-jeunesse.fr\/2021\/wp-json\/wp\/v2\/comments?post=6514"}],"version-history":[{"count":22,"href":"https:\/\/festival-livre-jeunesse.fr\/2021\/wp-json\/wp\/v2\/pages\/6514\/revisions"}],"predecessor-version":[{"id":8343,"href":"https:\/\/festival-livre-jeunesse.fr\/2021\/wp-json\/wp\/v2\/pages\/6514\/revisions\/8343"}],"wp:attachment":[{"href":"https:\/\/festival-livre-jeunesse.fr\/2021\/wp-json\/wp\/v2\/media?parent=6514"}],"curies":[{"name":"wp","href":"https:\/\/api.w.org\/{rel}","templated":true}]}}