{"id":67,"date":"2020-08-27T23:14:17","date_gmt":"2020-08-27T21:14:17","guid":{"rendered":"http:\/\/festival-livre-jeunesse.fr\/2021\/?page_id=67"},"modified":"2020-12-04T12:57:42","modified_gmt":"2020-12-04T11:57:42","slug":"journee-scolaire","status":"publish","type":"page","link":"https:\/\/festival-livre-jeunesse.fr\/2021\/journee-scolaire\/","title":{"rendered":"Journ\u00e9e scolaire"},"content":{"rendered":"\t\t<div data-elementor-type=\"wp-page\" data-elementor-id=\"67\" class=\"elementor elementor-67\">\n\t\t\t\t\t\t<section class=\"elementor-section elementor-top-section elementor-element elementor-element-96194cd elementor-section-full_width elementor-section-stretched elementor-section-height-default elementor-section-height-default\" data-id=\"96194cd\" data-element_type=\"section\" data-e-type=\"section\" data-settings=\"{&quot;stretch_section&quot;:&quot;section-stretched&quot;}\">\n\t\t\t\t\t\t<div class=\"elementor-container elementor-column-gap-wider\">\n\t\t\t\t\t<div class=\"elementor-column elementor-col-100 elementor-top-column elementor-element elementor-element-b3db35e\" data-id=\"b3db35e\" data-element_type=\"column\" data-e-type=\"column\">\n\t\t\t<div class=\"elementor-widget-wrap elementor-element-populated\">\n\t\t\t\t\t\t<div class=\"elementor-element elementor-element-2edc668 elementor-pagination-position-outside elementor-widget elementor-widget-image-carousel\" data-id=\"2edc668\" data-element_type=\"widget\" data-e-type=\"widget\" data-settings=\"{&quot;slides_to_show&quot;:&quot;1&quot;,&quot;navigation&quot;:&quot;dots&quot;,&quot;autoplay&quot;:&quot;yes&quot;,&quot;pause_on_hover&quot;:&quot;yes&quot;,&quot;pause_on_interaction&quot;:&quot;yes&quot;,&quot;autoplay_speed&quot;:5000,&quot;infinite&quot;:&quot;yes&quot;,&quot;effect&quot;:&quot;slide&quot;,&quot;speed&quot;:500}\" data-widget_type=\"image-carousel.default\">\n\t\t\t\t<div class=\"elementor-widget-container\">\n\t\t\t\t\t\t\t<div class=\"elementor-image-carousel-wrapper swiper\" role=\"region\" aria-roledescription=\"carousel\" aria-label=\"Carrousel d\u2019images\" dir=\"ltr\">\n\t\t\t<div class=\"elementor-image-carousel swiper-wrapper\" aria-live=\"off\">\n\t\t\t\t\t\t\t\t<div class=\"swiper-slide\" role=\"group\" aria-roledescription=\"slide\" aria-label=\"1 sur 2\"><figure class=\"swiper-slide-inner\"><img decoding=\"async\" class=\"swiper-slide-image\" src=\"https:\/\/festival-livre-jeunesse.fr\/2021\/wp-content\/uploads\/elementor\/thumbs\/bandeau-1600-journee-scolaire02-ozpqw0tvn29e9p0y3h98lzsmjw3kjx0b6hqdpbfatk.png\" alt=\"bandeau 1600 journ\u00e9e scolaire02\" \/><\/figure><\/div><div class=\"swiper-slide\" role=\"group\" aria-roledescription=\"slide\" aria-label=\"2 sur 2\"><figure class=\"swiper-slide-inner\"><img decoding=\"async\" class=\"swiper-slide-image\" src=\"https:\/\/festival-livre-jeunesse.fr\/2021\/wp-content\/uploads\/elementor\/thumbs\/bandeau-1600-journee-scolaire03-ozpqw0tvn29e9p0y3h98lzsmjw3kjx0b6hqdpbfatk.png\" alt=\"bandeau 1600 journ\u00e9e scolaire03\" \/><\/figure><\/div>\t\t\t<\/div>\n\t\t\t\t\t\t\t\n\t\t\t\t\t\t\t\t\t<div class=\"swiper-pagination\"><\/div>\n\t\t\t\t\t\t\t\t\t<\/div>\n\t\t\t\t\t\t<\/div>\n\t\t\t\t<\/div>\n\t\t\t\t<div class=\"elementor-element elementor-element-4276e43 elementor-widget elementor-widget-heading\" data-id=\"4276e43\" data-element_type=\"widget\" data-e-type=\"widget\" data-widget_type=\"heading.default\">\n\t\t\t\t<div class=\"elementor-widget-container\">\n\t\t\t\t\t<h1 class=\"elementor-heading-title elementor-size-xl\">rencontres scolaires - vendredi 29 janvier 2021<\/h1>\t\t\t\t<\/div>\n\t\t\t\t<\/div>\n\t\t\t\t\t<\/div>\n\t\t<\/div>\n\t\t\t\t\t<\/div>\n\t\t<\/section>\n\t\t\t\t<section class=\"elementor-section elementor-top-section elementor-element elementor-element-09f75b0 elementor-section-boxed elementor-section-height-default elementor-section-height-default\" data-id=\"09f75b0\" data-element_type=\"section\" data-e-type=\"section\" data-settings=\"{&quot;background_background&quot;:&quot;classic&quot;}\">\n\t\t\t\t\t\t<div class=\"elementor-container elementor-column-gap-wider\">\n\t\t\t\t\t<div class=\"elementor-column elementor-col-50 elementor-top-column elementor-element elementor-element-ff50f39\" data-id=\"ff50f39\" data-element_type=\"column\" data-e-type=\"column\">\n\t\t\t<div class=\"elementor-widget-wrap\">\n\t\t\t\t\t\t\t<\/div>\n\t\t<\/div>\n\t\t\t\t<div class=\"elementor-column elementor-col-50 elementor-top-column elementor-element elementor-element-b0df588\" data-id=\"b0df588\" data-element_type=\"column\" data-e-type=\"column\">\n\t\t\t<div class=\"elementor-widget-wrap elementor-element-populated\">\n\t\t\t\t\t\t<div class=\"elementor-element elementor-element-d83df32 elementor-widget elementor-widget-text-editor\" data-id=\"d83df32\" data-element_type=\"widget\" data-e-type=\"widget\" data-widget_type=\"text-editor.default\">\n\t\t\t\t<div class=\"elementor-widget-container\">\n\t\t\t\t\t\t\t\t\t<p><strong style=\"font-size: 15px;\">Temps de m\u00e9diation autour du livre pour un public scolaire, de la grande section de maternelle au lyc\u00e9e. <\/strong><\/p><p><strong style=\"font-size: 15px;\">Cette ann\u00e9e, les auteurs se rendront dans les classes pour y rencontrer les \u00e9l\u00e8ves pendant une demi-journ\u00e9e<\/strong><strong style=\"letter-spacing: 0px; font-size: 15px;\">.<\/strong><\/p><p><strong style=\"font-size: 15px;\">1300 \u00e9l\u00e8ves accueilleront les 24 auteurs, illustrateurs, po\u00e8tes, calligraphes&#8230;<\/strong><\/p>\t\t\t\t\t\t\t\t<\/div>\n\t\t\t\t<\/div>\n\t\t\t\t\t<\/div>\n\t\t<\/div>\n\t\t\t\t\t<\/div>\n\t\t<\/section>\n\t\t\t\t<section class=\"elementor-section elementor-top-section elementor-element elementor-element-00691cf elementor-section-boxed elementor-section-height-default elementor-section-height-default\" data-id=\"00691cf\" data-element_type=\"section\" data-e-type=\"section\">\n\t\t\t\t\t\t<div class=\"elementor-container elementor-column-gap-default\">\n\t\t\t\t\t<div class=\"elementor-column elementor-col-100 elementor-top-column elementor-element elementor-element-55d6b7e\" data-id=\"55d6b7e\" data-element_type=\"column\" data-e-type=\"column\">\n\t\t\t<div class=\"elementor-widget-wrap elementor-element-populated\">\n\t\t\t\t\t\t<div class=\"elementor-element elementor-element-6d7e0e7 elementor-widget elementor-widget-text-editor\" data-id=\"6d7e0e7\" data-element_type=\"widget\" data-e-type=\"widget\" data-widget_type=\"text-editor.default\">\n\t\t\t\t<div class=\"elementor-widget-container\">\n\t\t\t\t\t\t\t\t\t<p style=\"padding-left: 40px;\"><big><big><b>Les rencontres scolaires <\/b>auront lieu le <b>vendredi 29 janvier 2021 <\/b>dans les classes<b>.<\/b><\/big><\/big><\/p><p style=\"padding-left: 40px;\">Elles sont propos\u00e9es \u00e0 toutes les classes de la r\u00e9gion, de la maternelle jusqu&rsquo;au lyc\u00e9e.<br \/><span style=\"color: #993366;\"><big>Les inscriptions sont closes.<\/big><\/span><\/p><p style=\"padding-left: 40px;\"><span style=\"color: #000000;\"><strong style=\"font-size: 15px; font-family: var( --e-global-typography-text-font-family ); letter-spacing: var( --e-global-typography-text-letter-spacing ); text-transform: var( --e-global-typography-text-text-transform );\"><b>Les\u00a0<\/b>objectifs :<\/strong><\/span><\/p><ul><li style=\"list-style-type: none;\"><ul class=\"spip\" style=\"padding: 0px; margin: 0px 0px 0px 1em; list-style: square;\"><li style=\"margin: 0.3em 0px 0.3em 1.2em; list-style-position: outside;\">susciter chez l\u2019\u00e9l\u00e8ve l\u2019envie de lire ou d\u2019\u00e9crire, ce que nous appelons la lecture-plaisir,<\/li><li style=\"margin: 0.3em 0px 0.3em 1.2em; list-style-position: outside;\">travailler en amont avec les enseignants pour int\u00e9grer les rencontres aux projets des classes ou des \u00e9tablissements.<br class=\"autobr\" \/>Les \u00e9changes produits en seront d\u2019autant plus pertinents et coh\u00e9rents tant pour les cr\u00e9ateurs que pour les \u00e9l\u00e8ves,<\/li><li style=\"margin: 0.3em 0px 0.3em 1.2em; list-style-position: outside;\">toucher un public vari\u00e9 et pas seulement un public d\u00e9j\u00e0 conquis ou amateur de livres.<\/li><\/ul><\/li><\/ul>\t\t\t\t\t\t\t\t<\/div>\n\t\t\t\t<\/div>\n\t\t\t\t\t<\/div>\n\t\t<\/div>\n\t\t\t\t\t<\/div>\n\t\t<\/section>\n\t\t\t\t<section class=\"elementor-section elementor-top-section elementor-element elementor-element-bc78d2f elementor-section-boxed elementor-section-height-default elementor-section-height-default\" data-id=\"bc78d2f\" data-element_type=\"section\" data-e-type=\"section\">\n\t\t\t\t\t\t<div class=\"elementor-container elementor-column-gap-default\">\n\t\t\t\t\t<div class=\"elementor-column elementor-col-50 elementor-top-column elementor-element elementor-element-e55fb53\" data-id=\"e55fb53\" data-element_type=\"column\" data-e-type=\"column\">\n\t\t\t<div class=\"elementor-widget-wrap\">\n\t\t\t\t\t\t\t<\/div>\n\t\t<\/div>\n\t\t\t\t<div class=\"elementor-column elementor-col-50 elementor-top-column elementor-element elementor-element-0957d46\" data-id=\"0957d46\" data-element_type=\"column\" data-e-type=\"column\">\n\t\t\t<div class=\"elementor-widget-wrap\">\n\t\t\t\t\t\t\t<\/div>\n\t\t<\/div>\n\t\t\t\t\t<\/div>\n\t\t<\/section>\n\t\t\t\t<section class=\"elementor-section elementor-top-section elementor-element elementor-element-276d61b elementor-section-boxed elementor-section-height-default elementor-section-height-default\" data-id=\"276d61b\" data-element_type=\"section\" data-e-type=\"section\">\n\t\t\t\t\t\t<div class=\"elementor-container elementor-column-gap-default\">\n\t\t\t\t\t<div class=\"elementor-column elementor-col-33 elementor-top-column elementor-element elementor-element-7c20a94\" data-id=\"7c20a94\" data-element_type=\"column\" data-e-type=\"column\">\n\t\t\t<div class=\"elementor-widget-wrap\">\n\t\t\t\t\t\t\t<\/div>\n\t\t<\/div>\n\t\t\t\t<div class=\"elementor-column elementor-col-33 elementor-top-column elementor-element elementor-element-e383997\" data-id=\"e383997\" data-element_type=\"column\" data-e-type=\"column\">\n\t\t\t<div class=\"elementor-widget-wrap elementor-element-populated\">\n\t\t\t\t\t\t<div class=\"elementor-element elementor-element-a929db2 elementor-widget elementor-widget-text-editor\" data-id=\"a929db2\" data-element_type=\"widget\" data-e-type=\"widget\" data-widget_type=\"text-editor.default\">\n\t\t\t\t<div class=\"elementor-widget-container\">\n\t\t\t\t\t\t\t\t\t<p><strong>Toutefois, en fonction de l&rsquo;\u00e9volution de la situation sanitaire, l&rsquo;association organisatrice se r\u00e9serve le droit de proposer une formule adapt\u00e9e \u00e0 la n\u00e9cessit\u00e9 du moment.<\/strong><\/p>\t\t\t\t\t\t\t\t<\/div>\n\t\t\t\t<\/div>\n\t\t\t\t\t<\/div>\n\t\t<\/div>\n\t\t\t\t<div class=\"elementor-column elementor-col-33 elementor-top-column elementor-element elementor-element-d5cfe09\" data-id=\"d5cfe09\" data-element_type=\"column\" data-e-type=\"column\">\n\t\t\t<div class=\"elementor-widget-wrap\">\n\t\t\t\t\t\t\t<\/div>\n\t\t<\/div>\n\t\t\t\t\t<\/div>\n\t\t<\/section>\n\t\t\t\t<\/div>\n\t\t","protected":false},"excerpt":{"rendered":"<p>rencontres scolaires &#8211; vendredi 29 janvier 2021 Temps de m\u00e9diation autour du livre pour un public scolaire, de la grande section de maternelle au lyc\u00e9e. Cette ann\u00e9e, les auteurs se rendront dans les classes pour y rencontrer les \u00e9l\u00e8ves pendant une demi-journ\u00e9e. 1300 \u00e9l\u00e8ves accueilleront les 24 auteurs, illustrateurs, po\u00e8tes, calligraphes&#8230; Les rencontres scolaires auront &hellip;<\/p>\n<p class=\"read-more\"> <a class=\"\" href=\"https:\/\/festival-livre-jeunesse.fr\/2021\/journee-scolaire\/\"> <span class=\"screen-reader-text\">Journ\u00e9e scolaire<\/span> Lire la suite\u00a0\u00bb<\/a><\/p>\n","protected":false},"author":1,"featured_media":0,"parent":0,"menu_order":0,"comment_status":"closed","ping_status":"closed","template":"","meta":{"_uag_custom_page_level_css":"","footnotes":""},"class_list":["post-67","page","type-page","status-publish","hentry"],"yoast_head":"<!-- This site is optimized with the Yoast SEO plugin v25.3.1 - https:\/\/yoast.com\/wordpress\/plugins\/seo\/ -->\n<title>Journ\u00e9e scolaire - Festival du Livre de Jeunesse Occitanie<\/title>\n<meta name=\"robots\" content=\"index, follow, max-snippet:-1, max-image-preview:large, max-video-preview:-1\" \/>\n<link rel=\"canonical\" href=\"https:\/\/festival-livre-jeunesse.fr\/2021\/journee-scolaire\/\" \/>\n<meta property=\"og:locale\" content=\"fr_FR\" \/>\n<meta property=\"og:type\" content=\"article\" \/>\n<meta property=\"og:title\" content=\"Journ\u00e9e scolaire - Festival du Livre de Jeunesse Occitanie\" \/>\n<meta property=\"og:description\" content=\"rencontres scolaires &#8211; vendredi 29 janvier 2021 Temps de m\u00e9diation autour du livre pour un public scolaire, de la grande section de maternelle au lyc\u00e9e. Cette ann\u00e9e, les auteurs se rendront dans les classes pour y rencontrer les \u00e9l\u00e8ves pendant une demi-journ\u00e9e. 1300 \u00e9l\u00e8ves accueilleront les 24 auteurs, illustrateurs, po\u00e8tes, calligraphes&#8230; Les rencontres scolaires auront &hellip; Journ\u00e9e scolaire Lire la suite\u00a0\u00bb\" \/>\n<meta property=\"og:url\" content=\"https:\/\/festival-livre-jeunesse.fr\/2021\/journee-scolaire\/\" \/>\n<meta property=\"og:site_name\" content=\"Festival du Livre de Jeunesse Occitanie\" \/>\n<meta property=\"article:modified_time\" content=\"2020-12-04T11:57:42+00:00\" \/>\n<meta property=\"og:image\" content=\"http:\/\/festival-livre-jeunesse.fr\/2021\/wp-content\/uploads\/elementor\/thumbs\/bandeau-1600-journee-scolaire02-ovb0nasfep1u2m8fx0tpqvt0nzxfafr8b1nmc34mww.png\" \/>\n<meta name=\"twitter:card\" content=\"summary_large_image\" \/>\n<meta name=\"twitter:label1\" content=\"Dur\u00e9e de lecture estim\u00e9e\" \/>\n\t<meta name=\"twitter:data1\" content=\"1 minute\" \/>\n<script type=\"application\/ld+json\" class=\"yoast-schema-graph\">{\"@context\":\"https:\/\/schema.org\",\"@graph\":[{\"@type\":\"WebPage\",\"@id\":\"https:\/\/festival-livre-jeunesse.fr\/2021\/journee-scolaire\/\",\"url\":\"https:\/\/festival-livre-jeunesse.fr\/2021\/journee-scolaire\/\",\"name\":\"Journ\u00e9e scolaire - Festival du Livre de Jeunesse Occitanie\",\"isPartOf\":{\"@id\":\"https:\/\/festival-livre-jeunesse.fr\/2021\/#website\"},\"primaryImageOfPage\":{\"@id\":\"https:\/\/festival-livre-jeunesse.fr\/2021\/journee-scolaire\/#primaryimage\"},\"image\":{\"@id\":\"https:\/\/festival-livre-jeunesse.fr\/2021\/journee-scolaire\/#primaryimage\"},\"thumbnailUrl\":\"http:\/\/festival-livre-jeunesse.fr\/2021\/wp-content\/uploads\/elementor\/thumbs\/bandeau-1600-journee-scolaire02-ovb0nasfep1u2m8fx0tpqvt0nzxfafr8b1nmc34mww.png\",\"datePublished\":\"2020-08-27T21:14:17+00:00\",\"dateModified\":\"2020-12-04T11:57:42+00:00\",\"breadcrumb\":{\"@id\":\"https:\/\/festival-livre-jeunesse.fr\/2021\/journee-scolaire\/#breadcrumb\"},\"inLanguage\":\"fr-FR\",\"potentialAction\":[{\"@type\":\"ReadAction\",\"target\":[\"https:\/\/festival-livre-jeunesse.fr\/2021\/journee-scolaire\/\"]}]},{\"@type\":\"ImageObject\",\"inLanguage\":\"fr-FR\",\"@id\":\"https:\/\/festival-livre-jeunesse.fr\/2021\/journee-scolaire\/#primaryimage\",\"url\":\"http:\/\/festival-livre-jeunesse.fr\/2021\/wp-content\/uploads\/elementor\/thumbs\/bandeau-1600-journee-scolaire02-ovb0nasfep1u2m8fx0tpqvt0nzxfafr8b1nmc34mww.png\",\"contentUrl\":\"http:\/\/festival-livre-jeunesse.fr\/2021\/wp-content\/uploads\/elementor\/thumbs\/bandeau-1600-journee-scolaire02-ovb0nasfep1u2m8fx0tpqvt0nzxfafr8b1nmc34mww.png\"},{\"@type\":\"BreadcrumbList\",\"@id\":\"https:\/\/festival-livre-jeunesse.fr\/2021\/journee-scolaire\/#breadcrumb\",\"itemListElement\":[{\"@type\":\"ListItem\",\"position\":1,\"name\":\"Accueil\",\"item\":\"https:\/\/festival-livre-jeunesse.fr\/2021\/\"},{\"@type\":\"ListItem\",\"position\":2,\"name\":\"Journ\u00e9e scolaire\"}]},{\"@type\":\"WebSite\",\"@id\":\"https:\/\/festival-livre-jeunesse.fr\/2021\/#website\",\"url\":\"https:\/\/festival-livre-jeunesse.fr\/2021\/\",\"name\":\"Festival du Livre de Jeunesse Occitanie\",\"description\":\"19\u00e8me \u00e9dition\",\"potentialAction\":[{\"@type\":\"SearchAction\",\"target\":{\"@type\":\"EntryPoint\",\"urlTemplate\":\"https:\/\/festival-livre-jeunesse.fr\/2021\/?s={search_term_string}\"},\"query-input\":{\"@type\":\"PropertyValueSpecification\",\"valueRequired\":true,\"valueName\":\"search_term_string\"}}],\"inLanguage\":\"fr-FR\"}]}<\/script>\n<!-- \/ Yoast SEO plugin. -->","yoast_head_json":{"title":"Journ\u00e9e scolaire - Festival du Livre de Jeunesse Occitanie","robots":{"index":"index","follow":"follow","max-snippet":"max-snippet:-1","max-image-preview":"max-image-preview:large","max-video-preview":"max-video-preview:-1"},"canonical":"https:\/\/festival-livre-jeunesse.fr\/2021\/journee-scolaire\/","og_locale":"fr_FR","og_type":"article","og_title":"Journ\u00e9e scolaire - Festival du Livre de Jeunesse Occitanie","og_description":"rencontres scolaires &#8211; vendredi 29 janvier 2021 Temps de m\u00e9diation autour du livre pour un public scolaire, de la grande section de maternelle au lyc\u00e9e. Cette ann\u00e9e, les auteurs se rendront dans les classes pour y rencontrer les \u00e9l\u00e8ves pendant une demi-journ\u00e9e. 1300 \u00e9l\u00e8ves accueilleront les 24 auteurs, illustrateurs, po\u00e8tes, calligraphes&#8230; Les rencontres scolaires auront &hellip; Journ\u00e9e scolaire Lire la suite\u00a0\u00bb","og_url":"https:\/\/festival-livre-jeunesse.fr\/2021\/journee-scolaire\/","og_site_name":"Festival du Livre de Jeunesse Occitanie","article_modified_time":"2020-12-04T11:57:42+00:00","og_image":[{"url":"http:\/\/festival-livre-jeunesse.fr\/2021\/wp-content\/uploads\/elementor\/thumbs\/bandeau-1600-journee-scolaire02-ovb0nasfep1u2m8fx0tpqvt0nzxfafr8b1nmc34mww.png","type":"","width":"","height":""}],"twitter_card":"summary_large_image","twitter_misc":{"Dur\u00e9e de lecture estim\u00e9e":"1 minute"},"schema":{"@context":"https:\/\/schema.org","@graph":[{"@type":"WebPage","@id":"https:\/\/festival-livre-jeunesse.fr\/2021\/journee-scolaire\/","url":"https:\/\/festival-livre-jeunesse.fr\/2021\/journee-scolaire\/","name":"Journ\u00e9e scolaire - Festival du Livre de Jeunesse Occitanie","isPartOf":{"@id":"https:\/\/festival-livre-jeunesse.fr\/2021\/#website"},"primaryImageOfPage":{"@id":"https:\/\/festival-livre-jeunesse.fr\/2021\/journee-scolaire\/#primaryimage"},"image":{"@id":"https:\/\/festival-livre-jeunesse.fr\/2021\/journee-scolaire\/#primaryimage"},"thumbnailUrl":"http:\/\/festival-livre-jeunesse.fr\/2021\/wp-content\/uploads\/elementor\/thumbs\/bandeau-1600-journee-scolaire02-ovb0nasfep1u2m8fx0tpqvt0nzxfafr8b1nmc34mww.png","datePublished":"2020-08-27T21:14:17+00:00","dateModified":"2020-12-04T11:57:42+00:00","breadcrumb":{"@id":"https:\/\/festival-livre-jeunesse.fr\/2021\/journee-scolaire\/#breadcrumb"},"inLanguage":"fr-FR","potentialAction":[{"@type":"ReadAction","target":["https:\/\/festival-livre-jeunesse.fr\/2021\/journee-scolaire\/"]}]},{"@type":"ImageObject","inLanguage":"fr-FR","@id":"https:\/\/festival-livre-jeunesse.fr\/2021\/journee-scolaire\/#primaryimage","url":"http:\/\/festival-livre-jeunesse.fr\/2021\/wp-content\/uploads\/elementor\/thumbs\/bandeau-1600-journee-scolaire02-ovb0nasfep1u2m8fx0tpqvt0nzxfafr8b1nmc34mww.png","contentUrl":"http:\/\/festival-livre-jeunesse.fr\/2021\/wp-content\/uploads\/elementor\/thumbs\/bandeau-1600-journee-scolaire02-ovb0nasfep1u2m8fx0tpqvt0nzxfafr8b1nmc34mww.png"},{"@type":"BreadcrumbList","@id":"https:\/\/festival-livre-jeunesse.fr\/2021\/journee-scolaire\/#breadcrumb","itemListElement":[{"@type":"ListItem","position":1,"name":"Accueil","item":"https:\/\/festival-livre-jeunesse.fr\/2021\/"},{"@type":"ListItem","position":2,"name":"Journ\u00e9e scolaire"}]},{"@type":"WebSite","@id":"https:\/\/festival-livre-jeunesse.fr\/2021\/#website","url":"https:\/\/festival-livre-jeunesse.fr\/2021\/","name":"Festival du Livre de Jeunesse Occitanie","description":"19\u00e8me \u00e9dition","potentialAction":[{"@type":"SearchAction","target":{"@type":"EntryPoint","urlTemplate":"https:\/\/festival-livre-jeunesse.fr\/2021\/?s={search_term_string}"},"query-input":{"@type":"PropertyValueSpecification","valueRequired":true,"valueName":"search_term_string"}}],"inLanguage":"fr-FR"}]}},"uagb_featured_image_src":{"full":false,"thumbnail":false,"medium":false,"medium_large":false,"large":false,"1536x1536":false,"2048x2048":false},"uagb_author_info":{"display_name":"festival","author_link":"https:\/\/festival-livre-jeunesse.fr\/2021\/author\/festival\/"},"uagb_comment_info":0,"uagb_excerpt":"rencontres scolaires &#8211; vendredi 29 janvier 2021 Temps de m\u00e9diation autour du livre pour un public scolaire, de la grande section de maternelle au lyc\u00e9e. Cette ann\u00e9e, les auteurs se rendront dans les classes pour y rencontrer les \u00e9l\u00e8ves pendant une demi-journ\u00e9e. 1300 \u00e9l\u00e8ves accueilleront les 24 auteurs, illustrateurs, po\u00e8tes, calligraphes&#8230; Les rencontres scolaires auront\u2026","_links":{"self":[{"href":"https:\/\/festival-livre-jeunesse.fr\/2021\/wp-json\/wp\/v2\/pages\/67","targetHints":{"allow":["GET"]}}],"collection":[{"href":"https:\/\/festival-livre-jeunesse.fr\/2021\/wp-json\/wp\/v2\/pages"}],"about":[{"href":"https:\/\/festival-livre-jeunesse.fr\/2021\/wp-json\/wp\/v2\/types\/page"}],"author":[{"embeddable":true,"href":"https:\/\/festival-livre-jeunesse.fr\/2021\/wp-json\/wp\/v2\/users\/1"}],"replies":[{"embeddable":true,"href":"https:\/\/festival-livre-jeunesse.fr\/2021\/wp-json\/wp\/v2\/comments?post=67"}],"version-history":[{"count":129,"href":"https:\/\/festival-livre-jeunesse.fr\/2021\/wp-json\/wp\/v2\/pages\/67\/revisions"}],"predecessor-version":[{"id":3435,"href":"https:\/\/festival-livre-jeunesse.fr\/2021\/wp-json\/wp\/v2\/pages\/67\/revisions\/3435"}],"wp:attachment":[{"href":"https:\/\/festival-livre-jeunesse.fr\/2021\/wp-json\/wp\/v2\/media?parent=67"}],"curies":[{"name":"wp","href":"https:\/\/api.w.org\/{rel}","templated":true}]}}