{"id":9434,"date":"2021-02-08T13:35:43","date_gmt":"2021-02-08T12:35:43","guid":{"rendered":"https:\/\/festival-livre-jeunesse.fr\/2021\/?page_id=9434"},"modified":"2021-02-08T16:53:23","modified_gmt":"2021-02-08T15:53:23","slug":"itw-de-davide-cali","status":"publish","type":"page","link":"https:\/\/festival-livre-jeunesse.fr\/2021\/itw-de-davide-cali\/","title":{"rendered":"ITW de Davide Cali"},"content":{"rendered":"\t\t<div data-elementor-type=\"wp-page\" data-elementor-id=\"9434\" class=\"elementor elementor-9434\">\n\t\t\t\t\t\t<section class=\"elementor-section elementor-top-section elementor-element elementor-element-c467547 elementor-section-boxed elementor-section-height-default elementor-section-height-default\" data-id=\"c467547\" data-element_type=\"section\" data-e-type=\"section\">\n\t\t\t\t\t\t<div class=\"elementor-container elementor-column-gap-default\">\n\t\t\t\t\t<div class=\"elementor-column elementor-col-100 elementor-top-column elementor-element elementor-element-346f8fda\" data-id=\"346f8fda\" data-element_type=\"column\" data-e-type=\"column\">\n\t\t\t<div class=\"elementor-widget-wrap\">\n\t\t\t\t\t\t\t<\/div>\n\t\t<\/div>\n\t\t\t\t\t<\/div>\n\t\t<\/section>\n\t\t\t\t<section class=\"elementor-section elementor-top-section elementor-element elementor-element-7530369 elementor-section-boxed elementor-section-height-default elementor-section-height-default\" data-id=\"7530369\" data-element_type=\"section\" data-e-type=\"section\">\n\t\t\t\t\t\t<div class=\"elementor-container elementor-column-gap-default\">\n\t\t\t\t\t<div class=\"elementor-column elementor-col-100 elementor-top-column elementor-element elementor-element-3875227\" data-id=\"3875227\" data-element_type=\"column\" data-e-type=\"column\">\n\t\t\t<div class=\"elementor-widget-wrap\">\n\t\t\t\t\t\t\t<\/div>\n\t\t<\/div>\n\t\t\t\t\t<\/div>\n\t\t<\/section>\n\t\t\t\t<section class=\"elementor-section elementor-top-section elementor-element elementor-element-074f815 elementor-section-boxed elementor-section-height-default elementor-section-height-default\" data-id=\"074f815\" data-element_type=\"section\" data-e-type=\"section\">\n\t\t\t\t\t\t<div class=\"elementor-container elementor-column-gap-default\">\n\t\t\t\t\t<div class=\"elementor-column elementor-col-100 elementor-top-column elementor-element elementor-element-33b16ad\" data-id=\"33b16ad\" data-element_type=\"column\" data-e-type=\"column\">\n\t\t\t<div class=\"elementor-widget-wrap elementor-element-populated\">\n\t\t\t\t\t\t<div class=\"elementor-element elementor-element-4d225d6 elementor-widget elementor-widget-video\" data-id=\"4d225d6\" data-element_type=\"widget\" data-e-type=\"widget\" data-settings=\"{&quot;youtube_url&quot;:&quot;https:\\\/\\\/youtu.be\\\/1bCXLV60zGA&quot;,&quot;video_type&quot;:&quot;youtube&quot;,&quot;controls&quot;:&quot;yes&quot;}\" data-widget_type=\"video.default\">\n\t\t\t\t<div class=\"elementor-widget-container\">\n\t\t\t\t\t\t\t<div class=\"elementor-wrapper elementor-open-inline\">\n\t\t\t<div class=\"elementor-video\"><\/div>\t\t<\/div>\n\t\t\t\t\t\t<\/div>\n\t\t\t\t<\/div>\n\t\t\t\t\t<\/div>\n\t\t<\/div>\n\t\t\t\t\t<\/div>\n\t\t<\/section>\n\t\t\t\t<section class=\"elementor-section elementor-top-section elementor-element elementor-element-39b59c83 elementor-section-boxed elementor-section-height-default elementor-section-height-default\" data-id=\"39b59c83\" data-element_type=\"section\" data-e-type=\"section\">\n\t\t\t\t\t\t<div class=\"elementor-container elementor-column-gap-default\">\n\t\t\t\t\t<div class=\"elementor-column elementor-col-100 elementor-top-column elementor-element elementor-element-203f8300\" data-id=\"203f8300\" data-element_type=\"column\" data-e-type=\"column\">\n\t\t\t<div class=\"elementor-widget-wrap elementor-element-populated\">\n\t\t\t\t\t\t<div class=\"elementor-element elementor-element-3bb2969 elementor-widget elementor-widget-text-editor\" data-id=\"3bb2969\" data-element_type=\"widget\" data-e-type=\"widget\" data-widget_type=\"text-editor.default\">\n\t\t\t\t<div class=\"elementor-widget-container\">\n\t\t\t\t\t\t\t\t\t<p>En partenariat avec le CETIM &#8211; Universit\u00e9 Jean Jaur\u00e8s 2<\/p><p>Interpr\u00e8tes: Jeanne de Bournonville<\/p><p>Interview\u00e9 : Davide Cali<\/p><p>Album : \u00a0\u00bb On nous appelait les mouches\u00a0\u00bb, Davide Cali et Maurizio A.C. Quarello<span style=\"font-size: 16px;\">\u00a0<\/span>, Editions Sarbacane<\/p>\t\t\t\t\t\t\t\t<\/div>\n\t\t\t\t<\/div>\n\t\t\t\t\t<\/div>\n\t\t<\/div>\n\t\t\t\t\t<\/div>\n\t\t<\/section>\n\t\t\t\t<\/div>\n\t\t","protected":false},"excerpt":{"rendered":"<p>En partenariat avec le CETIM &#8211; Universit\u00e9 Jean Jaur\u00e8s 2 Interpr\u00e8tes: Jeanne de Bournonville Interview\u00e9 : Davide Cali Album : \u00a0\u00bb On nous appelait les mouches\u00a0\u00bb, Davide Cali et Maurizio A.C. Quarello&nbsp;, Editions Sarbacane<\/p>\n","protected":false},"author":2,"featured_media":0,"parent":0,"menu_order":0,"comment_status":"closed","ping_status":"closed","template":"","meta":{"_uag_custom_page_level_css":"","footnotes":""},"class_list":["post-9434","page","type-page","status-publish","hentry"],"yoast_head":"<!-- This site is optimized with the Yoast SEO plugin v25.3.1 - https:\/\/yoast.com\/wordpress\/plugins\/seo\/ -->\n<title>ITW de Davide Cali - Festival du Livre de Jeunesse Occitanie<\/title>\n<meta name=\"robots\" content=\"index, follow, max-snippet:-1, max-image-preview:large, max-video-preview:-1\" \/>\n<link rel=\"canonical\" href=\"https:\/\/festival-livre-jeunesse.fr\/2021\/itw-de-davide-cali\/\" \/>\n<meta property=\"og:locale\" content=\"fr_FR\" \/>\n<meta property=\"og:type\" content=\"article\" \/>\n<meta property=\"og:title\" content=\"ITW de Davide Cali - Festival du Livre de Jeunesse Occitanie\" \/>\n<meta property=\"og:description\" content=\"En partenariat avec le CETIM &#8211; Universit\u00e9 Jean Jaur\u00e8s 2 Interpr\u00e8tes: Jeanne de Bournonville Interview\u00e9 : Davide Cali Album : \u00a0\u00bb On nous appelait les mouches\u00a0\u00bb, Davide Cali et Maurizio A.C. Quarello&nbsp;, Editions Sarbacane\" \/>\n<meta property=\"og:url\" content=\"https:\/\/festival-livre-jeunesse.fr\/2021\/itw-de-davide-cali\/\" \/>\n<meta property=\"og:site_name\" content=\"Festival du Livre de Jeunesse Occitanie\" \/>\n<meta property=\"article:modified_time\" content=\"2021-02-08T15:53:23+00:00\" \/>\n<meta name=\"twitter:card\" content=\"summary_large_image\" \/>\n<script type=\"application\/ld+json\" class=\"yoast-schema-graph\">{\"@context\":\"https:\/\/schema.org\",\"@graph\":[{\"@type\":\"WebPage\",\"@id\":\"https:\/\/festival-livre-jeunesse.fr\/2021\/itw-de-davide-cali\/\",\"url\":\"https:\/\/festival-livre-jeunesse.fr\/2021\/itw-de-davide-cali\/\",\"name\":\"ITW de Davide Cali - Festival du Livre de Jeunesse Occitanie\",\"isPartOf\":{\"@id\":\"https:\/\/festival-livre-jeunesse.fr\/2021\/#website\"},\"datePublished\":\"2021-02-08T12:35:43+00:00\",\"dateModified\":\"2021-02-08T15:53:23+00:00\",\"breadcrumb\":{\"@id\":\"https:\/\/festival-livre-jeunesse.fr\/2021\/itw-de-davide-cali\/#breadcrumb\"},\"inLanguage\":\"fr-FR\",\"potentialAction\":[{\"@type\":\"ReadAction\",\"target\":[\"https:\/\/festival-livre-jeunesse.fr\/2021\/itw-de-davide-cali\/\"]}]},{\"@type\":\"BreadcrumbList\",\"@id\":\"https:\/\/festival-livre-jeunesse.fr\/2021\/itw-de-davide-cali\/#breadcrumb\",\"itemListElement\":[{\"@type\":\"ListItem\",\"position\":1,\"name\":\"Accueil\",\"item\":\"https:\/\/festival-livre-jeunesse.fr\/2021\/\"},{\"@type\":\"ListItem\",\"position\":2,\"name\":\"ITW de Davide Cali\"}]},{\"@type\":\"WebSite\",\"@id\":\"https:\/\/festival-livre-jeunesse.fr\/2021\/#website\",\"url\":\"https:\/\/festival-livre-jeunesse.fr\/2021\/\",\"name\":\"Festival du Livre de Jeunesse Occitanie\",\"description\":\"19\u00e8me \u00e9dition\",\"potentialAction\":[{\"@type\":\"SearchAction\",\"target\":{\"@type\":\"EntryPoint\",\"urlTemplate\":\"https:\/\/festival-livre-jeunesse.fr\/2021\/?s={search_term_string}\"},\"query-input\":{\"@type\":\"PropertyValueSpecification\",\"valueRequired\":true,\"valueName\":\"search_term_string\"}}],\"inLanguage\":\"fr-FR\"}]}<\/script>\n<!-- \/ Yoast SEO plugin. -->","yoast_head_json":{"title":"ITW de Davide Cali - Festival du Livre de Jeunesse Occitanie","robots":{"index":"index","follow":"follow","max-snippet":"max-snippet:-1","max-image-preview":"max-image-preview:large","max-video-preview":"max-video-preview:-1"},"canonical":"https:\/\/festival-livre-jeunesse.fr\/2021\/itw-de-davide-cali\/","og_locale":"fr_FR","og_type":"article","og_title":"ITW de Davide Cali - Festival du Livre de Jeunesse Occitanie","og_description":"En partenariat avec le CETIM &#8211; Universit\u00e9 Jean Jaur\u00e8s 2 Interpr\u00e8tes: Jeanne de Bournonville Interview\u00e9 : Davide Cali Album : \u00a0\u00bb On nous appelait les mouches\u00a0\u00bb, Davide Cali et Maurizio A.C. Quarello&nbsp;, Editions Sarbacane","og_url":"https:\/\/festival-livre-jeunesse.fr\/2021\/itw-de-davide-cali\/","og_site_name":"Festival du Livre de Jeunesse Occitanie","article_modified_time":"2021-02-08T15:53:23+00:00","twitter_card":"summary_large_image","schema":{"@context":"https:\/\/schema.org","@graph":[{"@type":"WebPage","@id":"https:\/\/festival-livre-jeunesse.fr\/2021\/itw-de-davide-cali\/","url":"https:\/\/festival-livre-jeunesse.fr\/2021\/itw-de-davide-cali\/","name":"ITW de Davide Cali - Festival du Livre de Jeunesse Occitanie","isPartOf":{"@id":"https:\/\/festival-livre-jeunesse.fr\/2021\/#website"},"datePublished":"2021-02-08T12:35:43+00:00","dateModified":"2021-02-08T15:53:23+00:00","breadcrumb":{"@id":"https:\/\/festival-livre-jeunesse.fr\/2021\/itw-de-davide-cali\/#breadcrumb"},"inLanguage":"fr-FR","potentialAction":[{"@type":"ReadAction","target":["https:\/\/festival-livre-jeunesse.fr\/2021\/itw-de-davide-cali\/"]}]},{"@type":"BreadcrumbList","@id":"https:\/\/festival-livre-jeunesse.fr\/2021\/itw-de-davide-cali\/#breadcrumb","itemListElement":[{"@type":"ListItem","position":1,"name":"Accueil","item":"https:\/\/festival-livre-jeunesse.fr\/2021\/"},{"@type":"ListItem","position":2,"name":"ITW de Davide Cali"}]},{"@type":"WebSite","@id":"https:\/\/festival-livre-jeunesse.fr\/2021\/#website","url":"https:\/\/festival-livre-jeunesse.fr\/2021\/","name":"Festival du Livre de Jeunesse Occitanie","description":"19\u00e8me \u00e9dition","potentialAction":[{"@type":"SearchAction","target":{"@type":"EntryPoint","urlTemplate":"https:\/\/festival-livre-jeunesse.fr\/2021\/?s={search_term_string}"},"query-input":{"@type":"PropertyValueSpecification","valueRequired":true,"valueName":"search_term_string"}}],"inLanguage":"fr-FR"}]}},"uagb_featured_image_src":{"full":false,"thumbnail":false,"medium":false,"medium_large":false,"large":false,"1536x1536":false,"2048x2048":false},"uagb_author_info":{"display_name":"Katell Abgrall","author_link":"https:\/\/festival-livre-jeunesse.fr\/2021\/author\/coordinatrice\/"},"uagb_comment_info":0,"uagb_excerpt":"En partenariat avec le CETIM &#8211; Universit\u00e9 Jean Jaur\u00e8s 2 Interpr\u00e8tes: Jeanne de Bournonville Interview\u00e9 : Davide Cali Album : \u00a0\u00bb On nous appelait les mouches\u00a0\u00bb, Davide Cali et Maurizio A.C. Quarello&nbsp;, Editions Sarbacane","_links":{"self":[{"href":"https:\/\/festival-livre-jeunesse.fr\/2021\/wp-json\/wp\/v2\/pages\/9434","targetHints":{"allow":["GET"]}}],"collection":[{"href":"https:\/\/festival-livre-jeunesse.fr\/2021\/wp-json\/wp\/v2\/pages"}],"about":[{"href":"https:\/\/festival-livre-jeunesse.fr\/2021\/wp-json\/wp\/v2\/types\/page"}],"author":[{"embeddable":true,"href":"https:\/\/festival-livre-jeunesse.fr\/2021\/wp-json\/wp\/v2\/users\/2"}],"replies":[{"embeddable":true,"href":"https:\/\/festival-livre-jeunesse.fr\/2021\/wp-json\/wp\/v2\/comments?post=9434"}],"version-history":[{"count":12,"href":"https:\/\/festival-livre-jeunesse.fr\/2021\/wp-json\/wp\/v2\/pages\/9434\/revisions"}],"predecessor-version":[{"id":9503,"href":"https:\/\/festival-livre-jeunesse.fr\/2021\/wp-json\/wp\/v2\/pages\/9434\/revisions\/9503"}],"wp:attachment":[{"href":"https:\/\/festival-livre-jeunesse.fr\/2021\/wp-json\/wp\/v2\/media?parent=9434"}],"curies":[{"name":"wp","href":"https:\/\/api.w.org\/{rel}","templated":true}]}}

<div data-elementor-type="wp-page" data-elementor-id="9434" class="elementor elementor-9434">
						<section class="elementor-section elementor-top-section elementor-element elementor-element-c467547 elementor-section-boxed elementor-section-height-default elementor-section-height-default" data-id="c467547" data-element_type="section" data-e-type="section">
						<div class="elementor-container elementor-column-gap-default">
					<div class="elementor-column elementor-col-100 elementor-top-column elementor-element elementor-element-346f8fda" data-id="346f8fda" data-element_type="column" data-e-type="column">
			<div class="elementor-widget-wrap">
							</div>
		</div>
					</div>
		</section>
				<section class="elementor-section elementor-top-section elementor-element elementor-element-7530369 elementor-section-boxed elementor-section-height-default elementor-section-height-default" data-id="7530369" data-element_type="section" data-e-type="section">
						<div class="elementor-container elementor-column-gap-default">
					<div class="elementor-column elementor-col-100 elementor-top-column elementor-element elementor-element-3875227" data-id="3875227" data-element_type="column" data-e-type="column">
			<div class="elementor-widget-wrap">
							</div>
		</div>
					</div>
		</section>
				<section class="elementor-section elementor-top-section elementor-element elementor-element-074f815 elementor-section-boxed elementor-section-height-default elementor-section-height-default" data-id="074f815" data-element_type="section" data-e-type="section">
						<div class="elementor-container elementor-column-gap-default">
					<div class="elementor-column elementor-col-100 elementor-top-column elementor-element elementor-element-33b16ad" data-id="33b16ad" data-element_type="column" data-e-type="column">
			<div class="elementor-widget-wrap elementor-element-populated">
						<div class="elementor-element elementor-element-4d225d6 elementor-widget elementor-widget-video" data-id="4d225d6" data-element_type="widget" data-e-type="widget" data-settings="{&quot;youtube_url&quot;:&quot;https:\/\/youtu.be\/1bCXLV60zGA&quot;,&quot;video_type&quot;:&quot;youtube&quot;,&quot;controls&quot;:&quot;yes&quot;}" data-widget_type="video.default">
				<div class="elementor-widget-container">
							<div class="elementor-wrapper elementor-open-inline">
			<div class="elementor-video"></div>		</div>
						</div>
				</div>
					</div>
		</div>
					</div>
		</section>
				<section class="elementor-section elementor-top-section elementor-element elementor-element-39b59c83 elementor-section-boxed elementor-section-height-default elementor-section-height-default" data-id="39b59c83" data-element_type="section" data-e-type="section">
						<div class="elementor-container elementor-column-gap-default">
					<div class="elementor-column elementor-col-100 elementor-top-column elementor-element elementor-element-203f8300" data-id="203f8300" data-element_type="column" data-e-type="column">
			<div class="elementor-widget-wrap elementor-element-populated">
						<div class="elementor-element elementor-element-3bb2969 elementor-widget elementor-widget-text-editor" data-id="3bb2969" data-element_type="widget" data-e-type="widget" data-widget_type="text-editor.default">
				<div class="elementor-widget-container">
									<p>En partenariat avec le CETIM &#8211; Université Jean Jaurès 2</p><p>Interprètes: Jeanne de Bournonville</p><p>Interviewé : Davide Cali</p><p>Album :  » On nous appelait les mouches », Davide Cali et Maurizio A.C. Quarello<span style="font-size: 16px;"> </span>, Editions Sarbacane</p>								</div>
				</div>
					</div>
		</div>
					</div>
		</section>
				</div>

<p>En partenariat avec le CETIM &#8211; Université Jean Jaurès 2 Interprètes: Jeanne de Bournonville Interviewé : Davide Cali Album :  » On nous appelait les mouches », Davide Cali et Maurizio A.C. Quarello&nbsp;, Editions Sarbacane</p>

<!-- This site is optimized with the Yoast SEO plugin v25.3.1 - https://yoast.com/wordpress/plugins/seo/ -->
<title>ITW de Davide Cali - Festival du Livre de Jeunesse Occitanie</title>
<meta name="robots" content="index, follow, max-snippet:-1, max-image-preview:large, max-video-preview:-1" />
<link rel="canonical" href="https://festival-livre-jeunesse.fr/2021/itw-de-davide-cali/" />
<meta property="og:locale" content="fr_FR" />
<meta property="og:type" content="article" />
<meta property="og:title" content="ITW de Davide Cali - Festival du Livre de Jeunesse Occitanie" />
<meta property="og:description" content="En partenariat avec le CETIM &#8211; Université Jean Jaurès 2 Interprètes: Jeanne de Bournonville Interviewé : Davide Cali Album :  » On nous appelait les mouches », Davide Cali et Maurizio A.C. Quarello&nbsp;, Editions Sarbacane" />
<meta property="og:url" content="https://festival-livre-jeunesse.fr/2021/itw-de-davide-cali/" />
<meta property="og:site_name" content="Festival du Livre de Jeunesse Occitanie" />
<meta property="article:modified_time" content="2021-02-08T15:53:23+00:00" />
<meta name="twitter:card" content="summary_large_image" />
<script type="application/ld+json" class="yoast-schema-graph">{"@context":"https://schema.org","@graph":[{"@type":"WebPage","@id":"https://festival-livre-jeunesse.fr/2021/itw-de-davide-cali/","url":"https://festival-livre-jeunesse.fr/2021/itw-de-davide-cali/","name":"ITW de Davide Cali - Festival du Livre de Jeunesse Occitanie","isPartOf":{"@id":"https://festival-livre-jeunesse.fr/2021/#website"},"datePublished":"2021-02-08T12:35:43+00:00","dateModified":"2021-02-08T15:53:23+00:00","breadcrumb":{"@id":"https://festival-livre-jeunesse.fr/2021/itw-de-davide-cali/#breadcrumb"},"inLanguage":"fr-FR","potentialAction":[{"@type":"ReadAction","target":["https://festival-livre-jeunesse.fr/2021/itw-de-davide-cali/"]}]},{"@type":"BreadcrumbList","@id":"https://festival-livre-jeunesse.fr/2021/itw-de-davide-cali/#breadcrumb","itemListElement":[{"@type":"ListItem","position":1,"name":"Accueil","item":"https://festival-livre-jeunesse.fr/2021/"},{"@type":"ListItem","position":2,"name":"ITW de Davide Cali"}]},{"@type":"WebSite","@id":"https://festival-livre-jeunesse.fr/2021/#website","url":"https://festival-livre-jeunesse.fr/2021/","name":"Festival du Livre de Jeunesse Occitanie","description":"19ème édition","potentialAction":[{"@type":"SearchAction","target":{"@type":"EntryPoint","urlTemplate":"https://festival-livre-jeunesse.fr/2021/?s={search_term_string}"},"query-input":{"@type":"PropertyValueSpecification","valueRequired":true,"valueName":"search_term_string"}}],"inLanguage":"fr-FR"}]}</script>
<!-- / Yoast SEO plugin. -->

En partenariat avec le CETIM &#8211; Université Jean Jaurès 2 Interprètes: Jeanne de Bournonville Interviewé : Davide Cali Album :  » On nous appelait les mouches », Davide Cali et Maurizio A.C. Quarello&nbsp;, Editions Sarbacane

19ème édition
