{"version":"1.0","provider_name":"Festival Livre Jeunesse Occitanie","provider_url":"https:\/\/festival-livre-jeunesse.fr\/2023","author_name":"festival","author_url":"https:\/\/festival-livre-jeunesse.fr\/2023\/author\/festival\/","title":"G\u00e9raldine ALIBEU - Festival Livre Jeunesse Occitanie","type":"rich","width":600,"height":338,"html":"<blockquote class=\"wp-embedded-content\" data-secret=\"Kio0BOlJK3\"><a href=\"https:\/\/festival-livre-jeunesse.fr\/2023\/geraldine-alibeu\/\">G\u00e9raldine ALIBEU<\/a><\/blockquote><iframe sandbox=\"allow-scripts\" security=\"restricted\" src=\"https:\/\/festival-livre-jeunesse.fr\/2023\/geraldine-alibeu\/embed\/#?secret=Kio0BOlJK3\" width=\"600\" height=\"338\" title=\"\u00ab\u00a0G\u00e9raldine ALIBEU\u00a0\u00bb &#8212; Festival Livre Jeunesse Occitanie\" data-secret=\"Kio0BOlJK3\" frameborder=\"0\" marginwidth=\"0\" marginheight=\"0\" scrolling=\"no\" class=\"wp-embedded-content\"><\/iframe><script>\n\/*! This file is auto-generated *\/\n!function(c,d){\"use strict\";var e=!1,o=!1;if(d.querySelector)if(c.addEventListener)e=!0;if(c.wp=c.wp||{},c.wp.receiveEmbedMessage);else if(c.wp.receiveEmbedMessage=function(e){var t=e.data;if(!t);else if(!(t.secret||t.message||t.value));else if(\/[^a-zA-Z0-9]\/.test(t.secret));else{for(var r,s,a,i=d.querySelectorAll('iframe[data-secret=\"'+t.secret+'\"]'),n=d.querySelectorAll('blockquote[data-secret=\"'+t.secret+'\"]'),o=new RegExp(\"^https?:$\",\"i\"),l=0;l<n.length;l++)n[l].style.display=\"none\";for(l=0;l<i.length;l++)if(r=i[l],e.source!==r.contentWindow);else{if(r.removeAttribute(\"style\"),\"height\"===t.message){if(1e3<(s=parseInt(t.value,10)))s=1e3;else if(~~s<200)s=200;r.height=s}if(\"link\"===t.message)if(s=d.createElement(\"a\"),a=d.createElement(\"a\"),s.href=r.getAttribute(\"src\"),a.href=t.value,!o.test(a.protocol));else if(a.host===s.host)if(d.activeElement===r)c.top.location.href=t.value}}},e)c.addEventListener(\"message\",c.wp.receiveEmbedMessage,!1),d.addEventListener(\"DOMContentLoaded\",t,!1),c.addEventListener(\"load\",t,!1);function t(){if(o);else{o=!0;for(var e,t,r,s=-1!==navigator.appVersion.indexOf(\"MSIE 10\"),a=!!navigator.userAgent.match(\/Trident.*rv:11\\.\/),i=d.querySelectorAll(\"iframe.wp-embedded-content\"),n=0;n<i.length;n++){if(!(r=(t=i[n]).getAttribute(\"data-secret\")))r=Math.random().toString(36).substr(2,10),t.src+=\"#?secret=\"+r,t.setAttribute(\"data-secret\",r);if(s||a)(e=t.cloneNode(!0)).removeAttribute(\"security\"),t.parentNode.replaceChild(e,t);t.contentWindow.postMessage({message:\"ready\",secret:r},\"*\")}}}}(window,document);\n<\/script>\n","description":"G\u00e9raldine ALIBEU Je suis n\u00e9e \u00e0 \u00c9chirolles dans les Alpes, et vis maintenant \u00e0 Crest dans la Dr\u00f4me. J\u2019ai \u00e9tudi\u00e9 au sein de l&#8217;atelier d&#8217;illustration des Arts d\u00e9coratifs de Strasbourg (HEAR). Je travaille en collages, couture, feutres, c\u00e9ramique. Ma pratique du croquis influence mes images aux perspectives \u00e9tranges, aux couleurs tranch\u00e9es. J\u2019\u00e9cris parfois mes propres &hellip;  Lire la suite\u00a0\u00bb"}

Géraldine ALIBEU - Festival Livre Jeunesse Occitanie

<blockquote class="wp-embedded-content" data-secret="Kio0BOlJK3"><a href="https://festival-livre-jeunesse.fr/2023/geraldine-alibeu/">Géraldine ALIBEU</a></blockquote><iframe sandbox="allow-scripts" security="restricted" src="https://festival-livre-jeunesse.fr/2023/geraldine-alibeu/embed/#?secret=Kio0BOlJK3" width="600" height="338" title="« Géraldine ALIBEU » &#8212; Festival Livre Jeunesse Occitanie" data-secret="Kio0BOlJK3" frameborder="0" marginwidth="0" marginheight="0" scrolling="no" class="wp-embedded-content"></iframe><script>
/*! This file is auto-generated */
!function(c,d){"use strict";var e=!1,o=!1;if(d.querySelector)if(c.addEventListener)e=!0;if(c.wp=c.wp||{},c.wp.receiveEmbedMessage);else if(c.wp.receiveEmbedMessage=function(e){var t=e.data;if(!t);else if(!(t.secret||t.message||t.value));else if(/[^a-zA-Z0-9]/.test(t.secret));else{for(var r,s,a,i=d.querySelectorAll('iframe[data-secret="'+t.secret+'"]'),n=d.querySelectorAll('blockquote[data-secret="'+t.secret+'"]'),o=new RegExp("^https?:$","i"),l=0;l<n.length;l++)n[l].style.display="none";for(l=0;l<i.length;l++)if(r=i[l],e.source!==r.contentWindow);else{if(r.removeAttribute("style"),"height"===t.message){if(1e3<(s=parseInt(t.value,10)))s=1e3;else if(~~s<200)s=200;r.height=s}if("link"===t.message)if(s=d.createElement("a"),a=d.createElement("a"),s.href=r.getAttribute("src"),a.href=t.value,!o.test(a.protocol));else if(a.host===s.host)if(d.activeElement===r)c.top.location.href=t.value}}},e)c.addEventListener("message",c.wp.receiveEmbedMessage,!1),d.addEventListener("DOMContentLoaded",t,!1),c.addEventListener("load",t,!1);function t(){if(o);else{o=!0;for(var e,t,r,s=-1!==navigator.appVersion.indexOf("MSIE 10"),a=!!navigator.userAgent.match(/Trident.*rv:11\./),i=d.querySelectorAll("iframe.wp-embedded-content"),n=0;n<i.length;n++){if(!(r=(t=i[n]).getAttribute("data-secret")))r=Math.random().toString(36).substr(2,10),t.src+="#?secret="+r,t.setAttribute("data-secret",r);if(s||a)(e=t.cloneNode(!0)).removeAttribute("security"),t.parentNode.replaceChild(e,t);t.contentWindow.postMessage({message:"ready",secret:r},"*")}}}}(window,document);
</script>

Géraldine ALIBEU Je suis née à Échirolles dans les Alpes, et vis maintenant à Crest dans la Drôme. J’ai étudié au sein de l&#8217;atelier d&#8217;illustration des Arts décoratifs de Strasbourg (HEAR). Je travaille en collages, couture, feutres, céramique. Ma pratique du croquis influence mes images aux perspectives étranges, aux couleurs tranchées. J’écris parfois mes propres &hellip;  Lire la suite »
