{"version":"1.0","provider_name":"Festival Livre Jeunesse Occitanie","provider_url":"https:\/\/festival-livre-jeunesse.fr\/2023","author_name":"Katell Gabriel-Abgrall","author_url":"https:\/\/festival-livre-jeunesse.fr\/2023\/author\/coordinatrice\/","title":"Inscription 1 # Rencontre professionnelle - Festival Livre Jeunesse Occitanie","type":"rich","width":600,"height":338,"html":"<blockquote class=\"wp-embedded-content\" data-secret=\"hL5JypmtVl\"><a href=\"https:\/\/festival-livre-jeunesse.fr\/2023\/inscription-1-rencontre-professionnelle\/\">Inscription 1 # Rencontre professionnelle<\/a><\/blockquote><iframe sandbox=\"allow-scripts\" security=\"restricted\" src=\"https:\/\/festival-livre-jeunesse.fr\/2023\/inscription-1-rencontre-professionnelle\/embed\/#?secret=hL5JypmtVl\" width=\"600\" height=\"338\" title=\"\u00ab\u00a0Inscription 1 # Rencontre professionnelle\u00a0\u00bb &#8212; Festival Livre Jeunesse Occitanie\" data-secret=\"hL5JypmtVl\" frameborder=\"0\" marginwidth=\"0\" marginheight=\"0\" scrolling=\"no\" class=\"wp-embedded-content\"><\/iframe><script>\n\/*! This file is auto-generated *\/\n!function(c,d){\"use strict\";var e=!1,o=!1;if(d.querySelector)if(c.addEventListener)e=!0;if(c.wp=c.wp||{},c.wp.receiveEmbedMessage);else if(c.wp.receiveEmbedMessage=function(e){var t=e.data;if(!t);else if(!(t.secret||t.message||t.value));else if(\/[^a-zA-Z0-9]\/.test(t.secret));else{for(var r,s,a,i=d.querySelectorAll('iframe[data-secret=\"'+t.secret+'\"]'),n=d.querySelectorAll('blockquote[data-secret=\"'+t.secret+'\"]'),o=new RegExp(\"^https?:$\",\"i\"),l=0;l<n.length;l++)n[l].style.display=\"none\";for(l=0;l<i.length;l++)if(r=i[l],e.source!==r.contentWindow);else{if(r.removeAttribute(\"style\"),\"height\"===t.message){if(1e3<(s=parseInt(t.value,10)))s=1e3;else if(~~s<200)s=200;r.height=s}if(\"link\"===t.message)if(s=d.createElement(\"a\"),a=d.createElement(\"a\"),s.href=r.getAttribute(\"src\"),a.href=t.value,!o.test(a.protocol));else if(a.host===s.host)if(d.activeElement===r)c.top.location.href=t.value}}},e)c.addEventListener(\"message\",c.wp.receiveEmbedMessage,!1),d.addEventListener(\"DOMContentLoaded\",t,!1),c.addEventListener(\"load\",t,!1);function t(){if(o);else{o=!0;for(var e,t,r,s=-1!==navigator.appVersion.indexOf(\"MSIE 10\"),a=!!navigator.userAgent.match(\/Trident.*rv:11\\.\/),i=d.querySelectorAll(\"iframe.wp-embedded-content\"),n=0;n<i.length;n++){if(!(r=(t=i[n]).getAttribute(\"data-secret\")))r=Math.random().toString(36).substr(2,10),t.src+=\"#?secret=\"+r,t.setAttribute(\"data-secret\",r);if(s||a)(e=t.cloneNode(!0)).removeAttribute(\"security\"),t.parentNode.replaceChild(e,t);t.contentWindow.postMessage({message:\"ready\",secret:r},\"*\")}}}}(window,document);\n<\/script>\n","description":"1#Rencontre professionnelle Le livre et la lecture en accueil de loisirs Mer. 08 Juin 2022 | 9h &#8211; 12h TOULOUSE | Arche Marengo &#8211; salle 804 Matin\u00e9e de r\u00e9flexion et lancement de Partir en Livre avec les communes de Toulouse M\u00e9tropole 2022, \u00e0 destination des professionnels de l\u2019animation. Amener le livre l\u00e0 o\u00f9 on ne &hellip;  Lire la suite\u00a0\u00bb","thumbnail_url":"https:\/\/festival-livre-jeunesse.fr\/2023\/wp-content\/uploads\/2022\/04\/fond-universite-1024x256.png"}

1#Rencontre professionnelle Le livre et la lecture en accueil de loisirs Mer. 08 Juin 2022 | 9h &#8211; 12h TOULOUSE | Arche Marengo &#8211; salle 804 Matinée de réflexion et lancement de Partir en Livre avec les communes de Toulouse Métropole 2022, à destination des professionnels de l’animation. Amener le livre là où on ne &hellip;  Lire la suite »
