{"version":"1.0","provider_name":"Festival Livre Jeunesse Occitanie","provider_url":"https:\/\/festival-livre-jeunesse.fr\/2024","author_name":"festival","author_url":"https:\/\/festival-livre-jeunesse.fr\/2024\/author\/festival\/","title":"Jo Witek - Festival Livre Jeunesse Occitanie","type":"rich","width":600,"height":338,"html":"<blockquote class=\"wp-embedded-content\" data-secret=\"rSUeGiQf6b\"><a href=\"https:\/\/festival-livre-jeunesse.fr\/2024\/jo-witek\/\">Jo Witek<\/a><\/blockquote><iframe sandbox=\"allow-scripts\" security=\"restricted\" src=\"https:\/\/festival-livre-jeunesse.fr\/2024\/jo-witek\/embed\/#?secret=rSUeGiQf6b\" width=\"600\" height=\"338\" title=\"\u00ab\u00a0Jo Witek\u00a0\u00bb &#8212; Festival Livre Jeunesse Occitanie\" data-secret=\"rSUeGiQf6b\" frameborder=\"0\" marginwidth=\"0\" marginheight=\"0\" scrolling=\"no\" class=\"wp-embedded-content\"><\/iframe><script>\n\/*! This file is auto-generated *\/\n!function(d,l){\"use strict\";l.querySelector&&d.addEventListener&&\"undefined\"!=typeof URL&&(d.wp=d.wp||{},d.wp.receiveEmbedMessage||(d.wp.receiveEmbedMessage=function(e){var t=e.data;if((t||t.secret||t.message||t.value)&&!\/[^a-zA-Z0-9]\/.test(t.secret)){for(var s,r,n,a=l.querySelectorAll('iframe[data-secret=\"'+t.secret+'\"]'),o=l.querySelectorAll('blockquote[data-secret=\"'+t.secret+'\"]'),c=new RegExp(\"^https?:$\",\"i\"),i=0;i<o.length;i++)o[i].style.display=\"none\";for(i=0;i<a.length;i++)s=a[i],e.source===s.contentWindow&&(s.removeAttribute(\"style\"),\"height\"===t.message?(1e3<(r=parseInt(t.value,10))?r=1e3:~~r<200&&(r=200),s.height=r):\"link\"===t.message&&(r=new URL(s.getAttribute(\"src\")),n=new URL(t.value),c.test(n.protocol))&&n.host===r.host&&l.activeElement===s&&(d.top.location.href=t.value))}},d.addEventListener(\"message\",d.wp.receiveEmbedMessage,!1),l.addEventListener(\"DOMContentLoaded\",function(){for(var e,t,s=l.querySelectorAll(\"iframe.wp-embedded-content\"),r=0;r<s.length;r++)(t=(e=s[r]).getAttribute(\"data-secret\"))||(t=Math.random().toString(36).substring(2,12),e.src+=\"#?secret=\"+t,e.setAttribute(\"data-secret\",t)),e.contentWindow.postMessage({message:\"ready\",secret:t},\"*\")},!1)))}(window,document);\n<\/script>\n","description":"Jo Witek Apr\u00e8s des \u00e9tudes d\u2019art dramatique \u00e0 Paris (Philippe Minyana,\u00a0Jean Jourdheuil,\u00a0Th\u00e9\u00e2tre de Chaillot, Serge Noyelle), elle travaille pour le cin\u00e9ma comme lectrice, adaptatrice et conseill\u00e8re aux acquisitions de droits vid\u00e9o. Le r\u00e9cit int\u00e9gral (ou presque) d\u2019une coupe de cheveux rat\u00e9e\u00a0a notamment re\u00e7u le prix des 12-14 ans de la\u00a0Foire du livre de Brive-la-Gaillarde en &hellip;  Lire la suite\u00a0\u00bb","thumbnail_url":"https:\/\/festival-livre-jeunesse.fr\/2022\/wp-content\/uploads\/2021\/09\/jo-witek-300x199.jpg"}

Jo Witek Après des études d’art dramatique à Paris (Philippe Minyana, Jean Jourdheuil, Théâtre de Chaillot, Serge Noyelle), elle travaille pour le cinéma comme lectrice, adaptatrice et conseillère aux acquisitions de droits vidéo. Le récit intégral (ou presque) d’une coupe de cheveux ratée a notamment reçu le prix des 12-14 ans de la Foire du livre de Brive-la-Gaillarde en &hellip;  Lire la suite »
