{"version":"1.0","provider_name":"Festival Livre Jeunesse Occitanie","provider_url":"https:\/\/festival-livre-jeunesse.fr\/2024","author_name":"Katell Gabriel-Abgrall","author_url":"https:\/\/festival-livre-jeunesse.fr\/2024\/author\/coordinatrice\/","title":"LES DEUX GEANTS - Festival Livre Jeunesse Occitanie","type":"rich","width":600,"height":338,"html":"<blockquote class=\"wp-embedded-content\" data-secret=\"aZ68PtEvgP\"><a href=\"https:\/\/festival-livre-jeunesse.fr\/2024\/les-deux-geants\/\">LES DEUX GEANTS<\/a><\/blockquote><iframe sandbox=\"allow-scripts\" security=\"restricted\" src=\"https:\/\/festival-livre-jeunesse.fr\/2024\/les-deux-geants\/embed\/#?secret=aZ68PtEvgP\" width=\"600\" height=\"338\" title=\"\u00ab\u00a0LES DEUX GEANTS\u00a0\u00bb &#8212; Festival Livre Jeunesse Occitanie\" data-secret=\"aZ68PtEvgP\" frameborder=\"0\" marginwidth=\"0\" marginheight=\"0\" scrolling=\"no\" class=\"wp-embedded-content\"><\/iframe><script>\n\/*! This file is auto-generated *\/\n!function(d,l){\"use strict\";l.querySelector&&d.addEventListener&&\"undefined\"!=typeof URL&&(d.wp=d.wp||{},d.wp.receiveEmbedMessage||(d.wp.receiveEmbedMessage=function(e){var t=e.data;if((t||t.secret||t.message||t.value)&&!\/[^a-zA-Z0-9]\/.test(t.secret)){for(var s,r,n,a=l.querySelectorAll('iframe[data-secret=\"'+t.secret+'\"]'),o=l.querySelectorAll('blockquote[data-secret=\"'+t.secret+'\"]'),c=new RegExp(\"^https?:$\",\"i\"),i=0;i<o.length;i++)o[i].style.display=\"none\";for(i=0;i<a.length;i++)s=a[i],e.source===s.contentWindow&&(s.removeAttribute(\"style\"),\"height\"===t.message?(1e3<(r=parseInt(t.value,10))?r=1e3:~~r<200&&(r=200),s.height=r):\"link\"===t.message&&(r=new URL(s.getAttribute(\"src\")),n=new URL(t.value),c.test(n.protocol))&&n.host===r.host&&l.activeElement===s&&(d.top.location.href=t.value))}},d.addEventListener(\"message\",d.wp.receiveEmbedMessage,!1),l.addEventListener(\"DOMContentLoaded\",function(){for(var e,t,s=l.querySelectorAll(\"iframe.wp-embedded-content\"),r=0;r<s.length;r++)(t=(e=s[r]).getAttribute(\"data-secret\"))||(t=Math.random().toString(36).substring(2,12),e.src+=\"#?secret=\"+t,e.setAttribute(\"data-secret\",t)),e.contentWindow.postMessage({message:\"ready\",secret:t},\"*\")},!1)))}(window,document);\n<\/script>\n","description":"LES DEUX GEANTS Ressource num\u00e9rique autour de l&rsquo;album \u00ab\u00a0Les deux g\u00e9ants\u00a0\u00bb #La ressource est un projet qui consiste \u00e0 cr\u00e9er un support pr\u00e9sentant le travail d\u2019un auteur au regard des \u00e9v\u00e9nements qui se sont d\u00e9roul\u00e9s \u00e0 l\u2019INSPE \u00e0 l\u2019occasion du Festival du Livre de Jeunesse Occitanie.\u00a0 En 2022, le peintre et illustrateur Martin Jarrie \u00e9tait &hellip;  Lire la suite\u00a0\u00bb","thumbnail_url":"https:\/\/festival-livre-jeunesse.fr\/2024\/wp-content\/uploads\/2022\/04\/fond-universite-1024x256.png"}

LES DEUX GEANTS Ressource numérique autour de l&rsquo;album « Les deux géants » #La ressource est un projet qui consiste à créer un support présentant le travail d’un auteur au regard des événements qui se sont déroulés à l’INSPE à l’occasion du Festival du Livre de Jeunesse Occitanie.  En 2022, le peintre et illustrateur Martin Jarrie était &hellip;  Lire la suite »
