{"id":4681,"date":"2021-09-14T21:53:10","date_gmt":"2021-09-14T19:53:10","guid":{"rendered":"https:\/\/festival-livre-jeunesse.fr\/2022\/?page_id=4681"},"modified":"2021-12-10T23:27:49","modified_gmt":"2021-12-10T22:27:49","slug":"anne-letuffe","status":"publish","type":"page","link":"https:\/\/festival-livre-jeunesse.fr\/2024\/anne-letuffe\/","title":{"rendered":"Anne LETUFFE"},"content":{"rendered":"\t\t<div data-elementor-type=\"wp-page\" data-elementor-id=\"4681\" class=\"elementor elementor-4681\">\n\t\t\t\t\t\t<section class=\"elementor-section elementor-top-section elementor-element elementor-element-1e80264 elementor-section-boxed elementor-section-height-default elementor-section-height-default\" data-id=\"1e80264\" data-element_type=\"section\">\n\t\t\t\t\t\t<div class=\"elementor-container elementor-column-gap-default\">\n\t\t\t\t\t<div class=\"elementor-column elementor-col-100 elementor-top-column elementor-element elementor-element-ed8b42a\" data-id=\"ed8b42a\" data-element_type=\"column\">\n\t\t\t<div class=\"elementor-widget-wrap elementor-element-populated\">\n\t\t\t\t\t\t<div class=\"elementor-element elementor-element-25ece1a elementor-widget elementor-widget-spacer\" data-id=\"25ece1a\" data-element_type=\"widget\" data-widget_type=\"spacer.default\">\n\t\t\t\t<div class=\"elementor-widget-container\">\n\t\t\t\t\t\t\t<div class=\"elementor-spacer\">\n\t\t\t<div class=\"elementor-spacer-inner\"><\/div>\n\t\t<\/div>\n\t\t\t\t\t\t<\/div>\n\t\t\t\t<\/div>\n\t\t\t\t\t<\/div>\n\t\t<\/div>\n\t\t\t\t\t<\/div>\n\t\t<\/section>\n\t\t\t\t<section class=\"elementor-section elementor-top-section elementor-element elementor-element-483cccf elementor-section-boxed elementor-section-height-default elementor-section-height-default\" data-id=\"483cccf\" data-element_type=\"section\">\n\t\t\t\t\t\t<div class=\"elementor-container elementor-column-gap-default\">\n\t\t\t\t\t<div class=\"elementor-column elementor-col-100 elementor-top-column elementor-element elementor-element-08b03ea\" data-id=\"08b03ea\" data-element_type=\"column\">\n\t\t\t<div class=\"elementor-widget-wrap elementor-element-populated\">\n\t\t\t\t\t\t<div class=\"elementor-element elementor-element-859a3b8 elementor-widget elementor-widget-spacer\" data-id=\"859a3b8\" data-element_type=\"widget\" data-widget_type=\"spacer.default\">\n\t\t\t\t<div class=\"elementor-widget-container\">\n\t\t\t\t\t\t\t<div class=\"elementor-spacer\">\n\t\t\t<div class=\"elementor-spacer-inner\"><\/div>\n\t\t<\/div>\n\t\t\t\t\t\t<\/div>\n\t\t\t\t<\/div>\n\t\t\t\t\t<\/div>\n\t\t<\/div>\n\t\t\t\t\t<\/div>\n\t\t<\/section>\n\t\t\t\t<section class=\"elementor-section elementor-top-section elementor-element elementor-element-7bf0a5a elementor-section-boxed elementor-section-height-default elementor-section-height-default\" data-id=\"7bf0a5a\" data-element_type=\"section\">\n\t\t\t\t\t\t<div class=\"elementor-container elementor-column-gap-default\">\n\t\t\t\t\t<div class=\"elementor-column elementor-col-33 elementor-top-column elementor-element elementor-element-b58917c\" data-id=\"b58917c\" data-element_type=\"column\">\n\t\t\t<div class=\"elementor-widget-wrap\">\n\t\t\t\t\t\t\t<\/div>\n\t\t<\/div>\n\t\t\t\t<div class=\"elementor-column elementor-col-33 elementor-top-column elementor-element elementor-element-893bb88\" data-id=\"893bb88\" data-element_type=\"column\" data-settings=\"{&quot;background_background&quot;:&quot;classic&quot;}\">\n\t\t\t<div class=\"elementor-widget-wrap elementor-element-populated\">\n\t\t\t\t\t\t<div class=\"elementor-element elementor-element-9d281d4 elementor-widget elementor-widget-heading\" data-id=\"9d281d4\" data-element_type=\"widget\" data-widget_type=\"heading.default\">\n\t\t\t\t<div class=\"elementor-widget-container\">\n\t\t\t\t\t<h1 class=\"elementor-heading-title elementor-size-default\">Anne Letuffe<\/h1>\t\t\t\t<\/div>\n\t\t\t\t<\/div>\n\t\t\t\t<section class=\"elementor-section elementor-inner-section elementor-element elementor-element-93bf550 elementor-section-boxed elementor-section-height-default elementor-section-height-default\" data-id=\"93bf550\" data-element_type=\"section\">\n\t\t\t\t\t\t<div class=\"elementor-container elementor-column-gap-default\">\n\t\t\t\t\t<div class=\"elementor-column elementor-col-50 elementor-inner-column elementor-element elementor-element-e5453bd\" data-id=\"e5453bd\" data-element_type=\"column\">\n\t\t\t<div class=\"elementor-widget-wrap elementor-element-populated\">\n\t\t\t\t\t\t<div class=\"elementor-element elementor-element-996a1bd elementor-widget elementor-widget-image\" data-id=\"996a1bd\" data-element_type=\"widget\" data-widget_type=\"image.default\">\n\t\t\t\t<div class=\"elementor-widget-container\">\n\t\t\t\t\t\t\t\t\t\t\t\t\t\t\t\t<a href=\"https:\/\/www.ricochet-jeunes.org\/auteurs\/anne-letuffe\">\n\t\t\t\t\t\t\t<img fetchpriority=\"high\" decoding=\"async\" width=\"300\" height=\"199\" src=\"https:\/\/festival-livre-jeunesse.fr\/2024\/wp-content\/uploads\/2021\/09\/Anne-Letuffe-1-300x199.jpg\" class=\"attachment-medium size-medium wp-image-5172\" alt=\"\" srcset=\"https:\/\/festival-livre-jeunesse.fr\/2024\/wp-content\/uploads\/2021\/09\/Anne-Letuffe-1-300x199.jpg 300w, https:\/\/festival-livre-jeunesse.fr\/2024\/wp-content\/uploads\/2021\/09\/Anne-Letuffe-1.jpg 574w\" sizes=\"(max-width: 300px) 100vw, 300px\" \/>\t\t\t\t\t\t\t\t<\/a>\n\t\t\t\t\t\t\t\t\t\t\t\t\t\t\t<\/div>\n\t\t\t\t<\/div>\n\t\t\t\t\t<\/div>\n\t\t<\/div>\n\t\t\t\t<div class=\"elementor-column elementor-col-50 elementor-inner-column elementor-element elementor-element-acdb29a\" data-id=\"acdb29a\" data-element_type=\"column\">\n\t\t\t<div class=\"elementor-widget-wrap elementor-element-populated\">\n\t\t\t\t\t\t<div class=\"elementor-element elementor-element-a9da973 elementor-widget elementor-widget-text-editor\" data-id=\"a9da973\" data-element_type=\"widget\" data-widget_type=\"text-editor.default\">\n\t\t\t\t<div class=\"elementor-widget-container\">\n\t\t\t\t\t\t\t\t\t<p><span style=\"color: #000000;\">Anne Letuffe est n\u00e9e \u00e0\u00a0<a style=\"color: #000000;\" title=\"Angoul\u00eame\" href=\"https:\/\/fr.wikipedia.org\/wiki\/Angoul%C3%AAme\">Angoul\u00eame<\/a>. Elle a suivi une formation \u00e0 l&rsquo;<a style=\"color: #000000;\" title=\"\u00c9cole sup\u00e9rieure des beaux-arts de Toulouse\" href=\"https:\/\/fr.wikipedia.org\/wiki\/%C3%89cole_sup%C3%A9rieure_des_beaux-arts_de_Toulouse\">\u00c9cole sup\u00e9rieure des beaux arts<\/a>\u00a0\u00e0\u00a0<a style=\"color: #000000;\" title=\"Toulouse\" href=\"https:\/\/fr.wikipedia.org\/wiki\/Toulouse\">Toulouse<\/a>. Elle int\u00e8gre ensuite le Lyc\u00e9e des Ar\u00e8nes \u00e0 Toulouse o\u00f9 elle suit pendant 4 ans des \u00e9tudes d&rsquo;arts appliqu\u00e9s. Elle a ensuite travaill\u00e9 dans la\u00a0<a style=\"color: #000000;\" title=\"Publicit\u00e9\" href=\"https:\/\/fr.wikipedia.org\/wiki\/Publicit%C3%A9\">publicit\u00e9<\/a>, l&rsquo;<a style=\"color: #000000;\" title=\"\u00c9dition (activit\u00e9)\" href=\"https:\/\/fr.wikipedia.org\/wiki\/%C3%89dition_(activit%C3%A9)\">\u00e9dition<\/a>\u00a0et la\u00a0<a style=\"color: #000000;\" title=\"Presse en France\" href=\"https:\/\/fr.wikipedia.org\/wiki\/Presse_en_France\">presse<\/a><sup id=\"cite_ref-6\" class=\"reference\"><\/sup>.<\/span><\/p><p><span style=\"color: #000000;\">En\u00a0<a style=\"color: #000000;\" title=\"2014 en litt\u00e9rature\" href=\"https:\/\/fr.wikipedia.org\/wiki\/2014_en_litt%C3%A9rature\">2014<\/a>\u00a0: elle a obtenu le\u00a0<a style=\"color: #000000;\" title=\"Prix Pitchou\" href=\"https:\/\/fr.wikipedia.org\/wiki\/Prix_Pitchou\">Prix Pitchou<\/a>\u00a0pour l&rsquo;album\u00a0<i>Le tout-petit<\/i>\u00a0(<a style=\"color: #000000;\" title=\"L'Atelier du poisson soluble\" href=\"https:\/\/fr.wikipedia.org\/wiki\/L%27Atelier_du_poisson_soluble\">l\u2019Atelier du Poisson Soluble<\/a>). Elle cr\u00e9e \u00e0 partir de ce livre un jeu-exposition appr\u00e9ci\u00e9 des m\u00e9diath\u00e8ques<sup id=\"cite_ref-7\" class=\"reference\"><\/sup>.<\/span><\/p><p><span style=\"color: #000000;\">Elle utilise des techniques de\u00a0<a style=\"color: #000000;\" title=\"D\u00e9coupage\" href=\"https:\/\/fr.wikipedia.org\/wiki\/D%C3%A9coupage\">d\u00e9coupage<\/a>,\u00a0<a style=\"color: #000000;\" title=\"Collage (art)\" href=\"https:\/\/fr.wikipedia.org\/wiki\/Collage_(art)\">collage<\/a>,\u00a0<a style=\"color: #000000;\" title=\"Encre de Chine\" href=\"https:\/\/fr.wikipedia.org\/wiki\/Encre_de_Chine\">encre de Chine<\/a>\u00a0et\u00a0<a style=\"color: #000000;\" title=\"Gravure\" href=\"https:\/\/fr.wikipedia.org\/wiki\/Gravure\">gravure<\/a>. Elle s&rsquo;inspire des artistes\u00a0<a style=\"color: #000000;\" title=\"Elzbieta\" href=\"https:\/\/fr.wikipedia.org\/wiki\/Elzbieta\">Elzbieta<\/a>,\u00a0<a style=\"color: #000000;\" title=\"Peter S\u00eds\" href=\"https:\/\/fr.wikipedia.org\/wiki\/Peter_S%C3%ADs\">Peter S\u00eds<\/a>\u00a0et\u00a0<a style=\"color: #000000;\" title=\"Binette Schroeder\" href=\"https:\/\/fr.wikipedia.org\/wiki\/Binette_Schroeder\">Binette Schroeder<\/a>. <\/span><span style=\"color: #000000;\">Elle est \u00e9galement invit\u00e9e dans des maternelles et primaire pour des ateliers artistiques<sup id=\"cite_ref-10\" class=\"reference\"><\/sup>.<\/span><\/p>\t\t\t\t\t\t\t\t<\/div>\n\t\t\t\t<\/div>\n\t\t\t\t\t<\/div>\n\t\t<\/div>\n\t\t\t\t\t<\/div>\n\t\t<\/section>\n\t\t\t\t<section class=\"elementor-section elementor-inner-section elementor-element elementor-element-0b30ea1 elementor-section-boxed elementor-section-height-default elementor-section-height-default\" data-id=\"0b30ea1\" data-element_type=\"section\">\n\t\t\t\t\t\t<div class=\"elementor-container elementor-column-gap-default\">\n\t\t\t\t\t<div class=\"elementor-column elementor-col-50 elementor-inner-column elementor-element elementor-element-8a47cc5\" data-id=\"8a47cc5\" data-element_type=\"column\">\n\t\t\t<div class=\"elementor-widget-wrap\">\n\t\t\t\t\t\t\t<\/div>\n\t\t<\/div>\n\t\t\t\t<div class=\"elementor-column elementor-col-50 elementor-inner-column elementor-element elementor-element-bbf11c7\" data-id=\"bbf11c7\" data-element_type=\"column\">\n\t\t\t<div class=\"elementor-widget-wrap elementor-element-populated\">\n\t\t\t\t\t\t<div class=\"elementor-element elementor-element-f673458 elementor-align-left elementor-widget elementor-widget-button\" data-id=\"f673458\" data-element_type=\"widget\" data-widget_type=\"button.default\">\n\t\t\t\t<div class=\"elementor-widget-container\">\n\t\t\t\t\t\t\t\t\t<div class=\"elementor-button-wrapper\">\n\t\t\t\t\t<a class=\"elementor-button elementor-button-link elementor-size-sm\" href=\"https:\/\/www.ricochet-jeunes.org\/auteurs\/anne-letuffe\">\n\t\t\t\t\t\t<span class=\"elementor-button-content-wrapper\">\n\t\t\t\t\t\t\t\t\t<span class=\"elementor-button-text\">En savoir plus<\/span>\n\t\t\t\t\t<\/span>\n\t\t\t\t\t<\/a>\n\t\t\t\t<\/div>\n\t\t\t\t\t\t\t\t<\/div>\n\t\t\t\t<\/div>\n\t\t\t\t\t<\/div>\n\t\t<\/div>\n\t\t\t\t\t<\/div>\n\t\t<\/section>\n\t\t\t\t\t<\/div>\n\t\t<\/div>\n\t\t\t\t<div class=\"elementor-column elementor-col-33 elementor-top-column elementor-element elementor-element-ad56a1c\" data-id=\"ad56a1c\" data-element_type=\"column\">\n\t\t\t<div class=\"elementor-widget-wrap\">\n\t\t\t\t\t\t\t<\/div>\n\t\t<\/div>\n\t\t\t\t\t<\/div>\n\t\t<\/section>\n\t\t\t\t<section class=\"elementor-section elementor-top-section elementor-element elementor-element-6654049 elementor-section-boxed elementor-section-height-default elementor-section-height-default\" data-id=\"6654049\" data-element_type=\"section\">\n\t\t\t\t\t\t<div class=\"elementor-container elementor-column-gap-default\">\n\t\t\t\t\t<div class=\"elementor-column elementor-col-100 elementor-top-column elementor-element elementor-element-045af7c\" data-id=\"045af7c\" data-element_type=\"column\">\n\t\t\t<div class=\"elementor-widget-wrap elementor-element-populated\">\n\t\t\t\t\t\t<div class=\"elementor-element elementor-element-654aba0 elementor-widget elementor-widget-spacer\" data-id=\"654aba0\" data-element_type=\"widget\" data-widget_type=\"spacer.default\">\n\t\t\t\t<div class=\"elementor-widget-container\">\n\t\t\t\t\t\t\t<div class=\"elementor-spacer\">\n\t\t\t<div class=\"elementor-spacer-inner\"><\/div>\n\t\t<\/div>\n\t\t\t\t\t\t<\/div>\n\t\t\t\t<\/div>\n\t\t\t\t\t<\/div>\n\t\t<\/div>\n\t\t\t\t\t<\/div>\n\t\t<\/section>\n\t\t\t\t<\/div>\n\t\t","protected":false},"excerpt":{"rendered":"<p>Anne Letuffe Anne Letuffe est n\u00e9e \u00e0\u00a0Angoul\u00eame. Elle a suivi une formation \u00e0 l&rsquo;\u00c9cole sup\u00e9rieure des beaux arts\u00a0\u00e0\u00a0Toulouse. Elle int\u00e8gre ensuite le Lyc\u00e9e des Ar\u00e8nes \u00e0 Toulouse o\u00f9 elle suit pendant 4 ans des \u00e9tudes d&rsquo;arts appliqu\u00e9s. Elle a ensuite travaill\u00e9 dans la\u00a0publicit\u00e9, l&rsquo;\u00e9dition\u00a0et la\u00a0presse. En\u00a02014\u00a0: elle a obtenu le\u00a0Prix Pitchou\u00a0pour l&rsquo;album\u00a0Le tout-petit\u00a0(l\u2019Atelier du Poisson &hellip;<\/p>\n<p class=\"read-more\"> <a class=\"\" href=\"https:\/\/festival-livre-jeunesse.fr\/2024\/anne-letuffe\/\"> <span class=\"screen-reader-text\">Anne LETUFFE<\/span> Lire la suite\u00a0\u00bb<\/a><\/p>\n","protected":false},"author":1,"featured_media":0,"parent":0,"menu_order":0,"comment_status":"closed","ping_status":"closed","template":"","meta":{"site-sidebar-layout":"no-sidebar","site-content-layout":"page-builder","ast-site-content-layout":"","site-content-style":"default","site-sidebar-style":"default","ast-global-header-display":"","ast-banner-title-visibility":"","ast-main-header-display":"","ast-hfb-above-header-display":"","ast-hfb-below-header-display":"","ast-hfb-mobile-header-display":"","site-post-title":"disabled","ast-breadcrumbs-content":"","ast-featured-img":"disabled","footer-sml-layout":"","theme-transparent-header-meta":"default","adv-header-id-meta":"","stick-header-meta":"","header-above-stick-meta":"","header-main-stick-meta":"","header-below-stick-meta":"","astra-migrate-meta-layouts":"","footnotes":""},"class_list":["post-4681","page","type-page","status-publish","hentry"],"yoast_head":"<!-- This site is optimized with the Yoast SEO plugin v21.4 - https:\/\/yoast.com\/wordpress\/plugins\/seo\/ -->\n<title>Anne LETUFFE - Festival Livre Jeunesse Occitanie<\/title>\n<meta name=\"robots\" content=\"index, follow, max-snippet:-1, max-image-preview:large, max-video-preview:-1\" \/>\n<link rel=\"canonical\" href=\"https:\/\/festival-livre-jeunesse.fr\/2024\/anne-letuffe\/\" \/>\n<meta property=\"og:locale\" content=\"fr_FR\" \/>\n<meta property=\"og:type\" content=\"article\" \/>\n<meta property=\"og:title\" content=\"Anne LETUFFE - Festival Livre Jeunesse Occitanie\" \/>\n<meta property=\"og:description\" content=\"Anne Letuffe Anne Letuffe est n\u00e9e \u00e0\u00a0Angoul\u00eame. Elle a suivi une formation \u00e0 l&rsquo;\u00c9cole sup\u00e9rieure des beaux arts\u00a0\u00e0\u00a0Toulouse. Elle int\u00e8gre ensuite le Lyc\u00e9e des Ar\u00e8nes \u00e0 Toulouse o\u00f9 elle suit pendant 4 ans des \u00e9tudes d&rsquo;arts appliqu\u00e9s. Elle a ensuite travaill\u00e9 dans la\u00a0publicit\u00e9, l&rsquo;\u00e9dition\u00a0et la\u00a0presse. En\u00a02014\u00a0: elle a obtenu le\u00a0Prix Pitchou\u00a0pour l&rsquo;album\u00a0Le tout-petit\u00a0(l\u2019Atelier du Poisson &hellip; Anne LETUFFE Lire la suite\u00a0\u00bb\" \/>\n<meta property=\"og:url\" content=\"https:\/\/festival-livre-jeunesse.fr\/2024\/anne-letuffe\/\" \/>\n<meta property=\"og:site_name\" content=\"Festival Livre Jeunesse Occitanie\" \/>\n<meta property=\"article:publisher\" content=\"https:\/\/www.facebook.com\/FestivalLivreJeunesseOccitanie\" \/>\n<meta property=\"article:modified_time\" content=\"2021-12-10T22:27:49+00:00\" \/>\n<meta property=\"og:image\" content=\"https:\/\/festival-livre-jeunesse.fr\/2022\/wp-content\/uploads\/2021\/09\/Anne-Letuffe-1-300x199.jpg\" \/>\n<meta name=\"twitter:card\" content=\"summary_large_image\" \/>\n<meta name=\"twitter:site\" content=\"@FljOccitanie\" \/>\n<meta name=\"twitter:label1\" content=\"Dur\u00e9e de lecture estim\u00e9e\" \/>\n\t<meta name=\"twitter:data1\" content=\"1 minute\" \/>\n<script type=\"application\/ld+json\" class=\"yoast-schema-graph\">{\"@context\":\"https:\/\/schema.org\",\"@graph\":[{\"@type\":\"WebPage\",\"@id\":\"https:\/\/festival-livre-jeunesse.fr\/2024\/anne-letuffe\/\",\"url\":\"https:\/\/festival-livre-jeunesse.fr\/2024\/anne-letuffe\/\",\"name\":\"Anne LETUFFE - Festival Livre Jeunesse Occitanie\",\"isPartOf\":{\"@id\":\"https:\/\/festival-livre-jeunesse.fr\/2024\/#website\"},\"datePublished\":\"2021-09-14T19:53:10+00:00\",\"dateModified\":\"2021-12-10T22:27:49+00:00\",\"breadcrumb\":{\"@id\":\"https:\/\/festival-livre-jeunesse.fr\/2024\/anne-letuffe\/#breadcrumb\"},\"inLanguage\":\"fr-FR\",\"potentialAction\":[{\"@type\":\"ReadAction\",\"target\":[\"https:\/\/festival-livre-jeunesse.fr\/2024\/anne-letuffe\/\"]}]},{\"@type\":\"BreadcrumbList\",\"@id\":\"https:\/\/festival-livre-jeunesse.fr\/2024\/anne-letuffe\/#breadcrumb\",\"itemListElement\":[{\"@type\":\"ListItem\",\"position\":1,\"name\":\"Accueil\",\"item\":\"https:\/\/festival-livre-jeunesse.fr\/2024\/\"},{\"@type\":\"ListItem\",\"position\":2,\"name\":\"Anne LETUFFE\"}]},{\"@type\":\"WebSite\",\"@id\":\"https:\/\/festival-livre-jeunesse.fr\/2024\/#website\",\"url\":\"https:\/\/festival-livre-jeunesse.fr\/2024\/\",\"name\":\"Festival Livre Jeunesse Occitanie\",\"description\":\"23\u00e8me \u00e9dition - janvier 2025\",\"publisher\":{\"@id\":\"https:\/\/festival-livre-jeunesse.fr\/2024\/#organization\"},\"potentialAction\":[{\"@type\":\"SearchAction\",\"target\":{\"@type\":\"EntryPoint\",\"urlTemplate\":\"https:\/\/festival-livre-jeunesse.fr\/2024\/?s={search_term_string}\"},\"query-input\":\"required name=search_term_string\"}],\"inLanguage\":\"fr-FR\"},{\"@type\":\"Organization\",\"@id\":\"https:\/\/festival-livre-jeunesse.fr\/2024\/#organization\",\"name\":\"festival livre jeunesse occitanie\",\"url\":\"https:\/\/festival-livre-jeunesse.fr\/2024\/\",\"logo\":{\"@type\":\"ImageObject\",\"inLanguage\":\"fr-FR\",\"@id\":\"https:\/\/festival-livre-jeunesse.fr\/2024\/#\/schema\/logo\/image\/\",\"url\":\"https:\/\/festival-livre-jeunesse.fr\/2024\/wp-content\/uploads\/2021\/05\/Logo-FLJ-petit.png\",\"contentUrl\":\"https:\/\/festival-livre-jeunesse.fr\/2024\/wp-content\/uploads\/2021\/05\/Logo-FLJ-petit.png\",\"width\":204,\"height\":200,\"caption\":\"festival livre jeunesse occitanie\"},\"image\":{\"@id\":\"https:\/\/festival-livre-jeunesse.fr\/2024\/#\/schema\/logo\/image\/\"},\"sameAs\":[\"https:\/\/www.facebook.com\/FestivalLivreJeunesseOccitanie\",\"https:\/\/twitter.com\/FljOccitanie\"]}]}<\/script>\n<!-- \/ Yoast SEO plugin. -->","yoast_head_json":{"title":"Anne LETUFFE - Festival Livre Jeunesse Occitanie","robots":{"index":"index","follow":"follow","max-snippet":"max-snippet:-1","max-image-preview":"max-image-preview:large","max-video-preview":"max-video-preview:-1"},"canonical":"https:\/\/festival-livre-jeunesse.fr\/2024\/anne-letuffe\/","og_locale":"fr_FR","og_type":"article","og_title":"Anne LETUFFE - Festival Livre Jeunesse Occitanie","og_description":"Anne Letuffe Anne Letuffe est n\u00e9e \u00e0\u00a0Angoul\u00eame. Elle a suivi une formation \u00e0 l&rsquo;\u00c9cole sup\u00e9rieure des beaux arts\u00a0\u00e0\u00a0Toulouse. Elle int\u00e8gre ensuite le Lyc\u00e9e des Ar\u00e8nes \u00e0 Toulouse o\u00f9 elle suit pendant 4 ans des \u00e9tudes d&rsquo;arts appliqu\u00e9s. Elle a ensuite travaill\u00e9 dans la\u00a0publicit\u00e9, l&rsquo;\u00e9dition\u00a0et la\u00a0presse. En\u00a02014\u00a0: elle a obtenu le\u00a0Prix Pitchou\u00a0pour l&rsquo;album\u00a0Le tout-petit\u00a0(l\u2019Atelier du Poisson &hellip; Anne LETUFFE Lire la suite\u00a0\u00bb","og_url":"https:\/\/festival-livre-jeunesse.fr\/2024\/anne-letuffe\/","og_site_name":"Festival Livre Jeunesse Occitanie","article_publisher":"https:\/\/www.facebook.com\/FestivalLivreJeunesseOccitanie","article_modified_time":"2021-12-10T22:27:49+00:00","og_image":[{"url":"https:\/\/festival-livre-jeunesse.fr\/2022\/wp-content\/uploads\/2021\/09\/Anne-Letuffe-1-300x199.jpg"}],"twitter_card":"summary_large_image","twitter_site":"@FljOccitanie","twitter_misc":{"Dur\u00e9e de lecture estim\u00e9e":"1 minute"},"schema":{"@context":"https:\/\/schema.org","@graph":[{"@type":"WebPage","@id":"https:\/\/festival-livre-jeunesse.fr\/2024\/anne-letuffe\/","url":"https:\/\/festival-livre-jeunesse.fr\/2024\/anne-letuffe\/","name":"Anne LETUFFE - Festival Livre Jeunesse Occitanie","isPartOf":{"@id":"https:\/\/festival-livre-jeunesse.fr\/2024\/#website"},"datePublished":"2021-09-14T19:53:10+00:00","dateModified":"2021-12-10T22:27:49+00:00","breadcrumb":{"@id":"https:\/\/festival-livre-jeunesse.fr\/2024\/anne-letuffe\/#breadcrumb"},"inLanguage":"fr-FR","potentialAction":[{"@type":"ReadAction","target":["https:\/\/festival-livre-jeunesse.fr\/2024\/anne-letuffe\/"]}]},{"@type":"BreadcrumbList","@id":"https:\/\/festival-livre-jeunesse.fr\/2024\/anne-letuffe\/#breadcrumb","itemListElement":[{"@type":"ListItem","position":1,"name":"Accueil","item":"https:\/\/festival-livre-jeunesse.fr\/2024\/"},{"@type":"ListItem","position":2,"name":"Anne LETUFFE"}]},{"@type":"WebSite","@id":"https:\/\/festival-livre-jeunesse.fr\/2024\/#website","url":"https:\/\/festival-livre-jeunesse.fr\/2024\/","name":"Festival Livre Jeunesse Occitanie","description":"23\u00e8me \u00e9dition - janvier 2025","publisher":{"@id":"https:\/\/festival-livre-jeunesse.fr\/2024\/#organization"},"potentialAction":[{"@type":"SearchAction","target":{"@type":"EntryPoint","urlTemplate":"https:\/\/festival-livre-jeunesse.fr\/2024\/?s={search_term_string}"},"query-input":"required name=search_term_string"}],"inLanguage":"fr-FR"},{"@type":"Organization","@id":"https:\/\/festival-livre-jeunesse.fr\/2024\/#organization","name":"festival livre jeunesse occitanie","url":"https:\/\/festival-livre-jeunesse.fr\/2024\/","logo":{"@type":"ImageObject","inLanguage":"fr-FR","@id":"https:\/\/festival-livre-jeunesse.fr\/2024\/#\/schema\/logo\/image\/","url":"https:\/\/festival-livre-jeunesse.fr\/2024\/wp-content\/uploads\/2021\/05\/Logo-FLJ-petit.png","contentUrl":"https:\/\/festival-livre-jeunesse.fr\/2024\/wp-content\/uploads\/2021\/05\/Logo-FLJ-petit.png","width":204,"height":200,"caption":"festival livre jeunesse occitanie"},"image":{"@id":"https:\/\/festival-livre-jeunesse.fr\/2024\/#\/schema\/logo\/image\/"},"sameAs":["https:\/\/www.facebook.com\/FestivalLivreJeunesseOccitanie","https:\/\/twitter.com\/FljOccitanie"]}]}},"_links":{"self":[{"href":"https:\/\/festival-livre-jeunesse.fr\/2024\/wp-json\/wp\/v2\/pages\/4681"}],"collection":[{"href":"https:\/\/festival-livre-jeunesse.fr\/2024\/wp-json\/wp\/v2\/pages"}],"about":[{"href":"https:\/\/festival-livre-jeunesse.fr\/2024\/wp-json\/wp\/v2\/types\/page"}],"author":[{"embeddable":true,"href":"https:\/\/festival-livre-jeunesse.fr\/2024\/wp-json\/wp\/v2\/users\/1"}],"replies":[{"embeddable":true,"href":"https:\/\/festival-livre-jeunesse.fr\/2024\/wp-json\/wp\/v2\/comments?post=4681"}],"version-history":[{"count":25,"href":"https:\/\/festival-livre-jeunesse.fr\/2024\/wp-json\/wp\/v2\/pages\/4681\/revisions"}],"predecessor-version":[{"id":6977,"href":"https:\/\/festival-livre-jeunesse.fr\/2024\/wp-json\/wp\/v2\/pages\/4681\/revisions\/6977"}],"wp:attachment":[{"href":"https:\/\/festival-livre-jeunesse.fr\/2024\/wp-json\/wp\/v2\/media?parent=4681"}],"curies":[{"name":"wp","href":"https:\/\/api.w.org\/{rel}","templated":true}]}}