{"id":6297,"date":"2021-11-27T16:45:19","date_gmt":"2021-11-27T15:45:19","guid":{"rendered":"https:\/\/festival-livre-jeunesse.fr\/2022\/?page_id=6297"},"modified":"2021-12-11T16:01:08","modified_gmt":"2021-12-11T15:01:08","slug":"loic-jacob","status":"publish","type":"page","link":"https:\/\/festival-livre-jeunesse.fr\/2024\/loic-jacob\/","title":{"rendered":"Lo\u00efc Jacob"},"content":{"rendered":"\t\t<div data-elementor-type=\"wp-page\" data-elementor-id=\"6297\" class=\"elementor elementor-6297\">\n\t\t\t\t\t\t<section class=\"elementor-section elementor-top-section elementor-element elementor-element-14eb7aa elementor-section-boxed elementor-section-height-default elementor-section-height-default\" data-id=\"14eb7aa\" data-element_type=\"section\">\n\t\t\t\t\t\t<div class=\"elementor-container elementor-column-gap-default\">\n\t\t\t\t\t<div class=\"elementor-column elementor-col-100 elementor-top-column elementor-element elementor-element-37598cef\" data-id=\"37598cef\" data-element_type=\"column\">\n\t\t\t<div class=\"elementor-widget-wrap elementor-element-populated\">\n\t\t\t\t\t\t<div class=\"elementor-element elementor-element-298a4a5d elementor-widget elementor-widget-text-editor\" data-id=\"298a4a5d\" data-element_type=\"widget\" data-widget_type=\"text-editor.default\">\n\t\t\t\t<div class=\"elementor-widget-container\">\n\t\t\t\t\t\t\t\t\t\n<p><\/p>\n\n\n\n<p><\/p>\n\t\t\t\t\t\t\t\t<\/div>\n\t\t\t\t<\/div>\n\t\t\t\t\t<\/div>\n\t\t<\/div>\n\t\t\t\t\t<\/div>\n\t\t<\/section>\n\t\t\t\t<section class=\"elementor-section elementor-top-section elementor-element elementor-element-21666df elementor-section-boxed elementor-section-height-default elementor-section-height-default\" data-id=\"21666df\" data-element_type=\"section\">\n\t\t\t\t\t\t<div class=\"elementor-container elementor-column-gap-default\">\n\t\t\t\t\t<div class=\"elementor-column elementor-col-100 elementor-top-column elementor-element elementor-element-b072adc\" data-id=\"b072adc\" data-element_type=\"column\">\n\t\t\t<div class=\"elementor-widget-wrap elementor-element-populated\">\n\t\t\t\t\t\t<div class=\"elementor-element elementor-element-6151e7e elementor-widget elementor-widget-spacer\" data-id=\"6151e7e\" data-element_type=\"widget\" data-widget_type=\"spacer.default\">\n\t\t\t\t<div class=\"elementor-widget-container\">\n\t\t\t\t\t\t\t<div class=\"elementor-spacer\">\n\t\t\t<div class=\"elementor-spacer-inner\"><\/div>\n\t\t<\/div>\n\t\t\t\t\t\t<\/div>\n\t\t\t\t<\/div>\n\t\t\t\t\t<\/div>\n\t\t<\/div>\n\t\t\t\t\t<\/div>\n\t\t<\/section>\n\t\t\t\t<section class=\"elementor-section elementor-top-section elementor-element elementor-element-176f121 elementor-section-boxed elementor-section-height-default elementor-section-height-default\" data-id=\"176f121\" data-element_type=\"section\">\n\t\t\t\t\t\t<div class=\"elementor-container elementor-column-gap-default\">\n\t\t\t\t\t<div class=\"elementor-column elementor-col-33 elementor-top-column elementor-element elementor-element-1779f6f\" data-id=\"1779f6f\" data-element_type=\"column\">\n\t\t\t<div class=\"elementor-widget-wrap\">\n\t\t\t\t\t\t\t<\/div>\n\t\t<\/div>\n\t\t\t\t<div class=\"elementor-column elementor-col-33 elementor-top-column elementor-element elementor-element-4f99089\" data-id=\"4f99089\" data-element_type=\"column\" data-settings=\"{&quot;background_background&quot;:&quot;classic&quot;}\">\n\t\t\t<div class=\"elementor-widget-wrap elementor-element-populated\">\n\t\t\t\t\t\t<div class=\"elementor-element elementor-element-7836144 elementor-widget elementor-widget-heading\" data-id=\"7836144\" data-element_type=\"widget\" data-widget_type=\"heading.default\">\n\t\t\t\t<div class=\"elementor-widget-container\">\n\t\t\t\t\t<h1 class=\"elementor-heading-title elementor-size-default\">Lo\u00efc Jacob<\/h1>\t\t\t\t<\/div>\n\t\t\t\t<\/div>\n\t\t\t\t<section class=\"elementor-section elementor-inner-section elementor-element elementor-element-03acea6 elementor-section-boxed elementor-section-height-default elementor-section-height-default\" data-id=\"03acea6\" data-element_type=\"section\">\n\t\t\t\t\t\t<div class=\"elementor-container elementor-column-gap-default\">\n\t\t\t\t\t<div class=\"elementor-column elementor-col-50 elementor-inner-column elementor-element elementor-element-36794c9\" data-id=\"36794c9\" data-element_type=\"column\">\n\t\t\t<div class=\"elementor-widget-wrap elementor-element-populated\">\n\t\t\t\t\t\t<div class=\"elementor-element elementor-element-665432a elementor-widget elementor-widget-image\" data-id=\"665432a\" data-element_type=\"widget\" data-widget_type=\"image.default\">\n\t\t\t\t<div class=\"elementor-widget-container\">\n\t\t\t\t\t\t\t\t\t\t\t\t\t\t\t\t<a href=\"https:\/\/hongfei-cultures.com\/\">\n\t\t\t\t\t\t\t<img fetchpriority=\"high\" decoding=\"async\" width=\"272\" height=\"300\" src=\"https:\/\/festival-livre-jeunesse.fr\/2024\/wp-content\/uploads\/2021\/11\/Loic-Jacob-272x300.jpg\" class=\"attachment-medium size-medium wp-image-5386\" alt=\"\" srcset=\"https:\/\/festival-livre-jeunesse.fr\/2024\/wp-content\/uploads\/2021\/11\/Loic-Jacob-272x300.jpg 272w, https:\/\/festival-livre-jeunesse.fr\/2024\/wp-content\/uploads\/2021\/11\/Loic-Jacob.jpg 343w\" sizes=\"(max-width: 272px) 100vw, 272px\" \/>\t\t\t\t\t\t\t\t<\/a>\n\t\t\t\t\t\t\t\t\t\t\t\t\t\t\t<\/div>\n\t\t\t\t<\/div>\n\t\t\t\t\t<\/div>\n\t\t<\/div>\n\t\t\t\t<div class=\"elementor-column elementor-col-50 elementor-inner-column elementor-element elementor-element-fad09d5\" data-id=\"fad09d5\" data-element_type=\"column\">\n\t\t\t<div class=\"elementor-widget-wrap elementor-element-populated\">\n\t\t\t\t\t\t<div class=\"elementor-element elementor-element-a389147 elementor-widget elementor-widget-text-editor\" data-id=\"a389147\" data-element_type=\"widget\" data-widget_type=\"text-editor.default\">\n\t\t\t\t<div class=\"elementor-widget-container\">\n\t\t\t\t\t\t\t\t\t<p>Fond\u00e9es en 2007 par Lo\u00efc Jacob et Chun-Liang Yeh, les \u00e9ditions HongFei Cultures sont n\u00e9es d\u2019une intention interculturelle (la rencontre des cultures chinoise et fran\u00e7aise)<sup id=\"cite_ref-1\" class=\"reference\"><a href=\"https:\/\/fr.wikipedia.org\/wiki\/HongFei_Cultures#cite_note-1\">1<\/a><\/sup>. Tout d&rsquo;abord bas\u00e9e \u00e0\u00a0Champs-sur-Marne, la maison est install\u00e9e \u00e0\u00a0Amboise\u00a0en r\u00e9gion\u00a0Centre-Val de Loire\u00a0depuis 2013.<\/p>\n<p>La maison tire son nom du mot chinois HongFei \u9d3b\u98db qui signifie \u00ab\u00a0Grand oiseau en vol\u00a0\u00bb. Ce mot est emprunt\u00e9 au po\u00e8te\u00a0Su Dongpo\u00a0(1037-1101) qui, dans l&rsquo;un de ses textes, compare la vie \u00e0 un grand oiseau qui vole librement \u00e0 l\u2019est et \u00e0 l\u2019ouest en survolant des montagnes enneig\u00e9es o\u00f9 il laisse des empreintes sans s\u2019y attacher.<\/p>\n<p>Le catalogue des \u00e9ditions HongFei Cultures compte une dizaine de titres suppl\u00e9mentaires chaque ann\u00e9e. Trois th\u00e8mes majeurs y sont pr\u00e9sents : le voyage, l&rsquo;int\u00e9r\u00eat pour l&rsquo;inconnu et la relation \u00e0 l&rsquo;autre.<\/p>\n<h4><span id=\"Prix_et_distinctions\" class=\"mw-headline\">Prix et distinctions des \u00e9ditions HongFei\u00a0<\/span><\/h4>\n<ul>\n<li>P\u00e9pite du\u00a0Salon du livre et de la presse jeunesse\u00a02014, cat\u00e9gorie documentaire\u00a0:\u00a0<i>Chine, Sc\u00e8nes de la vie quotidienne<\/i>\u00a0de Nicolas Jolivot (texte et illustrations).<sup id=\"cite_ref-4\" class=\"reference\"><\/sup><\/li>\n<li>Prix Chen Bochui international 2015\u00a0:\u00a0<i>La ballade de Mulan<\/i> de Chun-Liang Yeh (texte) et Cl\u00e9mence Pollet (illustrations)\u00a0<\/li>\n<li>Prix des Incorruptibles\u00a02016, cat\u00e9gorie CP\u00a0:\u00a0<i>Chut<\/i> de Morgane de Cadier (texte) et Florian Pig\u00e9 (illustrations)<sup id=\"cite_ref-6\" class=\"reference\"><\/sup><\/li>\n<li>Grand Prix du Carnet de voyage de la Fondation Michelin 2018\u00a0:\u00a0<i>Japon, \u00e0 pied sous les volcans<\/i> de Nicolas Jolivot<sup id=\"cite_ref-7\" class=\"reference\"><\/sup><\/li>\n<li>Prix Landerneau 2020, cat\u00e9gorie album jeunesse : Bulle d&rsquo;\u00e9t\u00e9 de Florian Pig\u00e9 (texte et illustrations)\u00a0<\/li>\n<li>Prix Sorci\u00e8res\u00a02021, cat\u00e9gorie Carr\u00e9ment beau maxi\u00a0:\u00a0<i>Nuit \u00e9toil\u00e9e<\/i>\u00a0de Jimmy Liao (texte et illustrations).<\/li>\n<\/ul>\t\t\t\t\t\t\t\t<\/div>\n\t\t\t\t<\/div>\n\t\t\t\t\t<\/div>\n\t\t<\/div>\n\t\t\t\t\t<\/div>\n\t\t<\/section>\n\t\t\t\t<section class=\"elementor-section elementor-inner-section elementor-element elementor-element-785e924 elementor-section-boxed elementor-section-height-default elementor-section-height-default\" data-id=\"785e924\" data-element_type=\"section\">\n\t\t\t\t\t\t<div class=\"elementor-container elementor-column-gap-default\">\n\t\t\t\t\t<div class=\"elementor-column elementor-col-50 elementor-inner-column elementor-element elementor-element-2b08c9e\" data-id=\"2b08c9e\" data-element_type=\"column\">\n\t\t\t<div class=\"elementor-widget-wrap\">\n\t\t\t\t\t\t\t<\/div>\n\t\t<\/div>\n\t\t\t\t<div class=\"elementor-column elementor-col-50 elementor-inner-column elementor-element elementor-element-67c0be6\" data-id=\"67c0be6\" data-element_type=\"column\">\n\t\t\t<div class=\"elementor-widget-wrap elementor-element-populated\">\n\t\t\t\t\t\t<div class=\"elementor-element elementor-element-d809952 elementor-align-left elementor-widget elementor-widget-button\" data-id=\"d809952\" data-element_type=\"widget\" data-widget_type=\"button.default\">\n\t\t\t\t<div class=\"elementor-widget-container\">\n\t\t\t\t\t\t\t\t\t<div class=\"elementor-button-wrapper\">\n\t\t\t\t\t<a class=\"elementor-button elementor-button-link elementor-size-sm\" href=\"https:\/\/hongfei-cultures.com\/\">\n\t\t\t\t\t\t<span class=\"elementor-button-content-wrapper\">\n\t\t\t\t\t\t\t\t\t<span class=\"elementor-button-text\">En savoir plus<\/span>\n\t\t\t\t\t<\/span>\n\t\t\t\t\t<\/a>\n\t\t\t\t<\/div>\n\t\t\t\t\t\t\t\t<\/div>\n\t\t\t\t<\/div>\n\t\t\t\t\t<\/div>\n\t\t<\/div>\n\t\t\t\t\t<\/div>\n\t\t<\/section>\n\t\t\t\t\t<\/div>\n\t\t<\/div>\n\t\t\t\t<div class=\"elementor-column elementor-col-33 elementor-top-column elementor-element elementor-element-bd4aea0\" data-id=\"bd4aea0\" data-element_type=\"column\">\n\t\t\t<div class=\"elementor-widget-wrap\">\n\t\t\t\t\t\t\t<\/div>\n\t\t<\/div>\n\t\t\t\t\t<\/div>\n\t\t<\/section>\n\t\t\t\t<section class=\"elementor-section elementor-top-section elementor-element elementor-element-44ee8d0 elementor-section-boxed elementor-section-height-default elementor-section-height-default\" data-id=\"44ee8d0\" data-element_type=\"section\">\n\t\t\t\t\t\t<div class=\"elementor-container elementor-column-gap-default\">\n\t\t\t\t\t<div class=\"elementor-column elementor-col-100 elementor-top-column elementor-element elementor-element-7d34048\" data-id=\"7d34048\" data-element_type=\"column\">\n\t\t\t<div class=\"elementor-widget-wrap elementor-element-populated\">\n\t\t\t\t\t\t<div class=\"elementor-element elementor-element-bdd15b0 elementor-widget elementor-widget-spacer\" data-id=\"bdd15b0\" data-element_type=\"widget\" data-widget_type=\"spacer.default\">\n\t\t\t\t<div class=\"elementor-widget-container\">\n\t\t\t\t\t\t\t<div class=\"elementor-spacer\">\n\t\t\t<div class=\"elementor-spacer-inner\"><\/div>\n\t\t<\/div>\n\t\t\t\t\t\t<\/div>\n\t\t\t\t<\/div>\n\t\t\t\t\t<\/div>\n\t\t<\/div>\n\t\t\t\t\t<\/div>\n\t\t<\/section>\n\t\t\t\t<\/div>\n\t\t","protected":false},"excerpt":{"rendered":"<p>Lo\u00efc Jacob Fond\u00e9es en 2007 par Lo\u00efc Jacob et Chun-Liang Yeh, les \u00e9ditions HongFei Cultures sont n\u00e9es d\u2019une intention interculturelle (la rencontre des cultures chinoise et fran\u00e7aise)1. Tout d&rsquo;abord bas\u00e9e \u00e0\u00a0Champs-sur-Marne, la maison est install\u00e9e \u00e0\u00a0Amboise\u00a0en r\u00e9gion\u00a0Centre-Val de Loire\u00a0depuis 2013. La maison tire son nom du mot chinois HongFei \u9d3b\u98db qui signifie \u00ab\u00a0Grand oiseau en &hellip;<\/p>\n<p class=\"read-more\"> <a class=\"\" href=\"https:\/\/festival-livre-jeunesse.fr\/2024\/loic-jacob\/\"> <span class=\"screen-reader-text\">Lo\u00efc Jacob<\/span> Lire la suite\u00a0\u00bb<\/a><\/p>\n","protected":false},"author":1,"featured_media":0,"parent":0,"menu_order":0,"comment_status":"closed","ping_status":"closed","template":"","meta":{"site-sidebar-layout":"default","site-content-layout":"default","ast-site-content-layout":"","site-content-style":"default","site-sidebar-style":"default","ast-global-header-display":"","ast-banner-title-visibility":"","ast-main-header-display":"","ast-hfb-above-header-display":"","ast-hfb-below-header-display":"","ast-hfb-mobile-header-display":"","site-post-title":"","ast-breadcrumbs-content":"","ast-featured-img":"","footer-sml-layout":"","theme-transparent-header-meta":"default","adv-header-id-meta":"","stick-header-meta":"","header-above-stick-meta":"","header-main-stick-meta":"","header-below-stick-meta":"","astra-migrate-meta-layouts":"","footnotes":""},"class_list":["post-6297","page","type-page","status-publish","hentry"],"yoast_head":"<!-- This site is optimized with the Yoast SEO plugin v21.4 - https:\/\/yoast.com\/wordpress\/plugins\/seo\/ -->\n<title>Lo\u00efc Jacob - Festival Livre Jeunesse Occitanie<\/title>\n<meta name=\"robots\" content=\"index, follow, max-snippet:-1, max-image-preview:large, max-video-preview:-1\" \/>\n<link rel=\"canonical\" href=\"https:\/\/festival-livre-jeunesse.fr\/2024\/loic-jacob\/\" \/>\n<meta property=\"og:locale\" content=\"fr_FR\" \/>\n<meta property=\"og:type\" content=\"article\" \/>\n<meta property=\"og:title\" content=\"Lo\u00efc Jacob - Festival Livre Jeunesse Occitanie\" \/>\n<meta property=\"og:description\" content=\"Lo\u00efc Jacob Fond\u00e9es en 2007 par Lo\u00efc Jacob et Chun-Liang Yeh, les \u00e9ditions HongFei Cultures sont n\u00e9es d\u2019une intention interculturelle (la rencontre des cultures chinoise et fran\u00e7aise)1. Tout d&rsquo;abord bas\u00e9e \u00e0\u00a0Champs-sur-Marne, la maison est install\u00e9e \u00e0\u00a0Amboise\u00a0en r\u00e9gion\u00a0Centre-Val de Loire\u00a0depuis 2013. La maison tire son nom du mot chinois HongFei \u9d3b\u98db qui signifie \u00ab\u00a0Grand oiseau en &hellip; Lo\u00efc Jacob Lire la suite\u00a0\u00bb\" \/>\n<meta property=\"og:url\" content=\"https:\/\/festival-livre-jeunesse.fr\/2024\/loic-jacob\/\" \/>\n<meta property=\"og:site_name\" content=\"Festival Livre Jeunesse Occitanie\" \/>\n<meta property=\"article:publisher\" content=\"https:\/\/www.facebook.com\/FestivalLivreJeunesseOccitanie\" \/>\n<meta property=\"article:modified_time\" content=\"2021-12-11T15:01:08+00:00\" \/>\n<meta property=\"og:image\" content=\"https:\/\/festival-livre-jeunesse.fr\/2022\/wp-content\/uploads\/2021\/11\/Loic-Jacob-272x300.jpg\" \/>\n<meta name=\"twitter:card\" content=\"summary_large_image\" \/>\n<meta name=\"twitter:site\" content=\"@FljOccitanie\" \/>\n<meta name=\"twitter:label1\" content=\"Dur\u00e9e de lecture estim\u00e9e\" \/>\n\t<meta name=\"twitter:data1\" content=\"1 minute\" \/>\n<script type=\"application\/ld+json\" class=\"yoast-schema-graph\">{\"@context\":\"https:\/\/schema.org\",\"@graph\":[{\"@type\":\"WebPage\",\"@id\":\"https:\/\/festival-livre-jeunesse.fr\/2024\/loic-jacob\/\",\"url\":\"https:\/\/festival-livre-jeunesse.fr\/2024\/loic-jacob\/\",\"name\":\"Lo\u00efc Jacob - Festival Livre Jeunesse Occitanie\",\"isPartOf\":{\"@id\":\"https:\/\/festival-livre-jeunesse.fr\/2024\/#website\"},\"datePublished\":\"2021-11-27T15:45:19+00:00\",\"dateModified\":\"2021-12-11T15:01:08+00:00\",\"breadcrumb\":{\"@id\":\"https:\/\/festival-livre-jeunesse.fr\/2024\/loic-jacob\/#breadcrumb\"},\"inLanguage\":\"fr-FR\",\"potentialAction\":[{\"@type\":\"ReadAction\",\"target\":[\"https:\/\/festival-livre-jeunesse.fr\/2024\/loic-jacob\/\"]}]},{\"@type\":\"BreadcrumbList\",\"@id\":\"https:\/\/festival-livre-jeunesse.fr\/2024\/loic-jacob\/#breadcrumb\",\"itemListElement\":[{\"@type\":\"ListItem\",\"position\":1,\"name\":\"Accueil\",\"item\":\"https:\/\/festival-livre-jeunesse.fr\/2024\/\"},{\"@type\":\"ListItem\",\"position\":2,\"name\":\"Lo\u00efc Jacob\"}]},{\"@type\":\"WebSite\",\"@id\":\"https:\/\/festival-livre-jeunesse.fr\/2024\/#website\",\"url\":\"https:\/\/festival-livre-jeunesse.fr\/2024\/\",\"name\":\"Festival Livre Jeunesse Occitanie\",\"description\":\"23\u00e8me \u00e9dition - janvier 2025\",\"publisher\":{\"@id\":\"https:\/\/festival-livre-jeunesse.fr\/2024\/#organization\"},\"potentialAction\":[{\"@type\":\"SearchAction\",\"target\":{\"@type\":\"EntryPoint\",\"urlTemplate\":\"https:\/\/festival-livre-jeunesse.fr\/2024\/?s={search_term_string}\"},\"query-input\":\"required name=search_term_string\"}],\"inLanguage\":\"fr-FR\"},{\"@type\":\"Organization\",\"@id\":\"https:\/\/festival-livre-jeunesse.fr\/2024\/#organization\",\"name\":\"festival livre jeunesse occitanie\",\"url\":\"https:\/\/festival-livre-jeunesse.fr\/2024\/\",\"logo\":{\"@type\":\"ImageObject\",\"inLanguage\":\"fr-FR\",\"@id\":\"https:\/\/festival-livre-jeunesse.fr\/2024\/#\/schema\/logo\/image\/\",\"url\":\"https:\/\/festival-livre-jeunesse.fr\/2024\/wp-content\/uploads\/2021\/05\/Logo-FLJ-petit.png\",\"contentUrl\":\"https:\/\/festival-livre-jeunesse.fr\/2024\/wp-content\/uploads\/2021\/05\/Logo-FLJ-petit.png\",\"width\":204,\"height\":200,\"caption\":\"festival livre jeunesse occitanie\"},\"image\":{\"@id\":\"https:\/\/festival-livre-jeunesse.fr\/2024\/#\/schema\/logo\/image\/\"},\"sameAs\":[\"https:\/\/www.facebook.com\/FestivalLivreJeunesseOccitanie\",\"https:\/\/twitter.com\/FljOccitanie\"]}]}<\/script>\n<!-- \/ Yoast SEO plugin. -->","yoast_head_json":{"title":"Lo\u00efc Jacob - Festival Livre Jeunesse Occitanie","robots":{"index":"index","follow":"follow","max-snippet":"max-snippet:-1","max-image-preview":"max-image-preview:large","max-video-preview":"max-video-preview:-1"},"canonical":"https:\/\/festival-livre-jeunesse.fr\/2024\/loic-jacob\/","og_locale":"fr_FR","og_type":"article","og_title":"Lo\u00efc Jacob - Festival Livre Jeunesse Occitanie","og_description":"Lo\u00efc Jacob Fond\u00e9es en 2007 par Lo\u00efc Jacob et Chun-Liang Yeh, les \u00e9ditions HongFei Cultures sont n\u00e9es d\u2019une intention interculturelle (la rencontre des cultures chinoise et fran\u00e7aise)1. Tout d&rsquo;abord bas\u00e9e \u00e0\u00a0Champs-sur-Marne, la maison est install\u00e9e \u00e0\u00a0Amboise\u00a0en r\u00e9gion\u00a0Centre-Val de Loire\u00a0depuis 2013. La maison tire son nom du mot chinois HongFei \u9d3b\u98db qui signifie \u00ab\u00a0Grand oiseau en &hellip; Lo\u00efc Jacob Lire la suite\u00a0\u00bb","og_url":"https:\/\/festival-livre-jeunesse.fr\/2024\/loic-jacob\/","og_site_name":"Festival Livre Jeunesse Occitanie","article_publisher":"https:\/\/www.facebook.com\/FestivalLivreJeunesseOccitanie","article_modified_time":"2021-12-11T15:01:08+00:00","og_image":[{"url":"https:\/\/festival-livre-jeunesse.fr\/2022\/wp-content\/uploads\/2021\/11\/Loic-Jacob-272x300.jpg"}],"twitter_card":"summary_large_image","twitter_site":"@FljOccitanie","twitter_misc":{"Dur\u00e9e de lecture estim\u00e9e":"1 minute"},"schema":{"@context":"https:\/\/schema.org","@graph":[{"@type":"WebPage","@id":"https:\/\/festival-livre-jeunesse.fr\/2024\/loic-jacob\/","url":"https:\/\/festival-livre-jeunesse.fr\/2024\/loic-jacob\/","name":"Lo\u00efc Jacob - Festival Livre Jeunesse Occitanie","isPartOf":{"@id":"https:\/\/festival-livre-jeunesse.fr\/2024\/#website"},"datePublished":"2021-11-27T15:45:19+00:00","dateModified":"2021-12-11T15:01:08+00:00","breadcrumb":{"@id":"https:\/\/festival-livre-jeunesse.fr\/2024\/loic-jacob\/#breadcrumb"},"inLanguage":"fr-FR","potentialAction":[{"@type":"ReadAction","target":["https:\/\/festival-livre-jeunesse.fr\/2024\/loic-jacob\/"]}]},{"@type":"BreadcrumbList","@id":"https:\/\/festival-livre-jeunesse.fr\/2024\/loic-jacob\/#breadcrumb","itemListElement":[{"@type":"ListItem","position":1,"name":"Accueil","item":"https:\/\/festival-livre-jeunesse.fr\/2024\/"},{"@type":"ListItem","position":2,"name":"Lo\u00efc Jacob"}]},{"@type":"WebSite","@id":"https:\/\/festival-livre-jeunesse.fr\/2024\/#website","url":"https:\/\/festival-livre-jeunesse.fr\/2024\/","name":"Festival Livre Jeunesse Occitanie","description":"23\u00e8me \u00e9dition - janvier 2025","publisher":{"@id":"https:\/\/festival-livre-jeunesse.fr\/2024\/#organization"},"potentialAction":[{"@type":"SearchAction","target":{"@type":"EntryPoint","urlTemplate":"https:\/\/festival-livre-jeunesse.fr\/2024\/?s={search_term_string}"},"query-input":"required name=search_term_string"}],"inLanguage":"fr-FR"},{"@type":"Organization","@id":"https:\/\/festival-livre-jeunesse.fr\/2024\/#organization","name":"festival livre jeunesse occitanie","url":"https:\/\/festival-livre-jeunesse.fr\/2024\/","logo":{"@type":"ImageObject","inLanguage":"fr-FR","@id":"https:\/\/festival-livre-jeunesse.fr\/2024\/#\/schema\/logo\/image\/","url":"https:\/\/festival-livre-jeunesse.fr\/2024\/wp-content\/uploads\/2021\/05\/Logo-FLJ-petit.png","contentUrl":"https:\/\/festival-livre-jeunesse.fr\/2024\/wp-content\/uploads\/2021\/05\/Logo-FLJ-petit.png","width":204,"height":200,"caption":"festival livre jeunesse occitanie"},"image":{"@id":"https:\/\/festival-livre-jeunesse.fr\/2024\/#\/schema\/logo\/image\/"},"sameAs":["https:\/\/www.facebook.com\/FestivalLivreJeunesseOccitanie","https:\/\/twitter.com\/FljOccitanie"]}]}},"_links":{"self":[{"href":"https:\/\/festival-livre-jeunesse.fr\/2024\/wp-json\/wp\/v2\/pages\/6297"}],"collection":[{"href":"https:\/\/festival-livre-jeunesse.fr\/2024\/wp-json\/wp\/v2\/pages"}],"about":[{"href":"https:\/\/festival-livre-jeunesse.fr\/2024\/wp-json\/wp\/v2\/types\/page"}],"author":[{"embeddable":true,"href":"https:\/\/festival-livre-jeunesse.fr\/2024\/wp-json\/wp\/v2\/users\/1"}],"replies":[{"embeddable":true,"href":"https:\/\/festival-livre-jeunesse.fr\/2024\/wp-json\/wp\/v2\/comments?post=6297"}],"version-history":[{"count":19,"href":"https:\/\/festival-livre-jeunesse.fr\/2024\/wp-json\/wp\/v2\/pages\/6297\/revisions"}],"predecessor-version":[{"id":7131,"href":"https:\/\/festival-livre-jeunesse.fr\/2024\/wp-json\/wp\/v2\/pages\/6297\/revisions\/7131"}],"wp:attachment":[{"href":"https:\/\/festival-livre-jeunesse.fr\/2024\/wp-json\/wp\/v2\/media?parent=6297"}],"curies":[{"name":"wp","href":"https:\/\/api.w.org\/{rel}","templated":true}]}}