{"version":"1.0","provider_name":"Festival du Livre de Jeunesse Occitanie : 29, 30, 31 janvier 2027","provider_url":"https:\/\/festival-livre-jeunesse.fr\/2026","author_name":"Audrey","author_url":"https:\/\/festival-livre-jeunesse.fr\/2026\/author\/coordinatrice\/","title":"Auteurs et autrices invit\u00e9s 2026 - Festival du Livre de Jeunesse Occitanie : 29, 30, 31 janvier 2027","type":"rich","width":600,"height":338,"html":"<blockquote class=\"wp-embedded-content\" data-secret=\"6TxIOHFVaj\"><a href=\"https:\/\/festival-livre-jeunesse.fr\/2026\/auteur-ices-2026\/\">Auteurs et autrices invit\u00e9s 2026<\/a><\/blockquote><iframe sandbox=\"allow-scripts\" security=\"restricted\" src=\"https:\/\/festival-livre-jeunesse.fr\/2026\/auteur-ices-2026\/embed\/#?secret=6TxIOHFVaj\" width=\"600\" height=\"338\" title=\"\u00ab\u00a0Auteurs et autrices invit\u00e9s 2026\u00a0\u00bb &#8212; Festival du Livre de Jeunesse Occitanie : 29, 30, 31 janvier 2027\" data-secret=\"6TxIOHFVaj\" frameborder=\"0\" marginwidth=\"0\" marginheight=\"0\" scrolling=\"no\" class=\"wp-embedded-content\"><\/iframe><script>\n\/*! This file is auto-generated *\/\n!function(d,l){\"use strict\";l.querySelector&&d.addEventListener&&\"undefined\"!=typeof URL&&(d.wp=d.wp||{},d.wp.receiveEmbedMessage||(d.wp.receiveEmbedMessage=function(e){var t=e.data;if((t||t.secret||t.message||t.value)&&!\/[^a-zA-Z0-9]\/.test(t.secret)){for(var s,r,n,a=l.querySelectorAll('iframe[data-secret=\"'+t.secret+'\"]'),o=l.querySelectorAll('blockquote[data-secret=\"'+t.secret+'\"]'),c=new RegExp(\"^https?:$\",\"i\"),i=0;i<o.length;i++)o[i].style.display=\"none\";for(i=0;i<a.length;i++)s=a[i],e.source===s.contentWindow&&(s.removeAttribute(\"style\"),\"height\"===t.message?(1e3<(r=parseInt(t.value,10))?r=1e3:~~r<200&&(r=200),s.height=r):\"link\"===t.message&&(r=new URL(s.getAttribute(\"src\")),n=new URL(t.value),c.test(n.protocol))&&n.host===r.host&&l.activeElement===s&&(d.top.location.href=t.value))}},d.addEventListener(\"message\",d.wp.receiveEmbedMessage,!1),l.addEventListener(\"DOMContentLoaded\",function(){for(var e,t,s=l.querySelectorAll(\"iframe.wp-embedded-content\"),r=0;r<s.length;r++)(t=(e=s[r]).getAttribute(\"data-secret\"))||(t=Math.random().toString(36).substring(2,12),e.src+=\"#?secret=\"+t,e.setAttribute(\"data-secret\",t)),e.contentWindow.postMessage({message:\"ready\",secret:t},\"*\")},!1)))}(window,document);\n\/\/# sourceURL=https:\/\/festival-livre-jeunesse.fr\/2026\/wp-includes\/js\/wp-embed.min.js\n<\/script>\n","description":"Autrices et Auteurs invit\u00e9s en 2026 Sa\u00efd BENJELLOUN Benjamin CHAUD Marie COLOT Louise de CONTES Ronald CURCHOD Agn\u00e8s DOMERGUE Rapha\u00eble FRIER Bernadette GERVAIS Chrysostome GOURIO Christophe GUILLAUMOT Vanessa HI\u00c9 C\u00e9cile HUDRISIER S\u00e9bastien JOANNIEZ Sandrine KAO Fr\u00e9d\u00e9ric MAUPOM\u00c9 Florence MEDINA Henri MEUNIER Fiona MEYNIER Fanny PAGEAUD PENELOPE Guillaume RUFFAULT Alain SERRES St\u00e9phane SERVANT Jean-Pierre SIM\u00c9ON Pierre [&hellip;]","thumbnail_url":"https:\/\/festival-livre-jeunesse.fr\/2026\/wp-content\/uploads\/2025\/08\/benjamin-chaud-500x500-crop-q90.jpg"}

Auteurs et autrices invités 2026 - Festival du Livre de Jeunesse Occitanie : 29, 30, 31 janvier 2027

<blockquote class="wp-embedded-content" data-secret="6TxIOHFVaj"><a href="https://festival-livre-jeunesse.fr/2026/auteur-ices-2026/">Auteurs et autrices invités 2026</a></blockquote><iframe sandbox="allow-scripts" security="restricted" src="https://festival-livre-jeunesse.fr/2026/auteur-ices-2026/embed/#?secret=6TxIOHFVaj" width="600" height="338" title="« Auteurs et autrices invités 2026 » &#8212; Festival du Livre de Jeunesse Occitanie : 29, 30, 31 janvier 2027" data-secret="6TxIOHFVaj" frameborder="0" marginwidth="0" marginheight="0" scrolling="no" class="wp-embedded-content"></iframe><script>
/*! This file is auto-generated */
!function(d,l){"use strict";l.querySelector&&d.addEventListener&&"undefined"!=typeof URL&&(d.wp=d.wp||{},d.wp.receiveEmbedMessage||(d.wp.receiveEmbedMessage=function(e){var t=e.data;if((t||t.secret||t.message||t.value)&&!/[^a-zA-Z0-9]/.test(t.secret)){for(var s,r,n,a=l.querySelectorAll('iframe[data-secret="'+t.secret+'"]'),o=l.querySelectorAll('blockquote[data-secret="'+t.secret+'"]'),c=new RegExp("^https?:$","i"),i=0;i<o.length;i++)o[i].style.display="none";for(i=0;i<a.length;i++)s=a[i],e.source===s.contentWindow&&(s.removeAttribute("style"),"height"===t.message?(1e3<(r=parseInt(t.value,10))?r=1e3:~~r<200&&(r=200),s.height=r):"link"===t.message&&(r=new URL(s.getAttribute("src")),n=new URL(t.value),c.test(n.protocol))&&n.host===r.host&&l.activeElement===s&&(d.top.location.href=t.value))}},d.addEventListener("message",d.wp.receiveEmbedMessage,!1),l.addEventListener("DOMContentLoaded",function(){for(var e,t,s=l.querySelectorAll("iframe.wp-embedded-content"),r=0;r<s.length;r++)(t=(e=s[r]).getAttribute("data-secret"))||(t=Math.random().toString(36).substring(2,12),e.src+="#?secret="+t,e.setAttribute("data-secret",t)),e.contentWindow.postMessage({message:"ready",secret:t},"*")},!1)))}(window,document);
//# sourceURL=https://festival-livre-jeunesse.fr/2026/wp-includes/js/wp-embed.min.js
</script>

Autrices et Auteurs invités en 2026 Saïd BENJELLOUN Benjamin CHAUD Marie COLOT Louise de CONTES Ronald CURCHOD Agnès DOMERGUE Raphaële FRIER Bernadette GERVAIS Chrysostome GOURIO Christophe GUILLAUMOT Vanessa HIÉ Cécile HUDRISIER Sébastien JOANNIEZ Sandrine KAO Frédéric MAUPOMÉ Florence MEDINA Henri MEUNIER Fiona MEYNIER Fanny PAGEAUD PENELOPE Guillaume RUFFAULT Alain SERRES Stéphane SERVANT Jean-Pierre SIMÉON Pierre [&hellip;]
