{"version":"1.0","provider_name":"Festival du Livre de Jeunesse Occitanie : 29, 30, 31 janvier 2027","provider_url":"https:\/\/festival-livre-jeunesse.fr\/2026","author_name":"Audrey","author_url":"https:\/\/festival-livre-jeunesse.fr\/2026\/author\/coordinatrice\/","title":"Les auteurs invit\u00e9s &#8211; PEL 2025 - Festival du Livre de Jeunesse Occitanie : 29, 30, 31 janvier 2027","type":"rich","width":600,"height":338,"html":"<blockquote class=\"wp-embedded-content\" data-secret=\"jG16dI7Uc3\"><a href=\"https:\/\/festival-livre-jeunesse.fr\/2026\/les-auteurs-invites-pel-2025\/\">Les auteurs invit\u00e9s &#8211; PEL 2025<\/a><\/blockquote><iframe sandbox=\"allow-scripts\" security=\"restricted\" src=\"https:\/\/festival-livre-jeunesse.fr\/2026\/les-auteurs-invites-pel-2025\/embed\/#?secret=jG16dI7Uc3\" width=\"600\" height=\"338\" title=\"\u00ab\u00a0Les auteurs invit\u00e9s &#8211; PEL 2025\u00a0\u00bb &#8212; Festival du Livre de Jeunesse Occitanie : 29, 30, 31 janvier 2027\" data-secret=\"jG16dI7Uc3\" frameborder=\"0\" marginwidth=\"0\" marginheight=\"0\" scrolling=\"no\" class=\"wp-embedded-content\"><\/iframe><script>\n\/*! This file is auto-generated *\/\n!function(d,l){\"use strict\";l.querySelector&&d.addEventListener&&\"undefined\"!=typeof URL&&(d.wp=d.wp||{},d.wp.receiveEmbedMessage||(d.wp.receiveEmbedMessage=function(e){var t=e.data;if((t||t.secret||t.message||t.value)&&!\/[^a-zA-Z0-9]\/.test(t.secret)){for(var s,r,n,a=l.querySelectorAll('iframe[data-secret=\"'+t.secret+'\"]'),o=l.querySelectorAll('blockquote[data-secret=\"'+t.secret+'\"]'),c=new RegExp(\"^https?:$\",\"i\"),i=0;i<o.length;i++)o[i].style.display=\"none\";for(i=0;i<a.length;i++)s=a[i],e.source===s.contentWindow&&(s.removeAttribute(\"style\"),\"height\"===t.message?(1e3<(r=parseInt(t.value,10))?r=1e3:~~r<200&&(r=200),s.height=r):\"link\"===t.message&&(r=new URL(s.getAttribute(\"src\")),n=new URL(t.value),c.test(n.protocol))&&n.host===r.host&&l.activeElement===s&&(d.top.location.href=t.value))}},d.addEventListener(\"message\",d.wp.receiveEmbedMessage,!1),l.addEventListener(\"DOMContentLoaded\",function(){for(var e,t,s=l.querySelectorAll(\"iframe.wp-embedded-content\"),r=0;r<s.length;r++)(t=(e=s[r]).getAttribute(\"data-secret\"))||(t=Math.random().toString(36).substring(2,12),e.src+=\"#?secret=\"+t,e.setAttribute(\"data-secret\",t)),e.contentWindow.postMessage({message:\"ready\",secret:t},\"*\")},!1)))}(window,document);\n\/\/# sourceURL=https:\/\/festival-livre-jeunesse.fr\/2026\/wp-includes\/js\/wp-embed.min.js\n<\/script>\n","description":"LES INVIT\u00c9(E)S Joanna Wiejak Joanna Wiejak est illustratrice, autrice et graphiste d\u2019origine polonaise. Form\u00e9e \u00e0 l\u2019\u00c9cole de Communication Visuelle, elle d\u00e9marre sa carri\u00e8re en exer\u00e7ant la profession de graphiste. Elle aime exp\u00e9rimenter le dessin par la couleur, des lignes et formes organiques, explorer diff\u00e9rentes techniques, la po\u00e9sie des objets et les jeux de mots. L\u2019illustration [&hellip;]","thumbnail_url":"https:\/\/festival-livre-jeunesse.fr\/2025\/wp-content\/uploads\/2025\/05\/Capture.png"}

Les auteurs invités &#8211; PEL 2025 - Festival du Livre de Jeunesse Occitanie : 29, 30, 31 janvier 2027

<blockquote class="wp-embedded-content" data-secret="jG16dI7Uc3"><a href="https://festival-livre-jeunesse.fr/2026/les-auteurs-invites-pel-2025/">Les auteurs invités &#8211; PEL 2025</a></blockquote><iframe sandbox="allow-scripts" security="restricted" src="https://festival-livre-jeunesse.fr/2026/les-auteurs-invites-pel-2025/embed/#?secret=jG16dI7Uc3" width="600" height="338" title="« Les auteurs invités &#8211; PEL 2025 » &#8212; Festival du Livre de Jeunesse Occitanie : 29, 30, 31 janvier 2027" data-secret="jG16dI7Uc3" frameborder="0" marginwidth="0" marginheight="0" scrolling="no" class="wp-embedded-content"></iframe><script>
/*! This file is auto-generated */
!function(d,l){"use strict";l.querySelector&&d.addEventListener&&"undefined"!=typeof URL&&(d.wp=d.wp||{},d.wp.receiveEmbedMessage||(d.wp.receiveEmbedMessage=function(e){var t=e.data;if((t||t.secret||t.message||t.value)&&!/[^a-zA-Z0-9]/.test(t.secret)){for(var s,r,n,a=l.querySelectorAll('iframe[data-secret="'+t.secret+'"]'),o=l.querySelectorAll('blockquote[data-secret="'+t.secret+'"]'),c=new RegExp("^https?:$","i"),i=0;i<o.length;i++)o[i].style.display="none";for(i=0;i<a.length;i++)s=a[i],e.source===s.contentWindow&&(s.removeAttribute("style"),"height"===t.message?(1e3<(r=parseInt(t.value,10))?r=1e3:~~r<200&&(r=200),s.height=r):"link"===t.message&&(r=new URL(s.getAttribute("src")),n=new URL(t.value),c.test(n.protocol))&&n.host===r.host&&l.activeElement===s&&(d.top.location.href=t.value))}},d.addEventListener("message",d.wp.receiveEmbedMessage,!1),l.addEventListener("DOMContentLoaded",function(){for(var e,t,s=l.querySelectorAll("iframe.wp-embedded-content"),r=0;r<s.length;r++)(t=(e=s[r]).getAttribute("data-secret"))||(t=Math.random().toString(36).substring(2,12),e.src+="#?secret="+t,e.setAttribute("data-secret",t)),e.contentWindow.postMessage({message:"ready",secret:t},"*")},!1)))}(window,document);
//# sourceURL=https://festival-livre-jeunesse.fr/2026/wp-includes/js/wp-embed.min.js
</script>

LES INVITÉ(E)S Joanna Wiejak Joanna Wiejak est illustratrice, autrice et graphiste d’origine polonaise. Formée à l’École de Communication Visuelle, elle démarre sa carrière en exerçant la profession de graphiste. Elle aime expérimenter le dessin par la couleur, des lignes et formes organiques, explorer différentes techniques, la poésie des objets et les jeux de mots. L’illustration [&hellip;]
