{"version":"1.0","provider_name":"Festival du Livre de Jeunesse Occitanie : 29, 30, 31 janvier 2027","provider_url":"https:\/\/festival-livre-jeunesse.fr\/2026","author_name":"festival","author_url":"https:\/\/festival-livre-jeunesse.fr\/2026\/author\/festival\/","title":"Prix 2026 - Festival du Livre de Jeunesse Occitanie : 29, 30, 31 janvier 2027","type":"rich","width":600,"height":338,"html":"<blockquote class=\"wp-embedded-content\" data-secret=\"WRbzk6Xrj7\"><a href=\"https:\/\/festival-livre-jeunesse.fr\/2026\/prix2026\/\">Prix 2026<\/a><\/blockquote><iframe sandbox=\"allow-scripts\" security=\"restricted\" src=\"https:\/\/festival-livre-jeunesse.fr\/2026\/prix2026\/embed\/#?secret=WRbzk6Xrj7\" width=\"600\" height=\"338\" title=\"\u00ab\u00a0Prix 2026\u00a0\u00bb &#8212; Festival du Livre de Jeunesse Occitanie : 29, 30, 31 janvier 2027\" data-secret=\"WRbzk6Xrj7\" frameborder=\"0\" marginwidth=\"0\" marginheight=\"0\" scrolling=\"no\" class=\"wp-embedded-content\"><\/iframe><script>\n\/*! This file is auto-generated *\/\n!function(d,l){\"use strict\";l.querySelector&&d.addEventListener&&\"undefined\"!=typeof URL&&(d.wp=d.wp||{},d.wp.receiveEmbedMessage||(d.wp.receiveEmbedMessage=function(e){var t=e.data;if((t||t.secret||t.message||t.value)&&!\/[^a-zA-Z0-9]\/.test(t.secret)){for(var s,r,n,a=l.querySelectorAll('iframe[data-secret=\"'+t.secret+'\"]'),o=l.querySelectorAll('blockquote[data-secret=\"'+t.secret+'\"]'),c=new RegExp(\"^https?:$\",\"i\"),i=0;i<o.length;i++)o[i].style.display=\"none\";for(i=0;i<a.length;i++)s=a[i],e.source===s.contentWindow&&(s.removeAttribute(\"style\"),\"height\"===t.message?(1e3<(r=parseInt(t.value,10))?r=1e3:~~r<200&&(r=200),s.height=r):\"link\"===t.message&&(r=new URL(s.getAttribute(\"src\")),n=new URL(t.value),c.test(n.protocol))&&n.host===r.host&&l.activeElement===s&&(d.top.location.href=t.value))}},d.addEventListener(\"message\",d.wp.receiveEmbedMessage,!1),l.addEventListener(\"DOMContentLoaded\",function(){for(var e,t,s=l.querySelectorAll(\"iframe.wp-embedded-content\"),r=0;r<s.length;r++)(t=(e=s[r]).getAttribute(\"data-secret\"))||(t=Math.random().toString(36).substring(2,12),e.src+=\"#?secret=\"+t,e.setAttribute(\"data-secret\",t)),e.contentWindow.postMessage({message:\"ready\",secret:t},\"*\")},!1)))}(window,document);\n\/\/# sourceURL=https:\/\/festival-livre-jeunesse.fr\/2026\/wp-includes\/js\/wp-embed.min.js\n<\/script>\n","description":"Les Prix Litt\u00e9rraires Les Laur\u00e9at\u00b7es des Prix du Festival 2026 Les remises des prix se sont d\u00e9roul\u00e9es le samedi 24 janvier \u00e0 17h30 pour le prix des ados et le dimanche 25 janvier \u00e0 11h30 pour le prix des enfants. Prix des Ados Le prix des ados a \u00e9t\u00e9 remis \u00e0 Marie Colot pour son [&hellip;]","thumbnail_url":"https:\/\/festival-livre-jeunesse.fr\/2026\/wp-content\/uploads\/2025\/11\/1re-couv-Mori-e1763044956525.png","thumbnail_width":344,"thumbnail_height":491}

Les Prix Littérraires Les Lauréat·es des Prix du Festival 2026 Les remises des prix se sont déroulées le samedi 24 janvier à 17h30 pour le prix des ados et le dimanche 25 janvier à 11h30 pour le prix des enfants. Prix des Ados Le prix des ados a été remis à Marie Colot pour son [&hellip;]
