{"version":"1.0","provider_name":"Festival du Livre de Jeunesse Occitanie : 29, 30, 31 janvier 2027","provider_url":"https:\/\/festival-livre-jeunesse.fr\/2026","author_name":"Audrey","author_url":"https:\/\/festival-livre-jeunesse.fr\/2026\/author\/coordinatrice\/","title":"Rencontres &#038; d\u00e9dicaces - Festival du Livre de Jeunesse Occitanie : 29, 30, 31 janvier 2027","type":"rich","width":600,"height":338,"html":"<blockquote class=\"wp-embedded-content\" data-secret=\"U2YpvBIuaU\"><a href=\"https:\/\/festival-livre-jeunesse.fr\/2026\/rencontres-dedicaces\/\">Rencontres &#038; d\u00e9dicaces<\/a><\/blockquote><iframe sandbox=\"allow-scripts\" security=\"restricted\" src=\"https:\/\/festival-livre-jeunesse.fr\/2026\/rencontres-dedicaces\/embed\/#?secret=U2YpvBIuaU\" width=\"600\" height=\"338\" title=\"\u00ab\u00a0Rencontres &#038; d\u00e9dicaces\u00a0\u00bb &#8212; Festival du Livre de Jeunesse Occitanie : 29, 30, 31 janvier 2027\" data-secret=\"U2YpvBIuaU\" frameborder=\"0\" marginwidth=\"0\" marginheight=\"0\" scrolling=\"no\" class=\"wp-embedded-content\"><\/iframe><script>\n\/*! This file is auto-generated *\/\n!function(d,l){\"use strict\";l.querySelector&&d.addEventListener&&\"undefined\"!=typeof URL&&(d.wp=d.wp||{},d.wp.receiveEmbedMessage||(d.wp.receiveEmbedMessage=function(e){var t=e.data;if((t||t.secret||t.message||t.value)&&!\/[^a-zA-Z0-9]\/.test(t.secret)){for(var s,r,n,a=l.querySelectorAll('iframe[data-secret=\"'+t.secret+'\"]'),o=l.querySelectorAll('blockquote[data-secret=\"'+t.secret+'\"]'),c=new RegExp(\"^https?:$\",\"i\"),i=0;i<o.length;i++)o[i].style.display=\"none\";for(i=0;i<a.length;i++)s=a[i],e.source===s.contentWindow&&(s.removeAttribute(\"style\"),\"height\"===t.message?(1e3<(r=parseInt(t.value,10))?r=1e3:~~r<200&&(r=200),s.height=r):\"link\"===t.message&&(r=new URL(s.getAttribute(\"src\")),n=new URL(t.value),c.test(n.protocol))&&n.host===r.host&&l.activeElement===s&&(d.top.location.href=t.value))}},d.addEventListener(\"message\",d.wp.receiveEmbedMessage,!1),l.addEventListener(\"DOMContentLoaded\",function(){for(var e,t,s=l.querySelectorAll(\"iframe.wp-embedded-content\"),r=0;r<s.length;r++)(t=(e=s[r]).getAttribute(\"data-secret\"))||(t=Math.random().toString(36).substring(2,12),e.src+=\"#?secret=\"+t,e.setAttribute(\"data-secret\",t)),e.contentWindow.postMessage({message:\"ready\",secret:t},\"*\")},!1)))}(window,document);\n\/\/# sourceURL=https:\/\/festival-livre-jeunesse.fr\/2026\/wp-includes\/js\/wp-embed.min.js\n<\/script>\n","description":"Rencontres et d\u00e9dicaces Pour des raisons exceptionnelles la rencontre avec Rapha\u00eble Frier est annul\u00e9e Rencontre avec Raph\u00eble Frier Librairie Buissonni\u00e8re Rencontre avec Benjamin Chaud et Henri Meunier Jeudi 22 janvier \u00e0 17h30 Librairie Tire-Lire\u00a024 rue de la bourse 31000 Toulouse Rencontre avec Ronald Curchod Jeudi 22 janvier \u00e0 18h30 INSPE Site St Agne 56 avenue [&hellip;]","thumbnail_url":"https:\/\/festival-livre-jeunesse.fr\/2026\/wp-content\/uploads\/2025\/08\/photo-portrait-raph-21.jpg","thumbnail_width":1841,"thumbnail_height":1841}

Rencontres &#038; dédicaces - Festival du Livre de Jeunesse Occitanie : 29, 30, 31 janvier 2027

<blockquote class="wp-embedded-content" data-secret="U2YpvBIuaU"><a href="https://festival-livre-jeunesse.fr/2026/rencontres-dedicaces/">Rencontres &#038; dédicaces</a></blockquote><iframe sandbox="allow-scripts" security="restricted" src="https://festival-livre-jeunesse.fr/2026/rencontres-dedicaces/embed/#?secret=U2YpvBIuaU" width="600" height="338" title="« Rencontres &#038; dédicaces » &#8212; Festival du Livre de Jeunesse Occitanie : 29, 30, 31 janvier 2027" data-secret="U2YpvBIuaU" frameborder="0" marginwidth="0" marginheight="0" scrolling="no" class="wp-embedded-content"></iframe><script>
/*! This file is auto-generated */
!function(d,l){"use strict";l.querySelector&&d.addEventListener&&"undefined"!=typeof URL&&(d.wp=d.wp||{},d.wp.receiveEmbedMessage||(d.wp.receiveEmbedMessage=function(e){var t=e.data;if((t||t.secret||t.message||t.value)&&!/[^a-zA-Z0-9]/.test(t.secret)){for(var s,r,n,a=l.querySelectorAll('iframe[data-secret="'+t.secret+'"]'),o=l.querySelectorAll('blockquote[data-secret="'+t.secret+'"]'),c=new RegExp("^https?:$","i"),i=0;i<o.length;i++)o[i].style.display="none";for(i=0;i<a.length;i++)s=a[i],e.source===s.contentWindow&&(s.removeAttribute("style"),"height"===t.message?(1e3<(r=parseInt(t.value,10))?r=1e3:~~r<200&&(r=200),s.height=r):"link"===t.message&&(r=new URL(s.getAttribute("src")),n=new URL(t.value),c.test(n.protocol))&&n.host===r.host&&l.activeElement===s&&(d.top.location.href=t.value))}},d.addEventListener("message",d.wp.receiveEmbedMessage,!1),l.addEventListener("DOMContentLoaded",function(){for(var e,t,s=l.querySelectorAll("iframe.wp-embedded-content"),r=0;r<s.length;r++)(t=(e=s[r]).getAttribute("data-secret"))||(t=Math.random().toString(36).substring(2,12),e.src+="#?secret="+t,e.setAttribute("data-secret",t)),e.contentWindow.postMessage({message:"ready",secret:t},"*")},!1)))}(window,document);
//# sourceURL=https://festival-livre-jeunesse.fr/2026/wp-includes/js/wp-embed.min.js
</script>

Rencontres et dédicaces Pour des raisons exceptionnelles la rencontre avec Raphaële Frier est annulée Rencontre avec Raphële Frier Librairie Buissonnière Rencontre avec Benjamin Chaud et Henri Meunier Jeudi 22 janvier à 17h30 Librairie Tire-Lire 24 rue de la bourse 31000 Toulouse Rencontre avec Ronald Curchod Jeudi 22 janvier à 18h30 INSPE Site St Agne 56 avenue [&hellip;]
