{"id":22291,"date":"2025-11-02T17:51:03","date_gmt":"2025-11-02T16:51:03","guid":{"rendered":"https:\/\/festival-livre-jeunesse.fr\/2026\/?page_id=22291"},"modified":"2025-11-02T17:58:50","modified_gmt":"2025-11-02T16:58:50","slug":"inscription-journee-pro","status":"publish","type":"page","link":"https:\/\/festival-livre-jeunesse.fr\/2026\/inscription-journee-pro\/","title":{"rendered":"Formulaire Inscription Journ\u00e9e Professionnelle 2026"},"content":{"rendered":"\t\t<div data-elementor-type=\"wp-page\" data-elementor-id=\"22291\" class=\"elementor elementor-22291\">\n\t\t\t\t\t\t<section class=\"elementor-section elementor-top-section elementor-element elementor-element-9bd9207 elementor-section-boxed elementor-section-height-default elementor-section-height-default\" data-id=\"9bd9207\" data-element_type=\"section\" data-e-type=\"section\">\n\t\t\t\t\t\t<div class=\"elementor-container elementor-column-gap-default\">\n\t\t\t\t\t<div class=\"elementor-column elementor-col-100 elementor-top-column elementor-element elementor-element-adb34d1\" data-id=\"adb34d1\" data-element_type=\"column\" data-e-type=\"column\">\n\t\t\t<div class=\"elementor-widget-wrap elementor-element-populated\">\n\t\t\t\t\t\t<div class=\"elementor-element elementor-element-e2bd660 elementor-widget elementor-widget-formidable\" data-id=\"e2bd660\" data-element_type=\"widget\" data-e-type=\"widget\" data-widget_type=\"formidable.default\">\n\t\t\t\t<div class=\"elementor-widget-container\">\n\t\t\t\t\t<div class=\"frm_forms  with_frm_style frm_style_style-formidable\" id=\"frm_form_14_container\" >\n<form enctype=\"multipart\/form-data\" method=\"post\" class=\"frm-show-form \" id=\"form_inscription2222522\" >\n<div class=\"frm_form_fields \">\n<fieldset>\n<legend class=\"frm_screen_reader\">Formulaire Inscription Journ\u00e9e Professionnelle<\/legend>\r\n\r\n<div class=\"frm_fields_container\">\n<input type=\"hidden\" name=\"frm_action\" value=\"create\" \/>\n<input type=\"hidden\" name=\"form_id\" value=\"14\" \/>\n<input type=\"hidden\" name=\"frm_hide_fields_14\" id=\"frm_hide_fields_14\" value=\"\" \/>\n<input type=\"hidden\" name=\"form_key\" value=\"inscription2222522\" \/>\n<input type=\"hidden\" name=\"item_meta[0]\" value=\"\" \/>\n<input type=\"hidden\" id=\"frm_submit_entry_14\" name=\"frm_submit_entry_14\" value=\"d04816a8be\" \/><input type=\"hidden\" name=\"_wp_http_referer\" value=\"\/2026\/wp-json\/wp\/v2\/pages\/22291\" \/><div id=\"frm_field_174_container\" class=\"frm_form_field form-field  frm_required_field frm_top_container frm_first frm_two_thirds\">\r\n    <label for=\"field_qh4icy3363\" class=\"frm_primary_label\">Vos coordonn\u00e9es : Nom Pr\u00e9nom\r\n        <span class=\"frm_required\">*<\/span>\r\n    <\/label>\r\n    <input type=\"text\" id=\"field_qh4icy3363\" name=\"item_meta[174]\" value=\"\"  data-reqmsg=\"Vos coordonn\u00e9es : Nom Pr\u00e9nom cannot be blank.\" aria-required=\"true\" data-invmsg=\"Vos coordonn\u00e9es : Nom Pr\u00e9nom est non valide\" aria-invalid=\"false\"  \/>\r\n    \r\n    \r\n<\/div>\n<div id=\"frm_field_175_container\" class=\"frm_form_field form-field  frm_required_field frm_top_container frm_three_fourths\">\r\n\t<div  id=\"field_2d8v0363_label\" class=\"frm_primary_label\">Adresse et t\u00e9l\u00e9phone portable\r\n\t\t<span class=\"frm_required\" aria-hidden=\"true\">*<\/span>\r\n\t<\/div>\r\n\t<fieldset aria-labelledby=\"field_2d8v0363_label\">\n\t<legend class=\"frm_screen_reader frm_hidden\">\n\t\tAdresse et t\u00e9l\u00e9phone portable\t<\/legend>\n\n\t<div  class=\"frm_combo_inputs_container\" id=\"frm_combo_inputs_container_175\" data-name-layout=\"first_last\">\n\t\t\t\t\t<div\n\t\t\t\tid=\"frm_field_175-first_container\"\n\t\t\t\tclass=\"frm_form_field form-field frm_form_subfield-first  frm6\"\n\t\t\t\tdata-sub-field-name=\"first\"\n\t\t\t>\n\t\t\t\t<label for=\"field_2d8v0363_first\" class=\"frm_screen_reader frm_hidden\">\n\t\t\t\t\tadresse\t\t\t\t<\/label>\n\n\t\t\t\t<input  type=\"text\" id=\"field_2d8v0363_first\" value=\"\" name=\"item_meta[175][first]\" autocomplete=\"given-name\" data-reqmsg=\"Adresse et t\u00e9l\u00e9phone portable ne peut pas \u00eatre vide.\" aria-required=\"true\" data-invmsg=\"Adresse et t\u00e9l\u00e9phone portable est non valide\" aria-invalid=\"false\"  \/><div class=\"frm_description\" id=\"frm_field_175_first_desc\">adresse<\/div>\t\t\t<\/div>\n\t\t\t\t\t\t<div\n\t\t\t\tid=\"frm_field_175-last_container\"\n\t\t\t\tclass=\"frm_form_field form-field frm_form_subfield-last  frm6\"\n\t\t\t\tdata-sub-field-name=\"last\"\n\t\t\t>\n\t\t\t\t<label for=\"field_2d8v0363_last\" class=\"frm_screen_reader frm_hidden\">\n\t\t\t\t\tt\u00e9l\u00e9phone\t\t\t\t<\/label>\n\n\t\t\t\t<input  type=\"text\" id=\"field_2d8v0363_last\" value=\"\" name=\"item_meta[175][last]\" autocomplete=\"family-name\" data-reqmsg=\"Adresse et t\u00e9l\u00e9phone portable ne peut pas \u00eatre vide.\" aria-required=\"true\" data-invmsg=\"Adresse et t\u00e9l\u00e9phone portable est non valide\" aria-invalid=\"false\"  \/><div class=\"frm_description\" id=\"frm_field_175_last_desc\">t\u00e9l\u00e9phone<\/div>\t\t\t<\/div>\n\t\t\t\t<\/div>\n<\/fieldset>\n\r\n\t\r\n\t\r\n<\/div>\n<div id=\"frm_field_176_container\" class=\"frm_form_field form-field  frm_required_field frm_top_container frm_full frm_half\">\r\n    <label for=\"field_29yf4d3363\" class=\"frm_primary_label\">Email \r\n        <span class=\"frm_required\">*<\/span>\r\n    <\/label>\r\n    <input type=\"email\" id=\"field_29yf4d3363\" name=\"item_meta[176]\" value=\"\"  data-reqmsg=\"Email  cannot be blank.\" aria-required=\"true\" data-invmsg=\"Please enter a valid email address\" aria-invalid=\"false\"  \/>\r\n    \r\n    \r\n<\/div>\n<div id=\"frm_field_178_container\" class=\"frm_form_field form-field  frm_required_field frm_top_container vertical_radio\">\r\n\t<div  id=\"field_6z84b2_label\" class=\"frm_primary_label\">Tarifs\r\n\t\t<span class=\"frm_required\" aria-hidden=\"true\">*<\/span>\r\n\t<\/div>\r\n\t<div class=\"frm_opt_container\" aria-labelledby=\"field_6z84b2_label\" role=\"group\">\t\t<div class=\"frm_checkbox\" id=\"frm_checkbox_178-0\">\t\t\t<label  for=\"field_6z84b2-0\">\n\t\t\t<input type=\"checkbox\" name=\"item_meta[178][]\" id=\"field_6z84b2-0\" value=\"Gratuit - artiste auteur, demandeur d&#039;emploi, b\u00e9n\u00e9ficiaire du RSA, \u00e9tudiant boursier (sur justificatif, \u00e0 envoyer par email)\"  data-reqmsg=\"Tarifs ne peut pas \u00eatre vide.\" data-invmsg=\"Tarifs est non valide\"   aria-required=\"true\"  \/> Gratuit - artiste auteur, demandeur d'emploi, b\u00e9n\u00e9ficiaire du RSA, \u00e9tudiant boursier (sur justificatif, \u00e0 envoyer par email)<\/label><\/div>\n\t\t<div class=\"frm_checkbox\" id=\"frm_checkbox_178-1\">\t\t\t<label  for=\"field_6z84b2-1\">\n\t\t\t<input type=\"checkbox\" name=\"item_meta[178][]\" id=\"field_6z84b2-1\" value=\"Gratuit - partenaire (pr\u00e9ciser l&#039;organisme payeur ci-dessous)\"  data-reqmsg=\"Tarifs ne peut pas \u00eatre vide.\" data-invmsg=\"Tarifs est non valide\"   \/> Gratuit - partenaire (pr\u00e9ciser l'organisme payeur ci-dessous)<\/label><\/div>\n\t\t<div class=\"frm_checkbox\" id=\"frm_checkbox_178-2\">\t\t\t<label  for=\"field_6z84b2-2\">\n\t\t\t<input type=\"checkbox\" name=\"item_meta[178][]\" id=\"field_6z84b2-2\" value=\"10\u20ac \u00e9tudiant (sur justificatif, \u00e0 envoyer par email)\"  data-reqmsg=\"Tarifs ne peut pas \u00eatre vide.\" data-invmsg=\"Tarifs est non valide\"   \/> 10\u20ac \u00e9tudiant (sur justificatif, \u00e0 envoyer par email)<\/label><\/div>\n\t\t<div class=\"frm_checkbox\" id=\"frm_checkbox_178-3\">\t\t\t<label  for=\"field_6z84b2-3\">\n\t\t\t<input type=\"checkbox\" name=\"item_meta[178][]\" id=\"field_6z84b2-3\" value=\"30\u20ac individuel\"  data-reqmsg=\"Tarifs ne peut pas \u00eatre vide.\" data-invmsg=\"Tarifs est non valide\"   \/> 30\u20ac individuel<\/label><\/div>\n\t\t<div class=\"frm_checkbox\" id=\"frm_checkbox_178-4\">\t\t\t<label  for=\"field_6z84b2-4\">\n\t\t\t<input type=\"checkbox\" name=\"item_meta[178][]\" id=\"field_6z84b2-4\" value=\"50\u20ac collectivit\u00e9\"  data-reqmsg=\"Tarifs ne peut pas \u00eatre vide.\" data-invmsg=\"Tarifs est non valide\"   \/> 50\u20ac collectivit\u00e9<\/label><\/div>\n<\/div>\r\n\t\r\n\t\r\n<\/div>\n<div id=\"frm_field_182_container\" class=\"frm_form_field form-field  frm_top_container\">\r\n\t<label for=\"field_dczml\" id=\"field_dczml_label\" class=\"frm_primary_label\">Organisme payeur - Facture \u00e0 adresser \u00e0 :\r\n\t\t<span class=\"frm_required\" aria-hidden=\"true\"><\/span>\r\n\t<\/label>\r\n\t<input type=\"text\" id=\"field_dczml\" name=\"item_meta[182]\" value=\"\"  data-invmsg=\"Organisme payeur - Facture \u00e0 adresser \u00e0 : est non valide\" aria-invalid=\"false\"  \/>\r\n\t\r\n\t\r\n<\/div>\n<div id=\"frm_field_184_container\" class=\"frm_form_field form-field  frm_top_container vertical_radio\">\r\n\t<div  id=\"field_3zbcc_label\" class=\"frm_primary_label\">Afin de fluidifier les arriv\u00e9es \u00e0 l'espace Lauragais vous pouvez payer votre participation en amont :\r\n\t\t<span class=\"frm_required\" aria-hidden=\"true\"><\/span>\r\n\t<\/div>\r\n\t<div class=\"frm_opt_container\" aria-labelledby=\"field_3zbcc_label\" role=\"group\">\t\t<div class=\"frm_checkbox\" id=\"frm_checkbox_184-0\">\t\t\t<label  for=\"field_3zbcc-0\">\n\t\t\t<input type=\"checkbox\" name=\"item_meta[184][]\" id=\"field_3zbcc-0\" value=\"Par virement (RIB de l&#039;association envoy\u00e9 par retour de mail)\"  data-invmsg=\"Afin de fluidifier les arriv\u00e9es \u00e0 l&#039;espace Lauragais vous pouvez payer votre participation en amont : est non valide\"   \/> Par virement (RIB de l'association envoy\u00e9 par retour de mail)<\/label><\/div>\n\t\t<div class=\"frm_checkbox\" id=\"frm_checkbox_184-1\">\t\t\t<label  for=\"field_3zbcc-1\">\n\t\t\t<input type=\"checkbox\" name=\"item_meta[184][]\" id=\"field_3zbcc-1\" value=\"Par ch\u00e8que (Libell\u00e9 FLJ, post\u00e9 au 3, rue Georges Vivent BP 73657 31036 Toulouse Cedex 1)\"  data-invmsg=\"Afin de fluidifier les arriv\u00e9es \u00e0 l&#039;espace Lauragais vous pouvez payer votre participation en amont : est non valide\"   \/> Par ch\u00e8que (Libell\u00e9 FLJ, post\u00e9 au 3, rue Georges Vivent BP 73657 31036 Toulouse Cedex 1)<\/label><\/div>\n\t\t<div class=\"frm_checkbox\" id=\"frm_checkbox_184-2\">\t\t\t<label  for=\"field_3zbcc-2\">\n\t\t\t<input type=\"checkbox\" name=\"item_meta[184][]\" id=\"field_3zbcc-2\" value=\"Par bon de commande (le devis sera adress\u00e9 \u00e0 l&#039;adresse de l&#039;organisme payeur)\"  data-invmsg=\"Afin de fluidifier les arriv\u00e9es \u00e0 l&#039;espace Lauragais vous pouvez payer votre participation en amont : est non valide\"   \/> Par bon de commande (le devis sera adress\u00e9 \u00e0 l'adresse de l'organisme payeur)<\/label><\/div>\n<\/div>\r\n\t\r\n\t\r\n<\/div>\n<div id=\"frm_field_185_container\" class=\"frm_form_field form-field  frm_top_container\">\r\n\t<label for=\"field_q7frg\" id=\"field_q7frg_label\" class=\"frm_primary_label\">Autres pr\u00e9cisions\r\n\t\t<span class=\"frm_required\" aria-hidden=\"true\"><\/span>\r\n\t<\/label>\r\n\t<textarea name=\"item_meta[185]\" id=\"field_q7frg\" rows=\"5\"  data-invmsg=\"Autres pr\u00e9cisions est non valide\" aria-invalid=\"false\"  ><\/textarea>\r\n\t\r\n\t\r\n<\/div>\n<div id=\"frm_field_180_container\" class=\"frm_form_field form-field  frm12 frm_first\">\r\n\t<div class=\"frm_submit\">\r\n\r\n<button class=\"frm_button_submit\" type=\"submit\" >Envoyer<\/button>\r\n\r\n<\/div>\r\n<\/div>\n\t<input type=\"hidden\" name=\"item_key\" value=\"\" \/>\n\t\t\t<div id=\"frm_field_223_container\">\n\t\t\t<label for=\"field_9yu68\" >\n\t\t\t\tSi vous \u00eates un humain, ne remplissez pas ce champ.\t\t\t<\/label>\n\t\t\t<input  id=\"field_9yu68\" type=\"text\" class=\"frm_form_field form-field frm_verify\" name=\"item_meta[223]\" value=\"\"  \/>\n\t\t<\/div>\n\t\t<input name=\"frm_state\" type=\"hidden\" value=\"L9N08LeANMmBLuJtaJeRF5uaocljSVTL03RLyc8FpiU=\" \/><\/div>\n<\/fieldset>\n<\/div>\n\n<\/form>\n<\/div>\n\t\t\t\t<\/div>\n\t\t\t\t<\/div>\n\t\t\t\t\t<\/div>\n\t\t<\/div>\n\t\t\t\t\t<\/div>\n\t\t<\/section>\n\t\t\t\t<\/div>\n\t\t","protected":false},"excerpt":{"rendered":"<p>Formulaire Inscription Journ\u00e9e Professionnelle Vos coordonn\u00e9es : Nom Pr\u00e9nom * Adresse et t\u00e9l\u00e9phone portable * Adresse et t\u00e9l\u00e9phone portable adresse adresse t\u00e9l\u00e9phone t\u00e9l\u00e9phone Email * Tarifs * Gratuit &#8211; demandeur d&#8217;emploi, b\u00e9n\u00e9ficiaires du RSA (sur justificatif) Gratuit &#8211; partenaires (pr\u00e9ciser l&rsquo;organisme payeur ci-dessous) 10\u20ac \u00e9tudiant.e.s (sur justificatif) 30\u20ac individuels 50\u20ac collectivit\u00e9s Organisme payeur &#8211; Facture [&hellip;]<\/p>\n","protected":false},"author":2,"featured_media":0,"parent":0,"menu_order":0,"comment_status":"closed","ping_status":"closed","template":"","meta":{"site-sidebar-layout":"no-sidebar","site-content-layout":"page-builder","ast-site-content-layout":"full-width-container","site-content-style":"default","site-sidebar-style":"default","ast-global-header-display":"","ast-banner-title-visibility":"","ast-main-header-display":"","ast-hfb-above-header-display":"","ast-hfb-below-header-display":"","ast-hfb-mobile-header-display":"","site-post-title":"","ast-breadcrumbs-content":"","ast-featured-img":"disabled","footer-sml-layout":"","theme-transparent-header-meta":"","adv-header-id-meta":"","stick-header-meta":"","header-above-stick-meta":"","header-main-stick-meta":"","header-below-stick-meta":"","astra-migrate-meta-layouts":"set","ast-page-background-enabled":"default","ast-page-background-meta":{"desktop":{"background-color":"","background-image":"","background-repeat":"repeat","background-position":"center center","background-size":"auto","background-attachment":"scroll","background-type":"","background-media":"","overlay-type":"","overlay-color":"","overlay-opacity":"","overlay-gradient":""},"tablet":{"background-color":"","background-image":"","background-repeat":"repeat","background-position":"center center","background-size":"auto","background-attachment":"scroll","background-type":"","background-media":"","overlay-type":"","overlay-color":"","overlay-opacity":"","overlay-gradient":""},"mobile":{"background-color":"","background-image":"","background-repeat":"repeat","background-position":"center center","background-size":"auto","background-attachment":"scroll","background-type":"","background-media":"","overlay-type":"","overlay-color":"","overlay-opacity":"","overlay-gradient":""}},"ast-content-background-meta":{"desktop":{"background-color":"var(--ast-global-color-5)","background-image":"","background-repeat":"repeat","background-position":"center center","background-size":"auto","background-attachment":"scroll","background-type":"","background-media":"","overlay-type":"","overlay-color":"","overlay-opacity":"","overlay-gradient":""},"tablet":{"background-color":"var(--ast-global-color-5)","background-image":"","background-repeat":"repeat","background-position":"center center","background-size":"auto","background-attachment":"scroll","background-type":"","background-media":"","overlay-type":"","overlay-color":"","overlay-opacity":"","overlay-gradient":""},"mobile":{"background-color":"var(--ast-global-color-5)","background-image":"","background-repeat":"repeat","background-position":"center center","background-size":"auto","background-attachment":"scroll","background-type":"","background-media":"","overlay-type":"","overlay-color":"","overlay-opacity":"","overlay-gradient":""}},"footnotes":""},"class_list":["post-22291","page","type-page","status-publish","hentry"],"yoast_head":"<!-- This site is optimized with the Yoast SEO plugin v27.3 - https:\/\/yoast.com\/product\/yoast-seo-wordpress\/ -->\n<title>Formulaire Inscription Journ\u00e9e Professionnelle 2026 - Festival du Livre de Jeunesse Occitanie : 29, 30, 31 janvier 2027<\/title>\n<meta name=\"robots\" content=\"index, follow, max-snippet:-1, max-image-preview:large, max-video-preview:-1\" \/>\n<link rel=\"canonical\" href=\"https:\/\/festival-livre-jeunesse.fr\/2026\/inscription-journee-pro\/\" \/>\n<meta property=\"og:locale\" content=\"fr_FR\" \/>\n<meta property=\"og:type\" content=\"article\" \/>\n<meta property=\"og:title\" content=\"Formulaire Inscription Journ\u00e9e Professionnelle 2026 - Festival du Livre de Jeunesse Occitanie : 29, 30, 31 janvier 2027\" \/>\n<meta property=\"og:description\" content=\"Formulaire Inscription Journ\u00e9e Professionnelle Vos coordonn\u00e9es : Nom Pr\u00e9nom * Adresse et t\u00e9l\u00e9phone portable * Adresse et t\u00e9l\u00e9phone portable adresse adresse t\u00e9l\u00e9phone t\u00e9l\u00e9phone Email * Tarifs * Gratuit &#8211; demandeur d&#8217;emploi, b\u00e9n\u00e9ficiaires du RSA (sur justificatif) Gratuit &#8211; partenaires (pr\u00e9ciser l&rsquo;organisme payeur ci-dessous) 10\u20ac \u00e9tudiant.e.s (sur justificatif) 30\u20ac individuels 50\u20ac collectivit\u00e9s Organisme payeur &#8211; Facture [&hellip;]\" \/>\n<meta property=\"og:url\" content=\"https:\/\/festival-livre-jeunesse.fr\/2026\/inscription-journee-pro\/\" \/>\n<meta property=\"og:site_name\" content=\"Festival du Livre de Jeunesse Occitanie : 29, 30, 31 janvier 2027\" \/>\n<meta property=\"article:publisher\" content=\"https:\/\/www.facebook.com\/FestivalLivreJeunesseOccitanie\" \/>\n<meta property=\"article:modified_time\" content=\"2025-11-02T16:58:50+00:00\" \/>\n<meta name=\"twitter:card\" content=\"summary_large_image\" \/>\n<meta name=\"twitter:site\" content=\"@FljOccitanie\" \/>\n<meta name=\"twitter:label1\" content=\"Dur\u00e9e de lecture estim\u00e9e\" \/>\n\t<meta name=\"twitter:data1\" content=\"1 minute\" \/>\n<script type=\"application\/ld+json\" class=\"yoast-schema-graph\">{\"@context\":\"https:\\\/\\\/schema.org\",\"@graph\":[{\"@type\":\"WebPage\",\"@id\":\"https:\\\/\\\/festival-livre-jeunesse.fr\\\/2026\\\/inscription-journee-pro\\\/\",\"url\":\"https:\\\/\\\/festival-livre-jeunesse.fr\\\/2026\\\/inscription-journee-pro\\\/\",\"name\":\"Formulaire Inscription Journ\u00e9e Professionnelle 2026 - Festival du Livre de Jeunesse Occitanie : 29, 30, 31 janvier 2027\",\"isPartOf\":{\"@id\":\"https:\\\/\\\/festival-livre-jeunesse.fr\\\/2026\\\/#website\"},\"datePublished\":\"2025-11-02T16:51:03+00:00\",\"dateModified\":\"2025-11-02T16:58:50+00:00\",\"breadcrumb\":{\"@id\":\"https:\\\/\\\/festival-livre-jeunesse.fr\\\/2026\\\/inscription-journee-pro\\\/#breadcrumb\"},\"inLanguage\":\"fr-FR\",\"potentialAction\":[{\"@type\":\"ReadAction\",\"target\":[\"https:\\\/\\\/festival-livre-jeunesse.fr\\\/2026\\\/inscription-journee-pro\\\/\"]}]},{\"@type\":\"BreadcrumbList\",\"@id\":\"https:\\\/\\\/festival-livre-jeunesse.fr\\\/2026\\\/inscription-journee-pro\\\/#breadcrumb\",\"itemListElement\":[{\"@type\":\"ListItem\",\"position\":1,\"name\":\"Accueil\",\"item\":\"https:\\\/\\\/festival-livre-jeunesse.fr\\\/2026\\\/\"},{\"@type\":\"ListItem\",\"position\":2,\"name\":\"Formulaire Inscription Journ\u00e9e Professionnelle 2026\"}]},{\"@type\":\"WebSite\",\"@id\":\"https:\\\/\\\/festival-livre-jeunesse.fr\\\/2026\\\/#website\",\"url\":\"https:\\\/\\\/festival-livre-jeunesse.fr\\\/2026\\\/\",\"name\":\"Festival du Livre de Jeunesse Occitanie\",\"description\":\" Partir en livre : 17 juin - 19 juillet 2026\",\"publisher\":{\"@id\":\"https:\\\/\\\/festival-livre-jeunesse.fr\\\/2026\\\/#organization\"},\"potentialAction\":[{\"@type\":\"SearchAction\",\"target\":{\"@type\":\"EntryPoint\",\"urlTemplate\":\"https:\\\/\\\/festival-livre-jeunesse.fr\\\/2026\\\/?s={search_term_string}\"},\"query-input\":{\"@type\":\"PropertyValueSpecification\",\"valueRequired\":true,\"valueName\":\"search_term_string\"}}],\"inLanguage\":\"fr-FR\"},{\"@type\":\"Organization\",\"@id\":\"https:\\\/\\\/festival-livre-jeunesse.fr\\\/2026\\\/#organization\",\"name\":\"festival livre jeunesse occitanie\",\"url\":\"https:\\\/\\\/festival-livre-jeunesse.fr\\\/2026\\\/\",\"logo\":{\"@type\":\"ImageObject\",\"inLanguage\":\"fr-FR\",\"@id\":\"https:\\\/\\\/festival-livre-jeunesse.fr\\\/2026\\\/#\\\/schema\\\/logo\\\/image\\\/\",\"url\":\"https:\\\/\\\/festival-livre-jeunesse.fr\\\/2026\\\/wp-content\\\/uploads\\\/2023\\\/10\\\/cropped-Logo-FLJ-NB.png\",\"contentUrl\":\"https:\\\/\\\/festival-livre-jeunesse.fr\\\/2026\\\/wp-content\\\/uploads\\\/2023\\\/10\\\/cropped-Logo-FLJ-NB.png\",\"width\":1209,\"height\":1191,\"caption\":\"festival livre jeunesse occitanie\"},\"image\":{\"@id\":\"https:\\\/\\\/festival-livre-jeunesse.fr\\\/2026\\\/#\\\/schema\\\/logo\\\/image\\\/\"},\"sameAs\":[\"https:\\\/\\\/www.facebook.com\\\/FestivalLivreJeunesseOccitanie\",\"https:\\\/\\\/x.com\\\/FljOccitanie\"]}]}<\/script>\n<!-- \/ Yoast SEO plugin. -->","yoast_head_json":{"title":"Formulaire Inscription Journ\u00e9e Professionnelle 2026 - Festival du Livre de Jeunesse Occitanie : 29, 30, 31 janvier 2027","robots":{"index":"index","follow":"follow","max-snippet":"max-snippet:-1","max-image-preview":"max-image-preview:large","max-video-preview":"max-video-preview:-1"},"canonical":"https:\/\/festival-livre-jeunesse.fr\/2026\/inscription-journee-pro\/","og_locale":"fr_FR","og_type":"article","og_title":"Formulaire Inscription Journ\u00e9e Professionnelle 2026 - Festival du Livre de Jeunesse Occitanie : 29, 30, 31 janvier 2027","og_description":"Formulaire Inscription Journ\u00e9e Professionnelle Vos coordonn\u00e9es : Nom Pr\u00e9nom * Adresse et t\u00e9l\u00e9phone portable * Adresse et t\u00e9l\u00e9phone portable adresse adresse t\u00e9l\u00e9phone t\u00e9l\u00e9phone Email * Tarifs * Gratuit &#8211; demandeur d&#8217;emploi, b\u00e9n\u00e9ficiaires du RSA (sur justificatif) Gratuit &#8211; partenaires (pr\u00e9ciser l&rsquo;organisme payeur ci-dessous) 10\u20ac \u00e9tudiant.e.s (sur justificatif) 30\u20ac individuels 50\u20ac collectivit\u00e9s Organisme payeur &#8211; Facture [&hellip;]","og_url":"https:\/\/festival-livre-jeunesse.fr\/2026\/inscription-journee-pro\/","og_site_name":"Festival du Livre de Jeunesse Occitanie : 29, 30, 31 janvier 2027","article_publisher":"https:\/\/www.facebook.com\/FestivalLivreJeunesseOccitanie","article_modified_time":"2025-11-02T16:58:50+00:00","twitter_card":"summary_large_image","twitter_site":"@FljOccitanie","twitter_misc":{"Dur\u00e9e de lecture estim\u00e9e":"1 minute"},"schema":{"@context":"https:\/\/schema.org","@graph":[{"@type":"WebPage","@id":"https:\/\/festival-livre-jeunesse.fr\/2026\/inscription-journee-pro\/","url":"https:\/\/festival-livre-jeunesse.fr\/2026\/inscription-journee-pro\/","name":"Formulaire Inscription Journ\u00e9e Professionnelle 2026 - Festival du Livre de Jeunesse Occitanie : 29, 30, 31 janvier 2027","isPartOf":{"@id":"https:\/\/festival-livre-jeunesse.fr\/2026\/#website"},"datePublished":"2025-11-02T16:51:03+00:00","dateModified":"2025-11-02T16:58:50+00:00","breadcrumb":{"@id":"https:\/\/festival-livre-jeunesse.fr\/2026\/inscription-journee-pro\/#breadcrumb"},"inLanguage":"fr-FR","potentialAction":[{"@type":"ReadAction","target":["https:\/\/festival-livre-jeunesse.fr\/2026\/inscription-journee-pro\/"]}]},{"@type":"BreadcrumbList","@id":"https:\/\/festival-livre-jeunesse.fr\/2026\/inscription-journee-pro\/#breadcrumb","itemListElement":[{"@type":"ListItem","position":1,"name":"Accueil","item":"https:\/\/festival-livre-jeunesse.fr\/2026\/"},{"@type":"ListItem","position":2,"name":"Formulaire Inscription Journ\u00e9e Professionnelle 2026"}]},{"@type":"WebSite","@id":"https:\/\/festival-livre-jeunesse.fr\/2026\/#website","url":"https:\/\/festival-livre-jeunesse.fr\/2026\/","name":"Festival du Livre de Jeunesse Occitanie","description":" Partir en livre : 17 juin - 19 juillet 2026","publisher":{"@id":"https:\/\/festival-livre-jeunesse.fr\/2026\/#organization"},"potentialAction":[{"@type":"SearchAction","target":{"@type":"EntryPoint","urlTemplate":"https:\/\/festival-livre-jeunesse.fr\/2026\/?s={search_term_string}"},"query-input":{"@type":"PropertyValueSpecification","valueRequired":true,"valueName":"search_term_string"}}],"inLanguage":"fr-FR"},{"@type":"Organization","@id":"https:\/\/festival-livre-jeunesse.fr\/2026\/#organization","name":"festival livre jeunesse occitanie","url":"https:\/\/festival-livre-jeunesse.fr\/2026\/","logo":{"@type":"ImageObject","inLanguage":"fr-FR","@id":"https:\/\/festival-livre-jeunesse.fr\/2026\/#\/schema\/logo\/image\/","url":"https:\/\/festival-livre-jeunesse.fr\/2026\/wp-content\/uploads\/2023\/10\/cropped-Logo-FLJ-NB.png","contentUrl":"https:\/\/festival-livre-jeunesse.fr\/2026\/wp-content\/uploads\/2023\/10\/cropped-Logo-FLJ-NB.png","width":1209,"height":1191,"caption":"festival livre jeunesse occitanie"},"image":{"@id":"https:\/\/festival-livre-jeunesse.fr\/2026\/#\/schema\/logo\/image\/"},"sameAs":["https:\/\/www.facebook.com\/FestivalLivreJeunesseOccitanie","https:\/\/x.com\/FljOccitanie"]}]}},"_links":{"self":[{"href":"https:\/\/festival-livre-jeunesse.fr\/2026\/wp-json\/wp\/v2\/pages\/22291","targetHints":{"allow":["GET"]}}],"collection":[{"href":"https:\/\/festival-livre-jeunesse.fr\/2026\/wp-json\/wp\/v2\/pages"}],"about":[{"href":"https:\/\/festival-livre-jeunesse.fr\/2026\/wp-json\/wp\/v2\/types\/page"}],"author":[{"embeddable":true,"href":"https:\/\/festival-livre-jeunesse.fr\/2026\/wp-json\/wp\/v2\/users\/2"}],"replies":[{"embeddable":true,"href":"https:\/\/festival-livre-jeunesse.fr\/2026\/wp-json\/wp\/v2\/comments?post=22291"}],"version-history":[{"count":11,"href":"https:\/\/festival-livre-jeunesse.fr\/2026\/wp-json\/wp\/v2\/pages\/22291\/revisions"}],"predecessor-version":[{"id":22302,"href":"https:\/\/festival-livre-jeunesse.fr\/2026\/wp-json\/wp\/v2\/pages\/22291\/revisions\/22302"}],"wp:attachment":[{"href":"https:\/\/festival-livre-jeunesse.fr\/2026\/wp-json\/wp\/v2\/media?parent=22291"}],"curies":[{"name":"wp","href":"https:\/\/api.w.org\/{rel}","templated":true}]}}