{"id":24128,"date":"2026-03-26T13:53:21","date_gmt":"2026-03-26T12:53:21","guid":{"rendered":"https:\/\/festival-livre-jeunesse.fr\/2026\/?page_id=24128"},"modified":"2026-03-26T14:01:12","modified_gmt":"2026-03-26T13:01:12","slug":"pel-2026-arnaud-loumeau","status":"publish","type":"page","link":"https:\/\/festival-livre-jeunesse.fr\/2026\/pel-2026-arnaud-loumeau\/","title":{"rendered":"PEL 2026 &#8211; Arnaud Loumeau"},"content":{"rendered":"\t\t<div data-elementor-type=\"wp-page\" data-elementor-id=\"24128\" class=\"elementor elementor-24128\">\n\t\t\t\t\t\t<section class=\"elementor-section elementor-top-section elementor-element elementor-element-94c04e9 elementor-section-boxed elementor-section-height-default elementor-section-height-default\" data-id=\"94c04e9\" data-element_type=\"section\" data-e-type=\"section\">\n\t\t\t\t\t\t<div class=\"elementor-container elementor-column-gap-default\">\n\t\t\t\t\t<div class=\"elementor-column elementor-col-100 elementor-top-column elementor-element elementor-element-923e03f\" data-id=\"923e03f\" data-element_type=\"column\" data-e-type=\"column\">\n\t\t\t<div class=\"elementor-widget-wrap elementor-element-populated\">\n\t\t\t\t\t\t<div class=\"elementor-element elementor-element-2f096f3 elementor-widget elementor-widget-heading\" data-id=\"2f096f3\" data-element_type=\"widget\" data-e-type=\"widget\" data-widget_type=\"heading.default\">\n\t\t\t\t<div class=\"elementor-widget-container\">\n\t\t\t\t\t<h1 class=\"elementor-heading-title elementor-size-default\">Arnaud Loumeau<\/h1>\t\t\t\t<\/div>\n\t\t\t\t<\/div>\n\t\t\t\t\t<\/div>\n\t\t<\/div>\n\t\t\t\t\t<\/div>\n\t\t<\/section>\n\t\t\t\t<section class=\"elementor-section elementor-top-section elementor-element elementor-element-d84efad elementor-section-boxed elementor-section-height-default elementor-section-height-default\" data-id=\"d84efad\" data-element_type=\"section\" data-e-type=\"section\">\n\t\t\t\t\t\t<div class=\"elementor-container elementor-column-gap-default\">\n\t\t\t\t\t<div class=\"elementor-column elementor-col-50 elementor-top-column elementor-element elementor-element-82936c0\" data-id=\"82936c0\" data-element_type=\"column\" data-e-type=\"column\">\n\t\t\t<div class=\"elementor-widget-wrap elementor-element-populated\">\n\t\t\t\t\t\t<div class=\"elementor-element elementor-element-a547a95 elementor-widget elementor-widget-image\" data-id=\"a547a95\" data-element_type=\"widget\" data-e-type=\"widget\" data-widget_type=\"image.default\">\n\t\t\t\t<div class=\"elementor-widget-container\">\n\t\t\t\t\t\t\t\t\t\t\t\t\t\t\t<img fetchpriority=\"high\" decoding=\"async\" width=\"301\" height=\"318\" src=\"https:\/\/festival-livre-jeunesse.fr\/2026\/wp-content\/uploads\/2026\/03\/1.Arnaud-Loumeau.png.jpg\" class=\"attachment-large size-large wp-image-24269\" alt=\"\" srcset=\"https:\/\/festival-livre-jeunesse.fr\/2026\/wp-content\/uploads\/2026\/03\/1.Arnaud-Loumeau.png.jpg 301w, https:\/\/festival-livre-jeunesse.fr\/2026\/wp-content\/uploads\/2026\/03\/1.Arnaud-Loumeau.png-284x300.jpg 284w\" sizes=\"(max-width: 301px) 100vw, 301px\" \/>\t\t\t\t\t\t\t\t\t\t\t\t\t\t\t<\/div>\n\t\t\t\t<\/div>\n\t\t\t\t\t<\/div>\n\t\t<\/div>\n\t\t\t\t<div class=\"elementor-column elementor-col-50 elementor-top-column elementor-element elementor-element-b1b7016\" data-id=\"b1b7016\" data-element_type=\"column\" data-e-type=\"column\">\n\t\t\t<div class=\"elementor-widget-wrap elementor-element-populated\">\n\t\t\t\t\t\t<div class=\"elementor-element elementor-element-dee6542 elementor-widget elementor-widget-text-editor\" data-id=\"dee6542\" data-element_type=\"widget\" data-e-type=\"widget\" data-widget_type=\"text-editor.default\">\n\t\t\t\t<div class=\"elementor-widget-container\">\n\t\t\t\t\t\t\t\t\t<h4>Arnaud Loumeau est n\u00e9 en 1978 \u00e0 Poitiers. Il vit et travaille \u00e0 Toulouse depuis 2008. Il pr\u00e9sente ses premiers travaux \u00e0 La Miroiterie \u00e0 Paris en 2007, ainsi que dans de nombreux pays, dont les \u00c9tats-Unis, la Grande-Bretagne, l\u2019Allemagne, la Chine, et l\u2019Italie.\u00a0<\/h4><h4><span style=\"font-size: 1.6rem; font-style: inherit;\">Il a d\u00e9velopp\u00e9 une obsession particuli\u00e8re pour les couleurs, les formes et la composition. Son travail se d\u00e9ploie alors \u00e0 travers des techniques vari\u00e9es telles que le dessin, la peinture, le collage et l\u2019installation. En tissant\u00a0<\/span><span style=\"font-size: 1.6rem; font-style: inherit;\">des liens entre ces diff\u00e9rents m\u00e9diums, il cr\u00e9e un univers fait de fragments color\u00e9s qui oscillent entre l\u2019abstraction g\u00e9om\u00e9trique et l\u2019Op Art.<\/span><\/h4>\t\t\t\t\t\t\t\t<\/div>\n\t\t\t\t<\/div>\n\t\t\t\t\t<\/div>\n\t\t<\/div>\n\t\t\t\t\t<\/div>\n\t\t<\/section>\n\t\t\t\t<\/div>\n\t\t","protected":false},"excerpt":{"rendered":"<p>Arnaud Loumeau Arnaud Loumeau est n\u00e9 en 1978 \u00e0 Poitiers. Il vit et travaille \u00e0 Toulouse depuis 2008. Il pr\u00e9sente ses premiers travaux \u00e0 La Miroiterie \u00e0 Paris en 2007, ainsi que dans de nombreux pays, dont les \u00c9tats-Unis, la Grande-Bretagne, l\u2019Allemagne, la Chine, et l\u2019Italie.\u00a0 Il a d\u00e9velopp\u00e9 une obsession particuli\u00e8re pour les couleurs, [&hellip;]<\/p>\n","protected":false},"author":1,"featured_media":0,"parent":0,"menu_order":0,"comment_status":"closed","ping_status":"closed","template":"","meta":{"site-sidebar-layout":"no-sidebar","site-content-layout":"page-builder","ast-site-content-layout":"full-width-container","site-content-style":"default","site-sidebar-style":"default","ast-global-header-display":"","ast-banner-title-visibility":"","ast-main-header-display":"","ast-hfb-above-header-display":"","ast-hfb-below-header-display":"","ast-hfb-mobile-header-display":"","site-post-title":"disabled","ast-breadcrumbs-content":"","ast-featured-img":"disabled","footer-sml-layout":"","theme-transparent-header-meta":"","adv-header-id-meta":"","stick-header-meta":"","header-above-stick-meta":"","header-main-stick-meta":"","header-below-stick-meta":"","astra-migrate-meta-layouts":"set","ast-page-background-enabled":"default","ast-page-background-meta":{"desktop":{"background-color":"","background-image":"","background-repeat":"repeat","background-position":"center center","background-size":"auto","background-attachment":"scroll","background-type":"","background-media":"","overlay-type":"","overlay-color":"","overlay-opacity":"","overlay-gradient":""},"tablet":{"background-color":"","background-image":"","background-repeat":"repeat","background-position":"center center","background-size":"auto","background-attachment":"scroll","background-type":"","background-media":"","overlay-type":"","overlay-color":"","overlay-opacity":"","overlay-gradient":""},"mobile":{"background-color":"","background-image":"","background-repeat":"repeat","background-position":"center center","background-size":"auto","background-attachment":"scroll","background-type":"","background-media":"","overlay-type":"","overlay-color":"","overlay-opacity":"","overlay-gradient":""}},"ast-content-background-meta":{"desktop":{"background-color":"var(--ast-global-color-5)","background-image":"","background-repeat":"repeat","background-position":"center center","background-size":"auto","background-attachment":"scroll","background-type":"","background-media":"","overlay-type":"","overlay-color":"","overlay-opacity":"","overlay-gradient":""},"tablet":{"background-color":"var(--ast-global-color-5)","background-image":"","background-repeat":"repeat","background-position":"center center","background-size":"auto","background-attachment":"scroll","background-type":"","background-media":"","overlay-type":"","overlay-color":"","overlay-opacity":"","overlay-gradient":""},"mobile":{"background-color":"var(--ast-global-color-5)","background-image":"","background-repeat":"repeat","background-position":"center center","background-size":"auto","background-attachment":"scroll","background-type":"","background-media":"","overlay-type":"","overlay-color":"","overlay-opacity":"","overlay-gradient":""}},"footnotes":""},"class_list":["post-24128","page","type-page","status-publish","hentry"],"yoast_head":"<!-- This site is optimized with the Yoast SEO plugin v27.2 - https:\/\/yoast.com\/product\/yoast-seo-wordpress\/ -->\n<title>PEL 2026 &#8211; Arnaud Loumeau - Festival du Livre de Jeunesse Occitanie : 29, 30, 31 janvier 2027<\/title>\n<meta name=\"robots\" content=\"index, follow, max-snippet:-1, max-image-preview:large, max-video-preview:-1\" \/>\n<link rel=\"canonical\" href=\"https:\/\/festival-livre-jeunesse.fr\/2026\/pel-2026-arnaud-loumeau\/\" \/>\n<meta property=\"og:locale\" content=\"fr_FR\" \/>\n<meta property=\"og:type\" content=\"article\" \/>\n<meta property=\"og:title\" content=\"PEL 2026 &#8211; Arnaud Loumeau - Festival du Livre de Jeunesse Occitanie : 29, 30, 31 janvier 2027\" \/>\n<meta property=\"og:description\" content=\"Arnaud Loumeau Arnaud Loumeau est n\u00e9 en 1978 \u00e0 Poitiers. Il vit et travaille \u00e0 Toulouse depuis 2008. Il pr\u00e9sente ses premiers travaux \u00e0 La Miroiterie \u00e0 Paris en 2007, ainsi que dans de nombreux pays, dont les \u00c9tats-Unis, la Grande-Bretagne, l\u2019Allemagne, la Chine, et l\u2019Italie.\u00a0 Il a d\u00e9velopp\u00e9 une obsession particuli\u00e8re pour les couleurs, [&hellip;]\" \/>\n<meta property=\"og:url\" content=\"https:\/\/festival-livre-jeunesse.fr\/2026\/pel-2026-arnaud-loumeau\/\" \/>\n<meta property=\"og:site_name\" content=\"Festival du Livre de Jeunesse Occitanie : 29, 30, 31 janvier 2027\" \/>\n<meta property=\"article:publisher\" content=\"https:\/\/www.facebook.com\/FestivalLivreJeunesseOccitanie\" \/>\n<meta property=\"article:modified_time\" content=\"2026-03-26T13:01:12+00:00\" \/>\n<meta property=\"og:image\" content=\"https:\/\/festival-livre-jeunesse.fr\/2026\/wp-content\/uploads\/2026\/03\/1.Arnaud-Loumeau.png.jpg\" \/>\n\t<meta property=\"og:image:width\" content=\"301\" \/>\n\t<meta property=\"og:image:height\" content=\"318\" \/>\n\t<meta property=\"og:image:type\" content=\"image\/jpeg\" \/>\n<meta name=\"twitter:card\" content=\"summary_large_image\" \/>\n<meta name=\"twitter:site\" content=\"@FljOccitanie\" \/>\n<meta name=\"twitter:label1\" content=\"Dur\u00e9e de lecture estim\u00e9e\" \/>\n\t<meta name=\"twitter:data1\" content=\"1 minute\" \/>\n<script type=\"application\/ld+json\" class=\"yoast-schema-graph\">{\"@context\":\"https:\/\/schema.org\",\"@graph\":[{\"@type\":\"WebPage\",\"@id\":\"https:\/\/festival-livre-jeunesse.fr\/2026\/pel-2026-arnaud-loumeau\/\",\"url\":\"https:\/\/festival-livre-jeunesse.fr\/2026\/pel-2026-arnaud-loumeau\/\",\"name\":\"PEL 2026 &#8211; Arnaud Loumeau - Festival du Livre de Jeunesse Occitanie : 29, 30, 31 janvier 2027\",\"isPartOf\":{\"@id\":\"https:\/\/festival-livre-jeunesse.fr\/2026\/#website\"},\"primaryImageOfPage\":{\"@id\":\"https:\/\/festival-livre-jeunesse.fr\/2026\/pel-2026-arnaud-loumeau\/#primaryimage\"},\"image\":{\"@id\":\"https:\/\/festival-livre-jeunesse.fr\/2026\/pel-2026-arnaud-loumeau\/#primaryimage\"},\"thumbnailUrl\":\"https:\/\/festival-livre-jeunesse.fr\/2026\/wp-content\/uploads\/2026\/03\/1.Arnaud-Loumeau.png.jpg\",\"datePublished\":\"2026-03-26T12:53:21+00:00\",\"dateModified\":\"2026-03-26T13:01:12+00:00\",\"breadcrumb\":{\"@id\":\"https:\/\/festival-livre-jeunesse.fr\/2026\/pel-2026-arnaud-loumeau\/#breadcrumb\"},\"inLanguage\":\"fr-FR\",\"potentialAction\":[{\"@type\":\"ReadAction\",\"target\":[\"https:\/\/festival-livre-jeunesse.fr\/2026\/pel-2026-arnaud-loumeau\/\"]}]},{\"@type\":\"ImageObject\",\"inLanguage\":\"fr-FR\",\"@id\":\"https:\/\/festival-livre-jeunesse.fr\/2026\/pel-2026-arnaud-loumeau\/#primaryimage\",\"url\":\"https:\/\/festival-livre-jeunesse.fr\/2026\/wp-content\/uploads\/2026\/03\/1.Arnaud-Loumeau.png.jpg\",\"contentUrl\":\"https:\/\/festival-livre-jeunesse.fr\/2026\/wp-content\/uploads\/2026\/03\/1.Arnaud-Loumeau.png.jpg\",\"width\":301,\"height\":318},{\"@type\":\"BreadcrumbList\",\"@id\":\"https:\/\/festival-livre-jeunesse.fr\/2026\/pel-2026-arnaud-loumeau\/#breadcrumb\",\"itemListElement\":[{\"@type\":\"ListItem\",\"position\":1,\"name\":\"Accueil\",\"item\":\"https:\/\/festival-livre-jeunesse.fr\/2026\/\"},{\"@type\":\"ListItem\",\"position\":2,\"name\":\"PEL 2026 &#8211; Arnaud Loumeau\"}]},{\"@type\":\"WebSite\",\"@id\":\"https:\/\/festival-livre-jeunesse.fr\/2026\/#website\",\"url\":\"https:\/\/festival-livre-jeunesse.fr\/2026\/\",\"name\":\"Festival du Livre de Jeunesse Occitanie\",\"description\":\" Partir en livre : 17 juin - 19 juillet 2026\",\"publisher\":{\"@id\":\"https:\/\/festival-livre-jeunesse.fr\/2026\/#organization\"},\"potentialAction\":[{\"@type\":\"SearchAction\",\"target\":{\"@type\":\"EntryPoint\",\"urlTemplate\":\"https:\/\/festival-livre-jeunesse.fr\/2026\/?s={search_term_string}\"},\"query-input\":{\"@type\":\"PropertyValueSpecification\",\"valueRequired\":true,\"valueName\":\"search_term_string\"}}],\"inLanguage\":\"fr-FR\"},{\"@type\":\"Organization\",\"@id\":\"https:\/\/festival-livre-jeunesse.fr\/2026\/#organization\",\"name\":\"festival livre jeunesse occitanie\",\"url\":\"https:\/\/festival-livre-jeunesse.fr\/2026\/\",\"logo\":{\"@type\":\"ImageObject\",\"inLanguage\":\"fr-FR\",\"@id\":\"https:\/\/festival-livre-jeunesse.fr\/2026\/#\/schema\/logo\/image\/\",\"url\":\"https:\/\/festival-livre-jeunesse.fr\/2026\/wp-content\/uploads\/2023\/10\/cropped-Logo-FLJ-NB.png\",\"contentUrl\":\"https:\/\/festival-livre-jeunesse.fr\/2026\/wp-content\/uploads\/2023\/10\/cropped-Logo-FLJ-NB.png\",\"width\":1209,\"height\":1191,\"caption\":\"festival livre jeunesse occitanie\"},\"image\":{\"@id\":\"https:\/\/festival-livre-jeunesse.fr\/2026\/#\/schema\/logo\/image\/\"},\"sameAs\":[\"https:\/\/www.facebook.com\/FestivalLivreJeunesseOccitanie\",\"https:\/\/x.com\/FljOccitanie\"]}]}<\/script>\n<!-- \/ Yoast SEO plugin. -->","yoast_head_json":{"title":"PEL 2026 &#8211; Arnaud Loumeau - Festival du Livre de Jeunesse Occitanie : 29, 30, 31 janvier 2027","robots":{"index":"index","follow":"follow","max-snippet":"max-snippet:-1","max-image-preview":"max-image-preview:large","max-video-preview":"max-video-preview:-1"},"canonical":"https:\/\/festival-livre-jeunesse.fr\/2026\/pel-2026-arnaud-loumeau\/","og_locale":"fr_FR","og_type":"article","og_title":"PEL 2026 &#8211; Arnaud Loumeau - Festival du Livre de Jeunesse Occitanie : 29, 30, 31 janvier 2027","og_description":"Arnaud Loumeau Arnaud Loumeau est n\u00e9 en 1978 \u00e0 Poitiers. Il vit et travaille \u00e0 Toulouse depuis 2008. Il pr\u00e9sente ses premiers travaux \u00e0 La Miroiterie \u00e0 Paris en 2007, ainsi que dans de nombreux pays, dont les \u00c9tats-Unis, la Grande-Bretagne, l\u2019Allemagne, la Chine, et l\u2019Italie.\u00a0 Il a d\u00e9velopp\u00e9 une obsession particuli\u00e8re pour les couleurs, [&hellip;]","og_url":"https:\/\/festival-livre-jeunesse.fr\/2026\/pel-2026-arnaud-loumeau\/","og_site_name":"Festival du Livre de Jeunesse Occitanie : 29, 30, 31 janvier 2027","article_publisher":"https:\/\/www.facebook.com\/FestivalLivreJeunesseOccitanie","article_modified_time":"2026-03-26T13:01:12+00:00","og_image":[{"width":301,"height":318,"url":"https:\/\/festival-livre-jeunesse.fr\/2026\/wp-content\/uploads\/2026\/03\/1.Arnaud-Loumeau.png.jpg","type":"image\/jpeg"}],"twitter_card":"summary_large_image","twitter_site":"@FljOccitanie","twitter_misc":{"Dur\u00e9e de lecture estim\u00e9e":"1 minute"},"schema":{"@context":"https:\/\/schema.org","@graph":[{"@type":"WebPage","@id":"https:\/\/festival-livre-jeunesse.fr\/2026\/pel-2026-arnaud-loumeau\/","url":"https:\/\/festival-livre-jeunesse.fr\/2026\/pel-2026-arnaud-loumeau\/","name":"PEL 2026 &#8211; Arnaud Loumeau - Festival du Livre de Jeunesse Occitanie : 29, 30, 31 janvier 2027","isPartOf":{"@id":"https:\/\/festival-livre-jeunesse.fr\/2026\/#website"},"primaryImageOfPage":{"@id":"https:\/\/festival-livre-jeunesse.fr\/2026\/pel-2026-arnaud-loumeau\/#primaryimage"},"image":{"@id":"https:\/\/festival-livre-jeunesse.fr\/2026\/pel-2026-arnaud-loumeau\/#primaryimage"},"thumbnailUrl":"https:\/\/festival-livre-jeunesse.fr\/2026\/wp-content\/uploads\/2026\/03\/1.Arnaud-Loumeau.png.jpg","datePublished":"2026-03-26T12:53:21+00:00","dateModified":"2026-03-26T13:01:12+00:00","breadcrumb":{"@id":"https:\/\/festival-livre-jeunesse.fr\/2026\/pel-2026-arnaud-loumeau\/#breadcrumb"},"inLanguage":"fr-FR","potentialAction":[{"@type":"ReadAction","target":["https:\/\/festival-livre-jeunesse.fr\/2026\/pel-2026-arnaud-loumeau\/"]}]},{"@type":"ImageObject","inLanguage":"fr-FR","@id":"https:\/\/festival-livre-jeunesse.fr\/2026\/pel-2026-arnaud-loumeau\/#primaryimage","url":"https:\/\/festival-livre-jeunesse.fr\/2026\/wp-content\/uploads\/2026\/03\/1.Arnaud-Loumeau.png.jpg","contentUrl":"https:\/\/festival-livre-jeunesse.fr\/2026\/wp-content\/uploads\/2026\/03\/1.Arnaud-Loumeau.png.jpg","width":301,"height":318},{"@type":"BreadcrumbList","@id":"https:\/\/festival-livre-jeunesse.fr\/2026\/pel-2026-arnaud-loumeau\/#breadcrumb","itemListElement":[{"@type":"ListItem","position":1,"name":"Accueil","item":"https:\/\/festival-livre-jeunesse.fr\/2026\/"},{"@type":"ListItem","position":2,"name":"PEL 2026 &#8211; Arnaud Loumeau"}]},{"@type":"WebSite","@id":"https:\/\/festival-livre-jeunesse.fr\/2026\/#website","url":"https:\/\/festival-livre-jeunesse.fr\/2026\/","name":"Festival du Livre de Jeunesse Occitanie","description":" Partir en livre : 17 juin - 19 juillet 2026","publisher":{"@id":"https:\/\/festival-livre-jeunesse.fr\/2026\/#organization"},"potentialAction":[{"@type":"SearchAction","target":{"@type":"EntryPoint","urlTemplate":"https:\/\/festival-livre-jeunesse.fr\/2026\/?s={search_term_string}"},"query-input":{"@type":"PropertyValueSpecification","valueRequired":true,"valueName":"search_term_string"}}],"inLanguage":"fr-FR"},{"@type":"Organization","@id":"https:\/\/festival-livre-jeunesse.fr\/2026\/#organization","name":"festival livre jeunesse occitanie","url":"https:\/\/festival-livre-jeunesse.fr\/2026\/","logo":{"@type":"ImageObject","inLanguage":"fr-FR","@id":"https:\/\/festival-livre-jeunesse.fr\/2026\/#\/schema\/logo\/image\/","url":"https:\/\/festival-livre-jeunesse.fr\/2026\/wp-content\/uploads\/2023\/10\/cropped-Logo-FLJ-NB.png","contentUrl":"https:\/\/festival-livre-jeunesse.fr\/2026\/wp-content\/uploads\/2023\/10\/cropped-Logo-FLJ-NB.png","width":1209,"height":1191,"caption":"festival livre jeunesse occitanie"},"image":{"@id":"https:\/\/festival-livre-jeunesse.fr\/2026\/#\/schema\/logo\/image\/"},"sameAs":["https:\/\/www.facebook.com\/FestivalLivreJeunesseOccitanie","https:\/\/x.com\/FljOccitanie"]}]}},"_links":{"self":[{"href":"https:\/\/festival-livre-jeunesse.fr\/2026\/wp-json\/wp\/v2\/pages\/24128","targetHints":{"allow":["GET"]}}],"collection":[{"href":"https:\/\/festival-livre-jeunesse.fr\/2026\/wp-json\/wp\/v2\/pages"}],"about":[{"href":"https:\/\/festival-livre-jeunesse.fr\/2026\/wp-json\/wp\/v2\/types\/page"}],"author":[{"embeddable":true,"href":"https:\/\/festival-livre-jeunesse.fr\/2026\/wp-json\/wp\/v2\/users\/1"}],"replies":[{"embeddable":true,"href":"https:\/\/festival-livre-jeunesse.fr\/2026\/wp-json\/wp\/v2\/comments?post=24128"}],"version-history":[{"count":15,"href":"https:\/\/festival-livre-jeunesse.fr\/2026\/wp-json\/wp\/v2\/pages\/24128\/revisions"}],"predecessor-version":[{"id":24289,"href":"https:\/\/festival-livre-jeunesse.fr\/2026\/wp-json\/wp\/v2\/pages\/24128\/revisions\/24289"}],"wp:attachment":[{"href":"https:\/\/festival-livre-jeunesse.fr\/2026\/wp-json\/wp\/v2\/media?parent=24128"}],"curies":[{"name":"wp","href":"https:\/\/api.w.org\/{rel}","templated":true}]}}